09-03 17:48:05.806 7072 7072 F DEBUG : 00000079'ad121000-00000079'ad122fff r-x 3000 2000 /vendor/lib64/libsnsdiaglog.so (BuildId: 39ca3a559cf7790ee4ca9be9268b99)
09-03 17:48:05.806 7072 7072 F DEBUG : 00000079'ad123000-00000079'ad123fff r-- 5000 1000 /vendor/lib64/libsnsdiaglog.so (BuildId: 39ca3a559cf7790ee4ca9be9268b99)
09-03 17:48:05.806 7072 7072 F DEBUG : 00000079'ad124000-00000079'ad124fff rw- 5000 1000 /vendor/lib64/libsnsdiaglog.so (BuildId: 39ca3a559cf7790ee4ca9be9268b99)
09-03 17:48:05.806 7072 7072 F DEBUG : 00000079'ad147000-00000079'ad14afff r-- 0 4000 /vendor/lib64/libsensorsuez.so (BuildId: a372dfe38f5f90f7c99ed5642b9f6b)
09-03 17:48:05.806 7072 7072 F DEBUG : 00000079'ad14b000-00000079'ad14ffff r-x 4000 5000 /vendor/lib64/libsensorsuez.so (BuildId: a372dfe38f5f90f7c99ed5642b9f6b)
09-03 17:48:05.806 7072 7072 F DEBUG : 00000079'ad150000-00000079'ad150fff r-- 9000 1000 /vendor/lib64/libsensorsuez.so (BuildId: a372dfe38f5f90f7c99ed5642b9f6b)
09-03 17:48:05.806 7072 7072 F DEBUG : 00000079'ad1a3000-00000079'ad1a5fff r-- 0 3000 /apex/com.android.vndk.v30/lib64/libhardware_legacy.so (BuildId: 15f3040a73ec7c36894870a429c237)
09-03 17:48:05.806 7072 7072 F DEBUG : 00000079'ad1a6000-00000079'ad1a7fff r-x 3000 2000 /apex/com.android.vndk.v30/lib64/libhardware_legacy.so (BuildId: 15f3040a73ec7c36894870a429c237)
09-03 17:48:05.806 7072 7072 F DEBUG : 00000079'ad1a8000-00000079'ad1a8fff r-- 5000 1000 /apex/com.android.vndk.v30/lib64/libhardware_legacy.so (BuildId: 15f3040a73ec7c36894870a429c237)
09-03 17:48:05.806 7072 7072 F DEBUG : 00000079'ad1a9000-00000079'ad1a9fff rw- 5000 1000 /apex/com.android.vndk.v30/lib64/libhardware_legacy.so (BuildId: 15f3040a73ec7c36894870a429c237)
09-03 17:48:05.806 7072 7072 F DEBUG : 00000079'ad1ca000-00000079'ad1fdfff r-- 0 34000 /vendor/lib64/libprotobuf-cpp-lite-3.9.1.so (BuildId: e7f16d80fd9ae5e029c4ddda8ca235)
09-03 17:48:05.806 7072 7072 F DEBUG : 00000079'ad1fe000-00000079'ad23cfff r-x 34000 3f000 /vendor/lib64/libprotobuf-cpp-lite-3.9.1.so (BuildId: e7f16d80fd9ae5e029c4ddda8ca235)
09-03 17:48:05.806 7072 7072 F DEBUG : 00000079'ad23d000-00000079'ad23efff r-- 73000 2000 /vendor/lib64/libprotobuf-cpp-lite-3.9.1.so (BuildId: e7f16d80fd9ae5e029c4ddda8ca235)
09-03 17:48:05.806 7072 7072 F DEBUG : 00000079'ad23f000-00000079'ad23ffff rw- 74000 1000 /vendor/lib64/libprotobuf-cpp-lite-3.9.1.so (BuildId: e7f16d80fd9ae5e029c4ddda8ca235)
09-03 17:48:05.806 7072 7072 F DEBUG : 00000079'ad240000-00000079'ad240fff r-- 0 1000 /vendor/lib64/libqmi_encdec.so (BuildId: 32d0b860a8d584a49c7d938e73fd85)
09-03 17:48:05.806 7072 7072 F DEBUG : 00000079'ad241000-00000079'ad242fff r-x 1000 2000 /vendor/lib64/libqmi_encdec.so (BuildId: 32d0b860a8d584a49c7d938e73fd85)
09-03 17:48:05.806 7072 7072 F DEBUG : 00000079'ad243000-00000079'ad243fff r-- 3000 1000 /vendor/lib64/libqmi_encdec.so (BuildId: 32d0b860a8d584a49c7d938e73fd85)
09-03 17:48:05.806 7072 7072 F DEBUG : 00000079'ad28e000-00000079'ad29afff r-- 0 d000 /apex/com.android.vndk.v30/lib64/android.frameworks.stats@1.0.so (BuildId: 8499095920845906c7f72bd5c7e660)
09-03 17:48:05.806 7072 7072 F DEBUG : 00000079'ad29b000-00000079'ad2aafff r-x d000 10000 /apex/com.android.vndk.v30/lib64/android.frameworks.stats@1.0.so (BuildId: 8499095920845906c7f72bd5c7e660)
09-03 17:48:05.806 7072 7072 F DEBUG : 00000079'ad2ab000-00000079'ad2acfff r-- 1d000 2000 /apex/com.android.vndk.v30/lib64/android.frameworks.stats@1.0.so (BuildId: 8499095920845906c7f72bd5c7e660)
09-03 17:48:05.806 7072 7072 F DEBUG : 00000079'ad2ad000-00000079'ad2adfff rw- 1e000 1000 /apex/com.android.vndk.v30/lib64/android.frameworks.stats@1.0.so (BuildId: 8499095920845906c7f72bd5c7e660)
09-03 17:48:05.806 7072 7072 F DEBUG : 00000079'ad2fc000-00000079'ad2fcfff r-- 0 1000 /apex/com.android.vndk.v30/lib64/android.hardware.graphics.common@1.1.so (BuildId: 935568c9c6a2e353c694d65bc5374b)
09-03 17:48:05.806 7072 7072 F DEBUG : 00000079'ad2fd000-00000079'ad2fdfff r-x 1000 1000 /apex/com.android.vndk.v30/lib64/android.hardware.graphics.common@1.1.so (BuildId: 935568c9c6a2e353c694d65bc5374b)
09-03 17:48:05.806 7072 7072 F DEBUG : 00000079'ad2fe000-00000079'ad2fefff r-- 2000 1000 /apex/com.android.vndk.v30/lib64/android.hardware.graphics.common@1.1.so (BuildId: 935568c9c6a2e353c694d65bc5374b)
09-03 17:48:05.806 7072 7072 F DEBUG : 00000079'ad302000-00000079'ad302fff r-- 0 1000 /apex/com.android.vndk.v30/lib64/android.hardware.graphics.common@1.2.so (BuildId: b771ee7b4e818904833e3f53473d8e)
09-03 17:48:05.806 7072 7072 F DEBUG : 00000079'ad303000-00000079'ad303fff r-x 1000 1000 /apex/com.android.vndk.v30/lib64/android.hardware.graphics.common@1.2.so (BuildId: b771ee7b4e818904833e3f53473d8e)
09-03 17:48:05.806 7072 7072 F DEBUG : 00000079'ad304000-00000079'ad304fff r-- 2000 1000 /apex/com.android.vndk.v30/lib64/android.hardware.graphics.common@1.2.so (BuildId: b771ee7b4e818904833e3f53473d8e)
09-03 17:48:05.806 7072 7072 F DEBUG : 00000079'ad34b000-00000079'ad351fff r-- 0 7000 /apex/com.android.vndk.v30/lib64/libz.so (BuildId: dfcf8d5094d6a0660208bd83200056)
09-03 17:48:05.806 7072 7072 F DEBUG : 00000079'ad352000-00000079'ad360fff r-x 7000 f000 /apex/com.android.vndk.v30/lib64/libz.so (BuildId: dfcf8d5094d6a0660208bd83200056)
09-03 17:48:05.806 7072 7072 F DEBUG : 00000079'ad361000-00000079'ad361fff r-- 16000 1000 /apex/com.android.vndk.v30/lib64/libz.so (BuildId: dfcf8d5094d6a0660208bd83200056)
09-03 17:48:05.806 7072 7072 F DEBUG : 00000079'ad362000-00000079'ad362fff rw- 16000 1000 /apex/com.android.vndk.v30/lib64/libz.so (BuildId: dfcf8d5094d6a0660208bd83200056)
09-03 17:48:05.806 7072 7072 F DEBUG : 00000079'ad38b000-00000079'ad45dfff r-- 0 d3000 /vendor/lib64/libprotobuf-cpp-full-3.9.1.so (BuildId: 46315fadd1980814d9e4c68b575eba)
09-03 17:48:05.806 7072 7072 F DEBUG : 00000079'ad45e000-00000079'ad59efff r-x d3000 141000 /vendor/lib64/libprotobuf-cpp-full-3.9.1.so (BuildId: 46315fadd1980814d9e4c68b575eba)
09-03 17:48:05.806 7072 7072 F DEBUG : 00000079'ad59f000-00000079'ad5a9fff r-- 214000 b000 /vendor/lib64/libprotobuf-cpp-full-3.9.1.so (BuildId: 46315fadd1980814d9e4c68b575eba)
09-03 17:48:05.806 7072 7072 F DEBUG : 00000079'ad5aa000-00000079'ad5aafff rw- 21e000 1000 /vendor/lib64/libprotobuf-cpp-full-3.9.1.so (BuildId: 46315fadd1980814d9e4c68b575eba)
09-03 17:48:05.806 7072 7072 F DEBUG : 00000079'ad5ab000-00000079'ad5abfff rw- 0 1000 [anon:.bss]
09-03 17:48:05.806 7072 7072 F DEBUG : 00000079'ad5d1000-00000079'ad5dcfff r-- 0 c000 /apex/com.android.vndk.v30/lib64/android.hardware.graphics.mapper@2.1.so (BuildId: 2c3a24595c3c4e3dc0407f556e3423)
09-03 17:48:05.806 7072 7072 F DEBUG : 00000079'ad5dd000-00000079'ad5e7fff r-x c000 b000 /apex/com.android.vndk.v30/lib64/android.hardware.graphics.mapper@2.1.so (BuildId: 2c3a24595c3c4e3dc0407f556e3423)
09-03 17:48:05.806 7072 7072 F DEBUG : 00000079'ad5e8000-00000079'ad5e9fff r-- 17000 2000 /apex/com.android.vndk.v30/lib64/android.hardware.graphics.mapper@2.1.so (BuildId: 2c3a24595c3c4e3dc0407f556e3423)
09-03 17:48:05.806 7072 7072 F DEBUG : 00000079'ad5ea000-00000079'ad5eafff rw- 18000 1000 /apex/com.android.vndk.v30/lib64/android.hardware.graphics.mapper@2.1.so (BuildId: 2c3a24595c3c4e3dc0407f556e3423)
09-03 17:48:05.806 7072 7072 F DEBUG : 00000079'ad784000-00000079'ada90fff --- 0 30d000 [anon:cfi shadow]
09-03 17:48:05.806 7072 7072 F DEBUG : 00000079'ada91000-00000079'ada91fff r-- 0 1000 [anon:cfi shadow]
09-03 17:48:05.806 7072 7072 F DEBUG : 00000079'ada92000-00000079'adb50fff --- 0 bf000 [anon:cfi shadow]
09-03 17:48:05.806 7072 7072 F DEBUG : 00000079'adb51000-00000079'adb51fff r-- 0 1000 [anon:cfi shadow]
09-03 17:48:05.806 7072 7072 F DEBUG : 00000079'adb52000-00000079'adb54fff --- 0 3000 [anon:cfi shadow]
09-03 17:48:05.806 7072 7072 F DEBUG : 00000079'adb55000-00000079'adb55fff r-- 0 1000 [anon:cfi shadow]
09-03 17:48:05.806 7072 7072 F DEBUG : 00000079'adb56000-00000079'adb64fff --- 0 f000 [anon:cfi shadow]
09-03 17:48:05.806 7072 7072 F DEBUG : 00000079'adb65000-00000079'adb65fff r-- 0 1000 [anon:cfi shadow]
09-03 17:48:05.806 7072 7072 F DEBUG : 00000079'adb66000-0000007a'2d783fff --- 0 7fc1e000 [anon:cfi shadow]
09-03 17:48:05.806 7072 7072 F DEBUG : 0000007a'2d784000-0000007a'2d786fff r-- 0 3000 /system/lib64/libnetd_client.so (BuildId: f8783840ddc945affd7fe259217fd7)
09-03 17:48:05.806 7072 7072 F DEBUG : 0000007a'2d787000-0000007a'2d78afff r-x 3000 4000 /system/lib64/libnetd_client.so (BuildId: f8783840ddc945affd7fe259217fd7)
09-03 17:48:05.806 7072 7072 F DEBUG : 0000007a'2d78b000-0000007a'2d78bfff r-- 7000 1000 /system/lib64/libnetd_client.so (BuildId: f8783840ddc945affd7fe259217fd7)
09-03 17:48:05.806 7072 7072 F DEBUG : 0000007a'2d78c000-0000007a'2d78cfff rw- 7000 1000 /system/lib64/libnetd_client.so (BuildId: f8783840ddc945affd7fe259217fd7)
09-03 17:48:05.806 7072 7072 F DEBUG : 0000007a'2d7d5000-0000007a'2d7dcfff --- 0 8000
09-03 17:48:05.806 7072 7072 F DEBUG : 0000007a'2d7dd000-0000007a'2d81cfff rw- 0 40000 [anon:scudo:primary]
09-03 17:48:05.806 7072 7072 F DEBUG : 0000007a'2d81d000-0000007a'3d7d7fff --- 0 ffbb000
09-03 17:48:05.806 7072 7072 F DEBUG : 0000007a'3d7d8000-0000007a'3d817fff rw- 0 40000 [anon:scudo:primary]
09-03 17:48:05.806 7072 7072 F DEBUG : 0000007a'3d818000-0000007a'4d7d9fff --- 0 ffc2000
09-03 17:48:05.806 7072 7072 F DEBUG : 0000007a'4d7da000-0000007a'4d819fff rw- 0 40000 [anon:scudo:primary]
09-03 17:48:05.806 7072 7072 F DEBUG : 0000007a'4d81a000-0000007a'5d7defff --- 0 ffc5000
09-03 17:48:05.806 7072 7072 F DEBUG : 0000007a'5d7df000-0000007a'5d81efff rw- 0 40000 [anon:scudo:primary]
09-03 17:48:05.806 7072 7072 F DEBUG : 0000007a'5d81f000-0000007a'6d7e2fff --- 0 ffc4000
09-03 17:48:05.806 7072 7072 F DEBUG : 0000007a'6d7e3000-0000007a'6d822fff rw- 0 40000 [anon:scudo:primary]
09-03 17:48:05.806 7072 7072 F DEBUG : 0000007a'6d823000-0000007a'7d7d8fff --- 0 ffb6000
09-03 17:48:05.806 7072 7072 F DEBUG : 0000007a'7d7d9000-0000007a'7d818fff rw- 0 40000 [anon:scudo:primary]
09-03 17:48:05.806 7072 7072 F DEBUG : 0000007a'7d819000-0000007a'8d7dcfff --- 0 ffc4000
09-03 17:48:05.806 7072 7072 F DEBUG : 0000007a'8d7dd000-0000007a'8d81cfff rw- 0 40000 [anon:scudo:primary]
09-03 17:48:05.806 7072 7072 F DEBUG : 0000007a'8d81d000-0000007a'9d7d8fff --- 0 ffbc000
09-03 17:48:05.806 7072 7072 F DEBUG : 0000007a'9d7d9000-0000007a'9d818fff rw- 0 40000 [anon:scudo:primary]
09-03 17:48:05.806 7072 7072 F DEBUG : 0000007a'9d819000-0000007a'ad7ddfff --- 0 ffc5000
09-03 17:48:05.806 7072 7072 F DEBUG : 0000007a'ad7de000-0000007a'ad81dfff rw- 0 40000 [anon:scudo:primary]
09-03 17:48:05.806 7072 7072 F DEBUG : 0000007a'ad81e000-0000007a'bd7d8fff --- 0 ffbb000
09-03 17:48:05.806 7072 7072 F DEBUG : 0000007a'bd7d9000-0000007a'bd818fff rw- 0 40000 [anon:scudo:primary]
09-03 17:48:05.806 7072 7072 F DEBUG : 0000007a'bd819000-0000007a'cd7d6fff --- 0 ffbe000
09-03 17:48:05.806 7072 7072 F DEBUG : 0000007a'cd7d7000-0000007a'cd816fff rw- 0 40000 [anon:scudo:primary]
09-03 17:48:05.806 7072 7072 F DEBUG : 0000007a'cd817000-0000007a'dd7dafff --- 0 ffc4000
09-03 17:48:05.806 7072 7072 F DEBUG : 0000007a'dd7db000-0000007a'dd81afff rw- 0 40000 [anon:scudo:primary]
09-03 17:48:05.806 7072 7072 F DEBUG : 0000007a'dd81b000-0000007a'ed7dafff --- 0 ffc0000
09-03 17:48:05.806 7072 7072 F DEBUG : 0000007a'ed7db000-0000007a'ed81afff rw- 0 40000 [anon:scudo:primary]
09-03 17:48:05.806 7072 7072 F DEBUG : 0000007a'ed81b000-0000007a'fd7d7fff --- 0 ffbd000
09-03 17:48:05.806 7072 7072 F DEBUG : 0000007a'fd7d8000-0000007a'fd817fff rw- 0 40000 [anon:scudo:primary]
09-03 17:48:05.806 7072 7072 F DEBUG : 0000007a'fd818000-0000007b'0d7dffff --- 0 ffc8000
09-03 17:48:05.806 7072 7072 F DEBUG : 0000007b'0d7e0000-0000007b'0d81ffff rw- 0 40000 [anon:scudo:primary]
09-03 17:48:05.806 7072 7072 F DEBUG : 0000007b'0d820000-0000007b'1d7dbfff --- 0 ffbc000
09-03 17:48:05.806 7072 7072 F DEBUG : 0000007b'1d7dc000-0000007b'1d81bfff rw- 0 40000 [anon:scudo:primary]
09-03 17:48:05.806 7072 7072 F DEBUG : 0000007b'1d81c000-0000007b'2d7d6fff --- 0 ffbb000
09-03 17:48:05.806 7072 7072 F DEBUG : 0000007b'2d7d7000-0000007b'2d816fff rw- 0 40000 [anon:scudo:primary]
09-03 17:48:05.806 7072 7072 F DEBUG : 0000007b'2d817000-0000007b'3d7dafff --- 0 ffc4000
09-03 17:48:05.806 7072 7072 F DEBUG : 0000007b'3d7db000-0000007b'3d81afff rw- 0 40000 [anon:scudo:primary]
09-03 17:48:05.806 7072 7072 F DEBUG : 0000007b'3d81b000-0000007b'4d7d7fff --- 0 ffbd000
09-03 17:48:05.806 7072 7072 F DEBUG : 0000007b'4d7d8000-0000007b'4d817fff rw- 0 40000 [anon:scudo:primary]
09-03 17:48:05.806 7072 7072 F DEBUG : 0000007b'4d818000-0000007b'6d7ddfff --- 0 1ffc6000
09-03 17:48:05.806 7072 7072 F DEBUG : 0000007b'6d7de000-0000007b'6d81dfff rw- 0 40000 [anon:scudo:primary]
09-03 17:48:05.806 7072 7072 F DEBUG : 0000007b'6d81e000-0000007b'7d7e3fff --- 0 ffc6000
09-03 17:48:05.806 7072 7072 F DEBUG : 0000007b'7d7e4000-0000007b'7d823fff rw- 0 40000 [anon:scudo:primary]
09-03 17:48:05.806 7072 7072 F DEBUG : 0000007b'7d824000-0000007b'8d7ddfff --- 0 ffba000
09-03 17:48:05.806 7072 7072 F DEBUG : 0000007b'8d7de000-0000007b'8d81dfff rw- 0 40000 [anon:scudo:primary]
09-03 17:48:05.806 7072 7072 F DEBUG : 0000007b'8d81e000-0000007c'2d7dafff --- 0 9ffbd000
09-03 17:48:05.806 7072 7072 F DEBUG : 0000007c'2d7db000-0000007c'2d85afff rw- 0 80000 [anon:scudo:primary]
09-03 17:48:05.806 7072 7072 F DEBUG : 0000007c'2d85b000-0000007c'3d7d4fff --- 0 ff7a000
09-03 17:48:05.806 7072 7072 F DEBUG : 0000007c'3d7d5000-0000007c'3d838fff rw- 0 64000 [anon:linker_alloc]
09-03 17:48:05.806 7072 7072 F DEBUG : 0000007c'3d839000-0000007c'3d875fff r-- 0 3d000 /apex/com.android.vndk.v30/lib64/libbinder.so (BuildId: 04057d218e03ba707dc20b04908ebe)
09-03 17:48:05.806 7072 7072 F DEBUG : 0000007c'3d876000-0000007c'3d8affff r-x 3d000 3a000 /apex/com.android.vndk.v30/lib64/libbinder.so (BuildId: 04057d218e03ba707dc20b04908ebe)
09-03 17:48:05.806 7072 7072 F DEBUG : 0000007c'3d8b0000-0000007c'3d8bcfff r-- 77000 d000 /apex/com.android.vndk.v30/lib64/libbinder.so (BuildId: 04057d218e03ba707dc20b04908ebe)
09-03 17:48:05.806 7072 7072 F DEBUG : 0000007c'3d8bd000-0000007c'3d8bdfff rw- 83000 1000 /apex/com.android.vndk.v30/lib64/libbinder.so (BuildId: 04057d218e03ba707dc20b04908ebe)
09-03 17:48:05.806 7072 7072 F DEBUG : 0000007c'3d8be000-0000007c'3d8befff rw- 0 1000 [anon:.bss]
09-03 17:48:05.806 7072 7072 F DEBUG : 0000007c'3d8d5000-0000007c'3d8d6fff r-- 0 2000 /apex/com.android.vndk.v30/lib64/libpower.so (BuildId: 33a9af796a90c4a7e6f6e0cbb55fc9)
09-03 17:48:05.806 7072 7072 F DEBUG : 0000007c'3d8d7000-0000007c'3d8d8fff r-x 2000 2000 /apex/com.android.vndk.v30/lib64/libpower.so (BuildId: 33a9af796a90c4a7e6f6e0cbb55fc9)
09-03 17:48:05.806 7072 7072 F DEBUG : 0000007c'3d8d9000-0000007c'3d8d9fff r-- 4000 1000 /apex/com.android.vndk.v30/lib64/libpower.so (BuildId: 33a9af796a90c4a7e6f6e0cbb55fc9)
09-03 17:48:05.806 7072 7072 F DEBUG : 0000007c'3d8da000-0000007c'3d8dafff rw- 4000 1000 /apex/com.android.vndk.v30/lib64/libpower.so (BuildId: 33a9af796a90c4a7e6f6e0cbb55fc9)
09-03 17:48:05.806 7072 7072 F DEBUG : 0000007c'3d900000-0000007c'3d916fff r-- 0 17000 /apex/com.android.vndk.v30/lib64/libprocessgroup.so (BuildId: c19f5c487f9e8f4095b0f73e056814)
09-03 17:48:05.806 7072 7072 F DEBUG : 0000007c'3d917000-0000007c'3d93bfff r-x 17000 25000 /apex/com.android.vndk.v30/lib64/libprocessgroup.so (BuildId: c19f5c487f9e8f4095b0f73e056814)
09-03 17:48:05.806 7072 7072 F DEBUG : 0000007c'3d93c000-0000007c'3d93dfff r-- 3c000 2000 /apex/com.android.vndk.v30/lib64/libprocessgroup.so (BuildId: c19f5c487f9e8f4095b0f73e056814)
09-03 17:48:05.806 7072 7072 F DEBUG : 0000007c'3d93e000-0000007c'3d93efff rw- 3d000 1000 /apex/com.android.vndk.v30/lib64/libprocessgroup.so (BuildId: c19f5c487f9e8f4095b0f73e056814)
09-03 17:48:05.806 7072 7072 F DEBUG : 0000007c'3d947000-0000007c'3d948fff r-- 0 2000 /apex/com.android.vndk.v30/lib64/libfmq.so (BuildId: 620e3332a8412170a8fb7829c06300)
09-03 17:48:05.806 7072 7072 F DEBUG : 0000007c'3d949000-0000007c'3d949fff r-x 2000 1000 /apex/com.android.vndk.v30/lib64/libfmq.so (BuildId: 620e3332a8412170a8fb7829c06300)
09-03 17:48:05.806 7072 7072 F DEBUG : 0000007c'3d94a000-0000007c'3d94afff r-- 3000 1000 /apex/com.android.vndk.v30/lib64/libfmq.so (BuildId: 620e3332a8412170a8fb7829c06300)
09-03 17:48:05.806 7072 7072 F DEBUG : 0000007c'3d983000-0000007c'3d991fff r-- 0 f000 /system/lib64/libbase.so (BuildId: 46870759aa3cab9f96ce2152bf0792)
09-03 17:48:05.806 7072 7072 F DEBUG : 0000007c'3d992000-0000007c'3d9bdfff r-x f000 2c000 /system/lib64/libbase.so (BuildId: 46870759aa3cab9f96ce2152bf0792)
09-03 17:48:05.806 7072 7072 F DEBUG : 0000007c'3d9be000-0000007c'3d9befff r-- 3b000 1000 /system/lib64/libbase.so (BuildId: 46870759aa3cab9f96ce2152bf0792)
09-03 17:48:05.806 7072 7072 F DEBUG : 0000007c'3d9bf000-0000007c'3d9bffff rw- 3b000 1000 /system/lib64/libbase.so (BuildId: 46870759aa3cab9f96ce2152bf0792)
09-03 17:48:05.806 7072 7072 F DEBUG : 0000007c'3d9d6000-0000007c'3d9e7fff r-- 0 12000 /apex/com.android.vndk.v30/lib64/android.hardware.sensors@2.1.so (BuildId: 8b9cd0545072b99f10828b2a94a581)
09-03 17:48:05.806 7072 7072 F DEBUG : 0000007c'3d9e8000-0000007c'3d9fafff r-x 12000 13000 /apex/com.android.vndk.v30/lib64/android.hardware.sensors@2.1.so (BuildId: 8b9cd0545072b99f10828b2a94a581)
09-03 17:48:05.806 7072 7072 F DEBUG : 0000007c'3d9fb000-0000007c'3d9fefff r-- 25000 4000 /apex/com.android.vndk.v30/lib64/android.hardware.sensors@2.1.so (BuildId: 8b9cd0545072b99f10828b2a94a581)
09-03 17:48:05.806 7072 7072 F DEBUG : 0000007c'3d9ff000-0000007c'3d9fffff rw- 28000 1000 /apex/com.android.vndk.v30/lib64/android.hardware.sensors@2.1.so (BuildId: 8b9cd0545072b99f10828b2a94a581)
09-03 17:48:05.806 7072 7072 F DEBUG : 0000007c'3da07000-0000007c'3da0dfff r-- 0 7000 /apex/com.android.vndk.v30/lib64/libcutils.so (BuildId: 7e640069a4cf3651970427c8ff828c)
09-03 17:48:05.806 7072 7072 F DEBUG : 0000007c'3da0e000-0000007c'3da15fff r-x 7000 8000 /apex/com.android.vndk.v30/lib64/libcutils.so (BuildId: 7e640069a4cf3651970427c8ff828c)
09-03 17:48:05.806 7072 7072 F DEBUG : 0000007c'3da16000-0000007c'3da17fff r-- f000 2000 /apex/com.android.vndk.v30/lib64/libcutils.so (BuildId: 7e640069a4cf3651970427c8ff828c)
09-03 17:48:05.806 7072 7072 F DEBUG : 0000007c'3da18000-0000007c'3da18fff rw- 10000 1000 /apex/com.android.vndk.v30/lib64/libcutils.so (BuildId: 7e640069a4cf3651970427c8ff828c)
09-03 17:48:05.806 7072 7072 F DEBUG : 0000007c'3da4a000-0000007c'3da59fff r-- 0 10000 /apex/com.android.vndk.v30/lib64/android.hardware.sensors@2.0.so (BuildId: a6f1d437020c80430ef781c5fdeee5)
09-03 17:48:05.806 7072 7072 F DEBUG : 0000007c'3da5a000-0000007c'3da6ffff r-x 10000 16000 /apex/com.android.vndk.v30/lib64/android.hardware.sensors@2.0.so (BuildId: a6f1d437020c80430ef781c5fdeee5)
09-03 17:48:05.806 7072 7072 F DEBUG : 0000007c'3da70000-0000007c'3da72fff r-- 26000 3000 /apex/com.android.vndk.v30/lib64/android.hardware.sensors@2.0.so (BuildId: a6f1d437020c80430ef781c5fdeee5)
09-03 17:48:05.806 7072 7072 F DEBUG : 0000007c'3da73000-0000007c'3da73fff rw- 28000 1000 /apex/com.android.vndk.v30/lib64/android.hardware.sensors@2.0.so (BuildId: a6f1d437020c80430ef781c5fdeee5)
09-03 17:48:05.806 7072 7072 F DEBUG : 0000007c'3da90000-0000007c'3dadafff r-- 0 4b000 /apex/com.android.vndk.v30/lib64/libc++.so (BuildId: 7b130c9d57078200b4cf82898a74af)
09-03 17:48:05.806 7072 7072 F DEBUG : 0000007c'3dadb000-0000007c'3db34fff r-x 4b000 5a000 /apex/com.android.vndk.v30/lib64/libc++.so (BuildId: 7b130c9d57078200b4cf82898a74af)
09-03 17:48:05.806 7072 7072 F DEBUG : 0000007c'3db35000-0000007c'3db3bfff r-- a5000 7000 /apex/com.android.vndk.v30/lib64/libc++.so (BuildId: 7b130c9d57078200b4cf82898a74af)
09-03 17:48:05.806 7072 7072 F DEBUG : 0000007c'3db3c000-0000007c'3db3cfff rw- ab000 1000 /apex/com.android.vndk.v30/lib64/libc++.so (BuildId: 7b130c9d57078200b4cf82898a74af)
09-03 17:48:05.806 7072 7072 F DEBUG : 0000007c'3db3d000-0000007c'3db3ffff rw- 0 3000 [anon:.bss]
09-03 17:48:05.806 7072 7072 F DEBUG : 0000007c'3db5e000-0000007c'3db98fff r-- 0 3b000 /apex/com.android.runtime/lib64/bionic/libc.so (BuildId: bca874ad82277777df5c95ca3b0f6e6f)
09-03 17:48:05.806 7072 7072 F DEBUG : 0000007c'3db99000-0000007c'3dc13fff r-x 3b000 7b000 /apex/com.android.runtime/lib64/bionic/libc.so (BuildId: bca874ad82277777df5c95ca3b0f6e6f)
09-03 17:48:05.806 7072 7072 F DEBUG : 0000007c'3dc14000-0000007c'3dc17fff r-- b6000 4000 /apex/com.android.runtime/lib64/bionic/libc.so (BuildId: bca874ad82277777df5c95ca3b0f6e)
09-03 17:48:05.806 7072 7072 F DEBUG : 0000007c'3dc18000-0000007c'3dc1afff rw- b9000 3000 /apex/com.android.runtime/lib64/bionic/libc.so (BuildId: bca874ad82277777df5c95ca3b0f6e)
09-03 17:48:05.806 7072 7072 F DEBUG : 0000007c'3dc1b000-0000007c'3dc1dfff rw- 0 3000 [anon:.bss]
09-03 17:48:05.806 7072 7072 F DEBUG : 0000007c'3dc1e000-0000007c'3dc1efff r-- 0 1000 [anon:.bss]
09-03 17:48:05.806 7072 7072 F DEBUG : 0000007c'3dc1f000-0000007c'3dc3bfff rw- 0 1d000 [anon:.bss]
09-03 17:48:05.806 7072 7072 F DEBUG : 0000007c'3dc47000-0000007c'3dc47fff r-- 0 1000 /vendor/lib64/android.hardware.sensors@2.0-ScopedWakelock.so (BuildId: b089b40f4addffa041722df146285b)
09-03 17:48:05.806 7072 7072 F DEBUG : 0000007c'3dc48000-0000007c'3dc48fff r-x 1000 1000 /vendor/lib64/android.hardware.sensors@2.0-ScopedWakelock.so (BuildId: b089b40f4addffa041722df146285b)
09-03 17:48:05.806 7072 7072 F DEBUG : 0000007c'3dc49000-0000007c'3dc49fff r-- 2000 1000 /vendor/lib64/android.hardware.sensors@2.0-ScopedWakelock.so (BuildId: b089b40f4addffa041722df146285b)
09-03 17:48:05.806 7072 7072 F DEBUG : 0000007c'3dc82000-0000007c'3dc90fff r-- 0 f000 /apex/com.android.vndk.v30/lib64/libbase.so (BuildId: 14ba0d06540239b0546d4d671b82e9)
09-03 17:48:05.806 7072 7072 F DEBUG : 0000007c'3dc91000-0000007c'3dcbcfff r-x f000 2c000 /apex/com.android.vndk.v30/lib64/libbase.so (BuildId: 14ba0d06540239b0546d4d671b82e9)
09-03 17:48:05.806 7072 7072 F DEBUG : 0000007c'3dcbd000-0000007c'3dcbdfff r-- 3b000 1000 /apex/com.android.vndk.v30/lib64/libbase.so (BuildId: 14ba0d06540239b0546d4d671b82e9)
09-03 17:48:05.806 7072 7072 F DEBUG : 0000007c'3dcbe000-0000007c'3dcbefff rw- 3b000 1000 /apex/com.android.vndk.v30/lib64/libbase.so (BuildId: 14ba0d06540239b0546d4d671b82e9)
09-03 17:48:05.806 7072 7072 F DEBUG : 0000007c'3dcd1000-0000007c'3dcd1fff r-- 0 1000 /system/lib64/libvndksupport.so (BuildId: 832fb7554182ab82386bc2952616be)
09-03 17:48:05.806 7072 7072 F DEBUG : 0000007c'3dcd2000-0000007c'3dcd2fff r-x 1000 1000 /system/lib64/libvndksupport.so (BuildId: 832fb7554182ab82386bc2952616be)
09-03 17:48:05.806 7072 7072 F DEBUG : 0000007c'3dcd3000-0000007c'3dcd3fff r-- 2000 1000 /system/lib64/libvndksupport.so (BuildId: 832fb7554182ab82386bc2952616be)
09-03 17:48:05.806 7072 7072 F DEBUG : 0000007c'3dcd4000-0000007c'3dcd4fff rw- 2000 1000 /system/lib64/libvndksupport.so (BuildId: 832fb7554182ab82386bc2952616be)
09-03 17:48:05.806 7072 7072 F DEBUG : 0000007c'3dd09000-0000007c'3dd0afff r-- 0 2000 /system/lib64/libcgrouprc.so (BuildId: 7a4dd7932c7ae582f9109602e17f43)
09-03 17:48:05.806 7072 7072 F DEBUG : 0000007c'3dd0b000-0000007c'3dd0bfff r-x 2000 1000 /system/lib64/libcgrouprc.so (BuildId: 7a4dd7932c7ae582f9109602e17f43)
09-03 17:48:05.806 7072 7072 F DEBUG : 0000007c'3dd0c000-0000007c'3dd0cfff r-- 3000 1000 /system/lib64/libcgrouprc.so (BuildId: 7a4dd7932c7ae582f9109602e17f43)
09-03 17:48:05.806 7072 7072 F DEBUG : 0000007c'3dd0d000-0000007c'3dd0dfff rw- 3000 1000 /system/lib64/libcgrouprc.so (BuildId: 7a4dd7932c7ae582f9109602e17f43)
09-03 17:48:05.806 7072 7072 F DEBUG : 0000007c'3dd47000-0000007c'3dd57fff r-- 0 11000 /apex/com.android.runtime/lib64/bionic/libm.so (BuildId: 5ea94f279dc78f142bbe67be40bcec)
09-03 17:48:05.806 7072 7072 F DEBUG : 0000007c'3dd58000-0000007c'3dd7bfff r-x 11000 24000 /apex/com.android.runtime/lib64/bionic/libm.so (BuildId: 5ea94f279dc78f142bbe67be40bcec)
09-03 17:48:05.806 7072 7072 F DEBUG : 0000007c'3dd7c000-0000007c'3dd7cfff r-- 35000 1000 /apex/com.android.runtime/lib64/bionic/libm.so (BuildId: 5ea94f279dc78f142bbe67be40bcec)
09-03 17:48:05.806 7072 7072 F DEBUG : 0000007c'3dd7d000-0000007c'3dd7dfff rw- 35000 1000 /apex/com.android.runtime/lib64/bionic/libm.so (BuildId: 5ea94f279dc78f142bbe67be40bcec)
09-03 17:48:05.806 7072 7072 F DEBUG : 0000007c'3dd87000-0000007c'3ddccfff r-- 0 46000 /apex/com.android.vndk.v30/lib64/libhidlbase.so (BuildId: 39a7d8bc9e38da1a0b89fdf84d11d3)
09-03 17:48:05.806 7072 7072 F DEBUG : 0000007c'3ddcd000-0000007c'3de32fff r-x 46000 66000 /apex/com.android.vndk.v30/lib64/libhidlbase.so (BuildId: 39a7d8bc9e38da1a0b89fdf84d11d3)
09-03 17:48:05.806 7072 7072 F DEBUG : 0000007c'3de33000-0000007c'3de3dfff r-- ac000 b000 /apex/com.android.vndk.v30/lib64/libhidlbase.so (BuildId: 39a7d8bc9e38da1a0b89fdf84d11d3)
09-03 17:48:05.806 7072 7072 F DEBUG : 0000007c'3de3e000-0000007c'3de3ffff rw- b6000 2000 /apex/com.android.vndk.v30/lib64/libhidlbase.so (BuildId: 39a7d8bc9e38da1a0b89fdf84d11d3)
09-03 17:48:05.806 7072 7072 F DEBUG : 0000007c'3de46000-0000007c'3de51fff r-- 0 c000 /apex/com.android.vndk.v30/lib64/android.hardware.sensors@1.0.so (BuildId: 57d4f44bf45c7f1ae0ce9e7be52ef2)
09-03 17:48:05.806 7072 7072 F DEBUG : 0000007c'3de52000-0000007c'3de60fff r-x c000 f000 /apex/com.android.vndk.v30/lib64/android.hardware.sensors@1.0.so (BuildId: 57d4f44bf45c7f1ae0ce9e7be52ef2)
09-03 17:48:05.806 7072 7072 F DEBUG : 0000007c'3de61000-0000007c'3de62fff r-- 1b000 2000 /apex/com.android.vndk.v30/lib64/android.hardware.sensors@1.0.so (BuildId: 57d4f44bf45c7f1ae0ce9e7be52ef2)
09-03 17:48:05.806 7072 7072 F DEBUG : 0000007c'3de63000-0000007c'3de63fff rw- 1c000 1000 /apex/com.android.vndk.v30/lib64/android.hardware.sensors@1.0.so (BuildId: 57d4f44bf45c7f1ae0ce9e7be52ef2)
09-03 17:48:05.806 7072 7072 F DEBUG : 0000007c'3de8e000-0000007c'3de9afff r-- 0 d000 /apex/com.android.vndk.v30/lib64/android.system.suspend@1.0.so (BuildId: 6fbb9f0232e8b7f5e0c0ebb5d31176)
09-03 17:48:05.806 7072 7072 F DEBUG : 0000007c'3de9b000-0000007c'3dea7fff r-x d000 d000 /apex/com.android.vndk.v30/lib64/android.system.suspend@1.0.so (BuildId: 6fbb9f0232e8b7f5e0c0ebb5d31176)
09-03 17:48:05.806 7072 7072 F DEBUG : 0000007c'3dea8000-0000007c'3deaafff r-- 1a000 3000 /apex/com.android.vndk.v30/lib64/android.system.suspend@1.0.so (BuildId: 6fbb9f0232e8b7f5e0c0ebb5d31176)
09-03 17:48:05.806 7072 7072 F DEBUG : 0000007c'3deab000-0000007c'3deabfff rw- 1c000 1000 /apex/com.android.vndk.v30/lib64/android.system.suspend@1.0.so (BuildId: 6fbb9f0232e8b7f5e0c0ebb5d31176)
09-03 17:48:05.806 7072 7072 F DEBUG : 0000007c'3deca000-0000007c'3df14fff r-- 0 4b000 /system/lib64/libc++.so (BuildId: 3e3dceb4f562db6ad9e07221ed9624)
09-03 17:48:05.806 7072 7072 F DEBUG : 0000007c'3df15000-0000007c'3df6efff r-x 4b000 5a000 /system/lib64/libc++.so (BuildId: 3e3dceb4f562db6ad9e07221ed9624)
09-03 17:48:05.806 7072 7072 F DEBUG : 0000007c'3df6f000-0000007c'3df75fff r-- a5000 7000 /system/lib64/libc++.so (BuildId: 3e3dceb4f562db6ad9e07221ed9624)
09-03 17:48:05.806 7072 7072 F DEBUG : 0000007c'3df76000-0000007c'3df76fff rw- ab000 1000 /system/lib64/libc++.so (BuildId: 3e3dceb4f562db6ad9e07221ed9624)
09-03 17:48:05.806 7072 7072 F DEBUG : 0000007c'3df77000-0000007c'3df79fff rw- 0 3000 [anon:.bss]
09-03 17:48:05.806 7072 7072 F DEBUG : 0000007c'3df7d000-0000007c'3df7dfff rw- 0 1000 [anon:bionic_alloc_small_objects]
09-03 17:48:05.806 7072 7072 F DEBUG : 0000007c'3dfa1000-0000007c'3dfa1fff r-- 0 1000 /apex/com.android.runtime/lib64/bionic/libdl_android.so (BuildId: c323375268e7fe183d0578010b3b5f)
09-03 17:48:05.806 7072 7072 F DEBUG : 0000007c'3dfa2000-0000007c'3dfa2fff r-x 1000 1000 /apex/com.android.runtime/lib64/bionic/libdl_android.so (BuildId: c323375268e7fe183d0578010b3b5f)
09-03 17:48:05.806 7072 7072 F DEBUG : 0000007c'3dfa3000-0000007c'3dfa3fff r-- 2000 1000 /apex/com.android.runtime/lib64/bionic/libdl_android.so (BuildId: c323375268e7fe183d0578010b3b5f)
09-03 17:48:05.806 7072 7072 F DEBUG : 0000007c'3dfc5000-0000007c'3dfc5fff r-- 0 1000 /apex/com.android.runtime/lib64/bionic/libdl.so (BuildId: f3a04249c98ee426eee1feb87eabf6)
09-03 17:48:05.806 7072 7072 F DEBUG : 0000007c'3dfc6000-0000007c'3dfc6fff r-x 1000 1000 /apex/com.android.runtime/lib64/bionic/libdl.so (BuildId: f3a04249c98ee426eee1feb87eabf6)
09-03 17:48:05.806 7072 7072 F DEBUG : 0000007c'3dfc7000-0000007c'3dfc7fff r-- 2000 1000 /apex/com.android.runtime/lib64/bionic/libdl.so (BuildId: f3a04249c98ee426eee1feb87eabf6)
09-03 17:48:05.806 7072 7072 F DEBUG : 0000007c'3dfc8000-0000007c'3dfc8fff --- 0 1000
09-03 17:48:05.806 7072 7072 F DEBUG : 0000007c'3dfc9000-0000007c'3dfc9fff r-- 0 1000 [anon:.bss]
09-03 17:48:05.806 7072 7072 F DEBUG : 0000007c'3e022000-0000007c'3e026fff r-- 0 5000 /system/lib64/liblog.so (BuildId: 6b3cad0afc89beb812e2f10ff8edab)
09-03 17:48:05.806 7072 7072 F DEBUG : 0000007c'3e027000-0000007c'3e031fff r-x 5000 b000 /system/lib64/liblog.so (BuildId: 6b3cad0afc89beb812e2f10ff8edab)
09-03 17:48:05.806 7072 7072 F DEBUG : 0000007c'3e032000-0000007c'3e032fff r-- 10000 1000 /system/lib64/liblog.so (BuildId: 6b3cad0afc89beb812e2f10ff8edab)
09-03 17:48:05.806 7072 7072 F DEBUG : 0000007c'3e033000-0000007c'3e033fff rw- 10000 1000 /system/lib64/liblog.so (BuildId: 6b3cad0afc89beb812e2f10ff8edab)
09-03 17:48:05.806 7072 7072 F DEBUG : 0000007c'3e04d000-0000007c'3e05bfff r-- 0 f000 /apex/com.android.vndk.v30/lib64/libutils.so (BuildId: 42cc98ab5e44ce15a2c97d0c64a4c0)
09-03 17:48:05.806 7072 7072 F DEBUG : 0000007c'3e05c000-0000007c'3e068fff r-x f000 d000 /apex/com.android.vndk.v30/lib64/libutils.so (BuildId: 42cc98ab5e44ce15a2c97d0c64a4c0)
09-03 17:48:05.806 7072 7072 F DEBUG : 0000007c'3e069000-0000007c'3e069fff r-- 1c000 1000 /apex/com.android.vndk.v30/lib64/libutils.so (BuildId: 42cc98ab5e44ce15a2c97d0c64a4c0)
09-03 17:48:05.806 7072 7072 F DEBUG : 0000007c'3e06a000-0000007c'3e06afff rw- 1c000 1000 /apex/com.android.vndk.v30/lib64/libutils.so (BuildId: 42cc98ab5e44ce15a2c97d0c64a4c0)
09-03 17:48:05.806 7072 7072 F DEBUG : 0000007c'3e06f000-0000007c'3e06ffff --- 0 1000
09-03 17:48:05.806 7072 7072 F DEBUG : 0000007c'3e070000-0000007c'3e077fff rw- 0 8000 [anon:thread signal stack]
09-03 17:48:05.806 7072 7072 F DEBUG : 0000007c'3e078000-0000007c'3e078fff --- 0 1000
09-03 17:48:05.806 7072 7072 F DEBUG : 0000007c'3e079000-0000007c'3e080fff rw- 0 8000 [anon:thread signal stack]
09-03 17:48:05.806 7072 7072 F DEBUG : 0000007c'3e08a000-0000007c'3e08afff --- 0 1000
09-03 17:48:05.806 7072 7072 F DEBUG : 0000007c'3e08b000-0000007c'3e092fff rw- 0 8000 [anon:thread signal stack]
09-03 17:48:05.806 7072 7072 F DEBUG : 0000007c'3e093000-0000007c'3e093fff --- 0 1000
09-03 17:48:05.806 7072 7072 F DEBUG : 0000007c'3e094000-0000007c'3e09bfff rw- 0 8000 [anon:thread signal stack]
09-03 17:48:05.806 7072 7072 F DEBUG : 0000007c'3e09c000-0000007c'3e09cfff --- 0 1000
09-03 17:48:05.806 7072 7072 F DEBUG : 0000007c'3e09d000-0000007c'3e0a4fff rw- 0 8000 [anon:thread signal stack]
09-03 17:48:05.806 7072 7072 F DEBUG : 0000007c'3e0a5000-0000007c'3e0c4fff r-- 0 20000 /dev/__properties__/u:object_r:vendor_default_prop:s0
09-03 17:48:05.806 7072 7072 F DEBUG : 0000007c'3e0c5000-0000007c'3e0e4fff r-- 0 20000 /dev/__properties__/u:object_r:logd_prop:s0
09-03 17:48:05.806 7072 7072 F DEBUG : 0000007c'3e0e5000-0000007c'3e104fff r-- 0 20000 /dev/__properties__/u:object_r:log_tag_prop:s0
09-03 17:48:05.806 7072 7072 F DEBUG : 0000007c'3e105000-0000007c'3e124fff r-- 0 20000 /dev/__properties__/u:object_r:heapprofd_prop:s0
09-03 17:48:05.806 7072 7072 F DEBUG : 0000007c'3e125000-0000007c'3e144fff r-- 0 20000 /dev/__properties__/u:object_r:exported2_default_prop:s0
09-03 17:48:05.806 7072 7072 F DEBUG : 0000007c'3e145000-0000007c'3e164fff r-- 0 20000 /dev/__properties__/u:object_r:debug_prop:s0
09-03 17:48:05.806 7072 7072 F DEBUG : 0000007c'3e165000-0000007c'3e184fff r-- 0 20000 /dev/__properties__/properties_serial
09-03 17:48:05.806 7072 7072 F DEBUG : 0000007c'3e185000-0000007c'3e192fff r-- 0 e000 /dev/__properties__/property_info
09-03 17:48:05.806 7072 7072 F DEBUG : 0000007c'3e193000-0000007c'3e193fff --- 0 1000
09-03 17:48:05.806 7072 7072 F DEBUG : 0000007c'3e194000-0000007c'3e19bfff rw- 0 8000 [anon:thread signal stack]
09-03 17:48:05.806 7072 7072 F DEBUG : 0000007c'3e19c000-0000007c'3e19cfff --- 0 1000
09-03 17:48:05.806 7072 7072 F DEBUG : 0000007c'3e19d000-0000007c'3e1a4fff rw- 0 8000 [anon:thread signal stack]
09-03 17:48:05.806 7072 7072 F DEBUG : 0000007c'3e1a5000-0000007c'3e1c4fff r-- 0 20000 /dev/__properties__/u:object_r:vendor_sensor_prop:s0
09-03 17:48:05.806 7072 7072 F DEBUG : 0000007c'3e1c5000-0000007c'3e1c5fff --- 0 1000
09-03 17:48:05.806 7072 7072 F DEBUG : 0000007c'3e1c6000-0000007c'3e1cdfff rw- 0 8000 [anon:thread signal stack]
09-03 17:48:05.806 7072 7072 F DEBUG : 0000007c'3e1ce000-0000007c'3e1cefff --- 0 1000
09-03 17:48:05.806 7072 7072 F DEBUG : 0000007c'3e1cf000-0000007c'3e1d6fff rw- 0 8000 [anon:thread signal stack]
09-03 17:48:05.806 7072 7072 F DEBUG : 0000007c'3e1d7000-0000007c'3e1f6fff r-- 0 20000 /dev/__properties__/u:object_r:vendor_socket_hook_prop:s0
09-03 17:48:05.806 7072 7072 F DEBUG : 0000007c'3e1f7000-0000007c'3e25afff r-- 0 64000 [anon:linker_alloc]
09-03 17:48:05.806 7072 7072 F DEBUG : 0000007c'3e25b000-0000007c'3e25cfff rw- 0 2000 [anon:bionic_alloc_small_objects]
09-03 17:48:05.806 7072 7072 F DEBUG : 0000007c'3e263000-0000007c'3e263fff rw- 0 1000 [anon:bionic_alloc_small_objects]
09-03 17:48:05.806 7072 7072 F DEBUG : 0000007c'3e264000-0000007c'3e2c7fff r-- 0 64000 [anon:linker_alloc]
09-03 17:48:05.806 7072 7072 F DEBUG : 0000007c'3e2c8000-0000007c'3e2e7fff r-- 0 20000 /dev/__properties__/u:object_r:vndk_prop:s0
09-03 17:48:05.806 7072 7072 F DEBUG : 0000007c'3e2e8000-0000007c'3e2eafff rw- 0 3000 [anon:bionic_alloc_small_objects]
09-03 17:48:05.806 7072 7072 F DEBUG : 0000007c'3e2ec000-0000007c'3e2f0fff rw- 0 5000 [anon:bionic_alloc_small_objects]
09-03 17:48:05.806 7072 7072 F DEBUG : 0000007c'3e2f6000-0000007c'3e2f6fff --- 0 1000
09-03 17:48:05.806 7072 7072 F DEBUG : 0000007c'3e2f7000-0000007c'3e2fafff rw- 0 4000 [anon:stack_and_tls:main]
09-03 17:48:05.806 7072 7072 F DEBUG : 0000007c'3e2fb000-0000007c'3e2fbfff --- 0 1000
09-03 17:48:05.806 7072 7072 F DEBUG : 0000007c'3e2fc000-0000007c'3e2fcfff rw- 0 1000 [anon:bionic_alloc_small_objects]
09-03 17:48:05.806 7072 7072 F DEBUG : 0000007c'3e2fd000-0000007c'3e2fdfff r-- 0 1000 [anon:atexit handlers]
09-03 17:48:05.806 7072 7072 F DEBUG : 0000007c'3e2fe000-0000007c'3e301fff rw- 0 4000 [anon:bionic_alloc_small_objects]
09-03 17:48:05.806 7072 7072 F DEBUG : 0000007c'3e302000-0000007c'3e304fff rw- 0 3000 [anon:bionic_alloc_lob]
09-03 17:48:05.806 7072 7072 F DEBUG : 0000007c'3e305000-0000007c'3e306fff rw- 0 2000 [anon:bionic_alloc_small_objects]
09-03 17:48:05.806 7072 7072 F DEBUG : 0000007c'3e307000-0000007c'3e307fff rw- 0 1000 [anon:bionic_alloc_lob]
09-03 17:48:05.806 7072 7072 F DEBUG : 0000007c'3e308000-0000007c'3e309fff rw- 0 2000 [anon:bionic_alloc_small_objects]
09-03 17:48:05.806 7072 7072 F DEBUG : 0000007c'3e30a000-0000007c'3e36dfff r-- 0 64000 [anon:linker_alloc]
09-03 17:48:05.806 7072 7072 F DEBUG : 0000007c'3e36e000-0000007c'3e36efff rw- 0 1000 [anon:bionic_alloc_small_objects]
09-03 17:48:05.806 7072 7072 F DEBUG : 0000007c'3e36f000-0000007c'3e38efff r-- 0 20000 /dev/__properties__/u:object_r:debug_prop:s0
09-03 17:48:05.806 7072 7072 F DEBUG : 0000007c'3e38f000-0000007c'3e3aefff r-- 0 20000 /dev/__properties__/u:object_r:exported2_default_prop:s0
09-03 17:48:05.806 7072 7072 F DEBUG : 0000007c'3e3af000-0000007c'3e3affff --- 0 1000
09-03 17:48:05.806 7072 7072 F DEBUG : 0000007c'3e3b0000-0000007c'3e3b7fff rw- 0 8000
09-03 17:48:05.806 7072 7072 F DEBUG : 0000007c'3e3b8000-0000007c'3e3b8fff --- 0 1000
09-03 17:48:05.806 7072 7072 F DEBUG : 0000007c'3e3b9000-0000007c'3e3d8fff r-- 0 20000 /dev/__properties__/properties_serial
09-03 17:48:05.806 7072 7072 F DEBUG : 0000007c'3e3d9000-0000007c'3e3dafff rw- 0 2000 [anon:System property context nodes]
09-03 17:48:05.806 7072 7072 F DEBUG : 0000007c'3e3db000-0000007c'3e3e8fff r-- 0 e000 /dev/__properties__/property_info
09-03 17:48:05.806 7072 7072 F DEBUG : 0000007c'3e3e9000-0000007c'3e44cfff r-- 0 64000 [anon:linker_alloc]
09-03 17:48:05.806 7072 7072 F DEBUG : 0000007c'3e44d000-0000007c'3e44efff rw- 0 2000 [anon:bionic_alloc_small_objects]
09-03 17:48:05.806 7072 7072 F DEBUG : 0000007c'3e44f000-0000007c'3e44ffff r-- 0 1000 [anon:atexit handlers]
09-03 17:48:05.806 7072 7072 F DEBUG : 0000007c'3e450000-0000007c'3eed7fff --- 0 a88000
09-03 17:48:05.806 7072 7072 F DEBUG : 0000007c'3eed8000-0000007c'3eed9fff rw- 0 2000
09-03 17:48:05.806 7072 7072 F DEBUG : 0000007c'3eeda000-0000007c'3f44ffff --- 0 576000
09-03 17:48:05.806 7072 7072 F DEBUG : 0000007c'3f450000-0000007c'3f450fff --- 0 1000
09-03 17:48:05.806 7072 7072 F DEBUG : 0000007c'3f451000-0000007c'3f458fff rw- 0 8000 [anon:thread signal stack]
09-03 17:48:05.806 7072 7072 F DEBUG : 0000007c'3f459000-0000007c'3f459fff rw- 0 1000 [anon:arc4random data]
09-03 17:48:05.806 7072 7072 F DEBUG : 0000007c'3f45a000-0000007c'3f45bfff rw- 0 2000 [anon:System property context nodes]
09-03 17:48:05.806 7072 7072 F DEBUG : 0000007c'3f45c000-0000007c'3f45cfff rw- 0 1000 [anon:arc4random data]
09-03 17:48:05.806 7072 7072 F DEBUG : 0000007c'3f45d000-0000007c'3f45dfff r-- 0 1000 [vvar]
09-03 17:48:05.806 7072 7072 F DEBUG : 0000007c'3f45e000-0000007c'3f45efff r-x 0 1000 [vdso]
09-03 17:48:05.806 7072 7072 F DEBUG : 0000007c'3f45f000-0000007c'3f48ffff r-- 0 31000 /apex/com.android.runtime/bin/linker64 (BuildId: 8f78680e1e88ba6ba3f2e9935f2f43)
09-03 17:48:05.806 7072 7072 F DEBUG : 0000007c'3f490000-0000007c'3f543fff r-x 31000 b4000 /apex/com.android.runtime/bin/linker64 (BuildId: 8f78680e1e88ba6ba3f2e9935f2f43)
09-03 17:48:05.806 7072 7072 F DEBUG : 0000007c'3f544000-0000007c'3f54afff r-- e5000 7000 /apex/com.android.runtime/bin/linker64 (BuildId: 8f78680e1e88ba6ba3f2e9935f2f43)
09-03 17:48:05.806 7072 7072 F DEBUG : 0000007c'3f54b000-0000007c'3f54cfff rw- eb000 2000 /apex/com.android.runtime/bin/linker64 (BuildId: 8f78680e1e88ba6ba3f2e9935f2f43)
09-03 17:48:05.806 7072 7072 F DEBUG : 0000007c'3f54d000-0000007c'3f550fff rw- 0 4000 [anon:.bss]
09-03 17:48:05.806 7072 7072 F DEBUG : 0000007c'3f551000-0000007c'3f551fff r-- 0 1000 [anon:.bss]
09-03 17:48:05.806 7072 7072 F DEBUG : 0000007c'3f552000-0000007c'3f557fff rw- 0 6000 [anon:.bss]
09-03 17:48:05.806 7072 7072 F DEBUG : 0000007f'c9efa000-0000007f'c9f1afff rw- 0 21000 [stack]
09-03 17:48:05.806 7072 7072 F DEBUG : --->Fault address falls at 28dd205e'11000003 after any mapped regions
09-03 17:48:05.806 7072 7072 F DEBUG : --------- tail end of log system
09-03 17:48:05.806 7072 7072 F DEBUG :
11-18 14:14:23.133 954 1062 I QMI_FW : QCCI: Received NEW_SERVER cmd for 00001001:00000144
09-03 17:48:05.806 7072 7072 F DEBUG :
11-18 14:14:23.133 954 1062 I QMI_FW : QCCI: Received NEW_SERVER cmd for 00001000:0000000a
09-03 17:48:05.806 7072 7072 F DEBUG :
11-18 14:14:23.133 954 1062 I QMI_FW : QCCI: Received NEW_SERVER cmd for 00000031:00000101
09-03 17:48:05.806 7072 7072 F DEBUG :
11-18 14:14:23.133 954 1062 I QMI_FW : QCCI: Received NEW_SERVER cmd for 00001001:00000104
09-03 17:48:05.806 7072 7072 F DEBUG :
11-18 14:14:23.133 954 1062 I QMI_FW : QCCI: Received NEW_SERVER cmd for 00000040:00000101
09-03 17:48:05.806 7072 7072 F DEBUG :
11-18 14:14:23.134 954 1062 I QMI_FW : QCCI: Received NEW_SERVER cmd for 00001001:00000004
09-03 17:48:05.806 7072 7072 F DEBUG :
11-18 14:14:23.134 954 1062 I QMI_FW : QCCI: Received NEW_SERVER cmd for 00001000:00000003
09-03 17:48:05.806 7072 7072 F DEBUG :
11-18 14:14:23.134 954 1062 I QMI_FW : QCCI: Received NEW_SERVER cmd for 00001001:00000180
09-03 17:48:05.806 7072 7072 F DEBUG :
11-18 14:14:23.134 954 1062 I QMI_FW : QCCI: Received NEW_SERVER cmd for 00001001:00000084
09-03 17:48:05.806 7072 7072 F DEBUG :
11-18 14:14:23.134 954 1062 I QMI_FW : QCCI: Received NEW_SERVER cmd for 00001000:00000006
09-03 17:48:05.806 7072 7072 F DEBUG :
11-18 14:14:23.134 954 1062 I QMI_FW : QCCI: Received NEW_SERVER cmd for 00001001:000000c4
09-03 17:48:05.806 7072 7072 F DEBUG :
11-18 14:14:23.134 954 1062 I QMI_FW : QCCI: Received NEW_SERVER cmd for 00001000:00000009
09-03 17:48:05.806 7072 7072 F DEBUG :
11-18 14:14:23.134 954 1062 I QMI_FW : QCCI: Received NEW_SERVER cmd for 000000eb:00000001
09-03 17:48:05.806 7072 7072 F DEBUG :
11-18 14:14:23.134 954 1062 I QMI_FW : QCCI: Received NEW_SERVER cmd for 00001001:00000102
09-03 17:48:05.806 7072 7072 F DEBUG :
11-18 14:14:23.134 954 1062 I QMI_FW : QCCI: Received NEW_SERVER cmd for 00001001:00000182
09-03 17:48:05.806 7072 7072 F DEBUG :
11-18 14:14:23.134 954 1062 I QMI_FW : QCCI: Received NEW_SERVER cmd for 00001001:00000002
09-03 17:48:05.806 7072 7072 F DEBUG :
11-18 14:14:23.134 954 1062 I QMI_FW : QCCI: Received NEW_SERVER cmd for 00001000:00000002
09-03 17:48:05.806 7072 7072 F DEBUG :
11-18 14:14:23.134 954 1062 I QMI_FW : QCCI: Received NEW_SERVER cmd for 00001001:00000080
09-03 17:48:05.806 7072 7072 F DEBUG :
11-18 14:14:23.134 954 1062 I QMI_FW : QCCI: Received NEW_SERVER cmd for 00001001:00000044
09-03 17:48:05.806 7072 7072 F DEBUG :
11-18 14:14:23.134 954 1062 I QMI_FW : QCCI: Received NEW_SERVER cmd for 00001000:00000005
09-03 17:48:05.806 7072 7072 F DEBUG :
11-18 14:14:23.134 954 1062 I QMI_FW : QCCI: Received NEW_SERVER cmd for 00001001:000000c0
09-03 17:48:05.806 7072 7072 F DEBUG :
11-18 14:14:23.134 954 1062 I QMI_FW : QCCI: Received NEW_SERVER cmd for 00001001:000000c2
09-03 17:48:05.806 7072 7072 F DEBUG :
11-18 14:14:23.134 954 1062 I QMI_FW : QCCI: Received NEW_SERVER cmd for 00001000:00000008
09-03 17:48:05.806 7072 7072 F DEBUG :
11-18 14:14:23.134 954 1062 I QMI_FW : QCCI: Received NEW_SERVER cmd for 0000000e:00000001
09-03 17:48:05.806 7072 7072 F DEBUG :
11-18 14:14:23.134 954 1062 I QMI_FW : QCCI: Received NEW_SERVER cmd for 00001001:00000000
09-03 17:48:05.806 7072 7072 F DEBUG :
11-18 14:14:23.134 954 1062 I QMI_FW : QCCI: Received NEW_SERVER cmd for 00001001:00000142
09-03 17:48:05.806 7072 7072 F DEBUG :
11-18 14:14:23.134 954 1062 I QMI_FW : QCCI: Received NEW_SERVER cmd for 00001001:00000040
09-03 17:48:05.806 7072 7072 F DEBUG :
11-18 14:14:23.134 954 1062 I QMI_FW : QCCI: Received NEW_SERVER cmd for 00000042:00004c01
09-03 17:48:05.806 7072 7072 F DEBUG :
11-18 14:14:23.134 954 1062 I QMI_FW : QCCI: Received NEW_SERVER cmd for 00000033:00000d01
09-03 17:48:05.806 7072 7072 F DEBUG :
11-18 14:14:23.134 954 1062 I QMI_FW : QCCI: Received NEW_SERVER cmd for 0000002b:00001702
09-03 17:48:05.806 7072 7072 F DEBUG :
11-18 14:14:23.134 954 1062 I QMI_FW : QCCI: Received NEW_SERVER cmd for 00001001:00000101
09-03 17:48:05.806 7072 7072 F DEBUG :
11-18 14:14:23.134 954 1062 I QMI_FW : QCCI: Received NEW_SERVER cmd for 0000000f:00004001
09-03 17:48:05.806 7072 7072 F DEBUG :
11-18 14:14:23.134 954 1062 I QMI_FW : QCCI: Received NEW_SERVER cmd for 00000018:00004301
09-03 17:48:05.806 7072 7072 F DEBUG :
11-18 14:14:23.134 954 1062 I QMI_FW : QCCI: Received NEW_SERVER cmd for 00000000:00000000
09-03 17:48:05.806 7072 7072 F DEBUG :
11-18 14:14:23.314 954 1062 I QMI_FW : QCCI: Received NEW_SERVER cmd for 00000035:00001001
09-03 17:48:05.806 7072 7072 F DEBUG :
11-18 14:14:24.008 954 1062 I QMI_FW : QCCI: Received NEW_SERVER cmd for 00000302:00000001
09-03 17:48:05.806 7072 7072 F DEBUG :
11-18 14:14:24.925 954 1062 I QMI_FW : QCCI: Received NEW_SERVER cmd for 00000042:0000b401
09-03 17:48:05.806 7072 7072 F DEBUG :
11-18 14:14:24.926 954 1062 I QMI_FW : QCCI: Received NEW_SERVER cmd for 0000002b:00001202
09-03 17:48:05.806 7072 7072 F DEBUG :
11-18 14:14:25.026 954 1062 I QMI_FW : QCCI: Received NEW_SERVER cmd for 000000e8:00000001
09-03 17:48:05.806 7072 7072 F DEBUG :
11-18 14:14:25.084 954 1062 I QMI_FW : QCCI: Received NEW_SERVER cmd for 0000000f:00000001
09-03 17:48:05.806 7072 7072 F DEBUG :
11-18 14:14:25.085 954 1062 I QMI_FW : QCCI: Received NEW_SERVER cmd for 00000033:00000201
09-03 17:48:05.806 7072 7072 F DEBUG :
11-18 14:14:25.085 954 1062 I QMI_FW : QCCI: Received NEW_SERVER cmd for 00000015:00000001
09-03 17:48:05.806 7072 7072 F DEBUG :
11-18 14:14:25.085 954 1062 I QMI_FW : QCCI: Received NEW_SERVER cmd for 00000033:00000b01
09-03 17:48:05.806 7072 7072 F DEBUG :
11-18 14:14:25.090 954 1062 I QMI_FW : QCCI: Received NEW_SERVER cmd for 00000018:00000001
09-03 17:48:05.806 7072 7072 F DEBUG :
11-18 14:14:25.095 954 1062 I QMI_FW : QCCI: Received NEW_SERVER cmd for 00000016:00001001
09-03 17:48:05.806 7072 7072 F DEBUG :
11-18 14:14:25.104 954 1062 I QMI_FW : QCCI: Received NEW_SERVER cmd for 00000017:00000001
09-03 17:48:05.806 7072 7072 F DEBUG :
11-18 14:14:25.106 954 1062 I QMI_FW : QCCI: Received NEW_SERVER cmd for 00001001:00000001
09-03 17:48:05.806 7072 7072 F DEBUG :
11-18 14:14:25.107 954 1062 I QMI_FW : QCCI: Received NEW_SERVER cmd for 00000024:00000001
09-03 17:48:05.806 7072 7072 F DEBUG :
11-18 14:14:25.111 954 1062 I QMI_FW : QCCI: Received NEW_SERVER cmd for 00001001:00000003
09-03 17:48:05.806 7072 7072 F DEBUG :
11-18 14:14:25.123 954 1062 I QMI_FW : QCCI: Received NEW_SERVER cmd for 00000031:00000201
09-03 17:48:05.806 7072 7072 F DEBUG : --------- tail end of log main
09-03 17:48:05.806 7072 7072 F DEBUG :
11-18 14:14:24.158 954 1066 W SEE : @ 34.725: readdir failed error=0
09-03 17:48:05.806 7072 7072 F DEBUG :
11-18 14:14:24.367 954 1066 W SEE : @ 34.934: readdir failed error=0
09-03 17:48:05.806 7072 7072 F DEBUG :
11-18 14:14:24.388 954 1066 W SEE : @ 34.955: readdir failed error=0
09-03 17:48:05.806 7072 7072 F DEBUG :
11-18 14:14:24.408 954 1066 W SEE : @ 34.975: readdir failed error=0
09-03 17:48:05.806 7072 7072 F DEBUG :
11-18 14:14:24.428 954 1066 W SEE : @ 34.995: readdir failed error=0
09-03 17:48:05.806 7072 7072 F DEBUG :
11-18 14:14:24.449 954 1066 W SEE : @ 35.015: readdir failed error=0
09-03 17:48:05.806 7072 7072 F DEBUG :
11-18 14:14:24.468 954 1066 W SEE : @ 35.036: readdir failed error=0
09-03 17:48:05.806 7072 7072 F DEBUG :
11-18 14:14:24.489 954 1066 W SEE : @ 35.056: readdir failed error=0
09-03 17:48:05.806 7072 7072 F DEBUG :
11-18 14:14:24.509 954 1066 W SEE : @ 35.077: readdir failed error=0
09-03 17:48:05.806 7072 7072 F DEBUG :
11-18 14:14:24.530 954 1066 W SEE : @ 35.097: readdir failed error=0
09-03 17:48:05.806 7072 7072 F DEBUG :
11-18 14:14:24.550 954 1066 W SEE : @ 35.117: readdir failed error=0
09-03 17:48:05.806 7072 7072 F DEBUG :
11-18 14:14:24.604 954 1066 W SEE : @ 35.171: reg_parser: Config file not applicable, hw_value = 720936
09-03 17:48:05.806 7072 7072 F DEBUG :
11-18 14:14:24.604 954 1066 W SEE : @ 35.171: reg_parser: r3_tcs3701_evt.json not applicable
09-03 17:48:05.806 7072 7072 F DEBUG :
11-18 14:14:24.702 954 1066 W SEE : @ 35.269: reg_parser: Config file not applicable, hw_value = 720936
09-03 17:48:05.806 7072 7072 F DEBUG :
11-18 14:14:24.702 954 1066 W SEE : @ 35.269: reg_parser: r3_lsm6dsr_evt_1_4.json not applicable
09-03 17:48:05.806 7072 7072 F DEBUG :
11-18 14:14:24.706 954 1066 W SEE : @ 35.273: reg_parser: Config file not applicable, hw_value = 720936
09-03 17:48:05.806 7072 7072 F DEBUG :
11-18 14:14:24.706 954 1066 W SEE : @ 35.273: reg_parser: r3_lsm6dsr_proto.json not applicable
09-03 17:48:05.806 7072 7072 F DEBUG :
11-18 14:14:24.737 954 1066 W SEE : @ 35.304: reg_parser: Config file not applicable, hw_value = 720936
09-03 17:48:05.806 7072 7072 F DEBUG :
11-18 14:14:24.737 954 1066 W SEE : @ 35.304: reg_parser: r3_lis2mdl_0_proto.json not applicable
09-03 17:48:05.806 7072 7072 F DEBUG :
11-18 14:14:24.748 954 1066 W SEE : @ 35.316: reg_parser: Config file not applicable, hw_value = 720936
09-03 17:48:05.806 7072 7072 F DEBUG :
11-18 14:14:24.748 954 1066 W SEE : @ 35.316: reg_parser: r3_lis2mdl_0_proto_1_1.json not applicable
09-03 17:48:05.806 7072 7072 F DEBUG :
11-18 14:14:24.797 954 1066 W SEE : @ 35.364: reg_parser: Config file not applicable, hw_value = 720936
09-03 17:48:05.806 7072 7072 F DEBUG :
11-18 14:14:24.797 954 1066 W SEE : @ 35.364: reg_parser: r3_lis2mdl_0_evt.json not applicable
09-03 17:48:05.806 7072 7072 F DEBUG :
11-18 14:14:24.801 954 1066 W SEE : @ 35.368: reg_parser: Config file not applicable, hw_value = 720936
09-03 17:48:05.806 7072 7072 F DEBUG :
11-18 14:14:24.801 954 1066 W SEE : @ 35.368: reg_parser: r3_tcs3701_proto.json not applicable
09-03 17:48:05.806 7072 7072 F DEBUG :
11-18 14:14:24.801 954 1066 W SEE : @ 35.368: readdir failed error=0
09-03 17:48:05.806 7072 7072 F DEBUG :
11-18 14:14:24.821 954 1066 W SEE : @ 35.389: readdir failed error=0
09-03 17:48:05.806 7072 7072 F DEBUG :
11-18 14:14:24.842 954 1066 W SEE : @ 35.409: readdir failed error=0
09-03 17:48:05.806 7072 7072 F DEBUG :
11-18 14:14:24.863 954 1066 W SEE : @ 35.430: readdir failed error=0
09-03 17:48:05.806 7072 7072 F DEBUG :
11-18 14:14:24.883 954 1066 W SEE : @ 35.450: readdir failed error=0
09-03 17:48:05.806 7072 7072 F DEBUG :
11-18 14:14:24.903 954 1066 W SEE : @ 35.470: readdir failed error=0
09-03 17:48:05.806 7072 7072 F DEBUG :
11-18 14:14:24.923 954 1066 W SEE : @ 35.491: readdir failed error=0
09-03 17:48:05.806 7072 7072 F DEBUG :
11-18 14:14:24.944 954 1066 W SEE : @ 35.511: readdir failed error=0
09-03 17:48:05.806 7072 7072 F DEBUG :
11-18 14:14:24.964 954 1066 W SEE : @ 35.531: readdir failed error=0
09-03 17:48:05.806 7072 7072 F DEBUG :
11-18 14:14:24.984 954 1066 W SEE : @ 35.551: readdir failed error=0
09-03 17:48:05.806 7072 7072 F DEBUG :
11-18 14:14:25.013 954 1066 W SEE : @ 35.580: Got an invalid proc type 1
09-03 17:48:05.806 7072 7072 F DEBUG :
11-18 14:14:25.020 954 1066 I ASH : @ 35.587: lis2mdl: is_report_current = 0
09-03 17:48:05.806 7072 7072 F DEBUG :
11-18 14:14:25.021 954 1066 D ASH : @ 35.589: tcs3701: update_rail_vote: 0->1
09-03 17:48:05.806 7072 7072 F DEBUG :
11-18 14:14:25.022 954 1066 D ASH : @ 35.589: tcs3701: start power rail timer, state:1
