09-03 17:48:05.806 7072 7072 F DEBUG :
11-18 14:14:25.032 954 1066 D ASH : @ 35.599: tcs3701: tcs3701_discover_hardware
09-03 17:48:05.806 7072 7072 F DEBUG :
11-18 14:14:25.032 954 1066 D ASH : @ 35.599: tcs3701: update_rail_vote: 1->0
09-03 17:48:05.806 7072 7072 F DEBUG :
11-18 14:14:25.032 954 1066 D ASH : @ 35.599: tcs3701: power vote set to 0
09-03 17:48:05.806 7072 7072 F DEBUG :
11-18 14:14:25.032 954 1066 D ASH : @ 35.599: tcs3701: TCS3701_POWER_RAIL_PENDING_NONE
09-03 17:48:05.806 7072 7072 F DEBUG :
11-18 14:14:25.032 954 1066 D ASH : @ 35.599: tcs3701: tcs3701_update_siblings
09-03 17:48:05.806 7072 7072 F DEBUG :
11-18 14:14:25.136 954 954 I sensors-hal: [factory]is_registry_up:210, registry_sensor availability time '2.006969sec' from serviceup(no of repeats:'4')
09-03 17:48:05.806 7072 7072 F DEBUG :
11-18 14:14:25.137 954 954 I sensors-hal: [ssc_utils]get_qmi_debug_flag:244, support_qmi_debug : false
09-03 17:48:05.806 7072 7072 F DEBUG :
11-18 14:14:25.141 954 1554 I sensors-hal: [ssc_utils]handle_ssc_event:91, thread_name= suid_lookup_see
11-08 17:31:00.078 22420 22420 F DEBUG : *** *** *** *** *** *** *** *** *** *** *** *** *** *** *** ***
11-08 17:31:00.078 22420 22420 F DEBUG : Build fingerprint: 'google/sunfish_hwasan/sunfish:12/SQ1A.211205.008/7888514:userdebug/dev-keys'
11-08 17:31:00.078 22420 22420 F DEBUG : Revision: 'MP1.0'
11-08 17:31:00.078 22420 22420 F DEBUG : ABI: 'arm64'
11-08 17:31:00.078 22420 22420 F DEBUG : Timestamp: 2021-11-08 17:30:59.968740314-0500
11-08 17:31:00.078 22420 22420 F DEBUG : Process uptime: 0s
11-08 17:31:00.078 22420 22420 F DEBUG : Cmdline: /data/data/avrc_poc
11-08 17:31:00.078 22420 22420 F DEBUG : pid: 22411, tid: 22411, name: avrc_poc >>> /data/data/avrc_poc <<<
11-08 17:31:00.078 22420 22420 F DEBUG : uid: 10238
11-08 17:31:00.078 22420 22420 F DEBUG : signal 6 (SIGABRT), code -1 (SI_QUEUE), fault addr --------
11-08 17:31:00.079 22420 22420 F DEBUG : Abort message: '==22411==ERROR: HWAddressSanitizer: tag-mismatch on address 0x007ffffff1a2 at pc 0x0055556dc4fc
11-08 17:31:00.079 22420 22420 F DEBUG : READ of size 1 at 0x007ffffff1a2 tags: 47/01 (ptr/mem) in thread T0
11-08 17:31:00.079 22420 22420 F DEBUG : #0 0x55556dc4f8 (/data/data/avrc_poc+0x1874f8)
11-08 17:31:00.079 22420 22420 F DEBUG : #1 0x55556dc178 (/data/data/avrc_poc+0x187178)
11-08 17:31:00.079 22420 22420 F DEBUG : #2 0x7faa8e6f9c (/apex/com.android.runtime/lib64/bionic/libc.so+0x51f9c)
11-08 17:31:00.079 22420 22420 F DEBUG :
11-08 17:31:00.079 22420 22420 F DEBUG : 0x007ffffff1a2 is located to the right of a global variable in ([stack]+0x201a0)
11-08 17:31:00.079 22420 22420 F DEBUG : Address 0x007ffffff1a2 is located in stack of thread T0
11-08 17:31:00.079 22420 22420 F DEBUG : Thread: T0 0x007600002000 stack: [0x007fff800000,0x008000000000) sz: 8388608 tls: [0x007fbe2edfc0,0x007fbe2f1000)
11-08 17:31:00.079 22420 22420 F DEBUG : Previously allocated frames:
11-08 17:31:00.079 22420 22420 F DEBUG : record_addr:0x7fbe2fc038 record:0xff1f0055556dc07c (/data/data/avrc_poc+0x18707c)
11-08 17:31:00.079 22420 22420 F DEBUG : record_addr:0x7fbe2fc030 record:0xfdc5005555f81800 (/data/data/avrc_poc+0xa2c800)
11-08 17:31:00.079 22420 22420 F DEBUG : record_addr:0x7fbe2fc028 record:0xfdc5005555f7d710 (/data/data/avrc_poc+0xa28710)
11-08 17:31:00.079 22420 22420 F DEBUG : record_addr:0x7fbe2fc020 record:0xfdc6005555f68900 (/data/data/avrc_poc+0xa13900)
11-08 17:31:00.079 22420 22420 F DEBUG : record_addr:0x7fbe2fc018 record:0xfdb8005555f570cc (/data/data/avrc_poc+0xa020cc)
11-08 17:31:00.079 22420 22420 F DEBUG : record_addr:0x7fbe2fc010 record:0xfdb8005555f570cc (/data/data/avrc_poc+0xa020cc)
11-08 17:31:00.079 22420 22420 F DEBUG : record_addr:0x7fbe2fc008 record:0xfdb8005555f570cc (/data/data/avrc_poc+0xa020cc)
11-08 17:31:00.079 22420 22420 F DEBUG : record_addr:0x7fbe2fc000 record:0xfdb8005555f570cc (/data/data/avrc_poc+0xa020cc)
11-08 17:31:00.079 22420 22420 F DEBUG : record_addr:0x7fbe2fdff8 record:0xfdb8005555f570cc (/data/data/avrc_poc+0xa020cc)
11-08 17:31:00.079 22420 22420 F DEBUG : record_addr:0x7fbe2fdff0 record:0xfdb8005555f570cc (/data/data/avrc_poc+0xa020cc)
11-08 17:31:00.079 22420 22420 F DEBUG : record_addr:0x7fbe2fdfe8 record:0xfdb8005555f570cc (/data/data/avrc_poc+0xa020cc)
11-08 17:31:00.079 22420 22420 F DEBUG : record_addr:0x7fbe2fdfe0 record:0xfdb8005555f570cc (/data/data/avrc_poc+0xa020cc)
11-08 17:31:00.079 22420 22420 F DEBUG : record_addr:0x7fbe2fdfd8 record:0xfdb8005555f570cc (/data/data/avrc_poc+0xa020cc)
11-08 17:31:00.079 22420 22420 F DEBUG : record_addr:0x7fbe2fdfd0 record:0xfdb8005555f570cc (/data/data/avrc_poc+0xa020cc)
11-08 17:31:00.079 22420 22420 F DEBUG : record_addr:0x7fbe2fdfc8 record:0xfdc4005555f63530 (/data/data/avrc_poc+0xa0e530)
11-08 17:31:00.079 22420 22420 F DEBUG : record_addr:0x7fbe2fdfc0 record:0xfdc5005555f5c20c (/data/data/avrc_poc+0xa0720c)
11-08 17:31:00.079 22420 22420 F DEBUG : record_addr:0x7fbe2fdfb8 record:0xfdba005555f570cc (/data/data/avrc_poc+0xa020cc)
11-08 17:31:00.079 22420 22420 F DEBUG : record_addr:0x7fbe2fdfb0 record:0xfdba005555f570cc (/data/data/avrc_poc+0xa020cc)
11-08 17:31:00.079 22420 22420 F DEBUG : record_addr:0x7fbe2fdfa8 record:0xfdba005555f570cc (/data/data/avrc_poc+0xa020cc)
11-08 17:31:00.079 22420 22420 F DEBUG : record_addr:0x7fbe2fdfa0 record:0xfdba005555f570cc (/data/data/avrc_poc+0xa020cc)
11-08 17:31:00.079 22420 22420 F DEBUG : record_addr:0x7fbe2fdf98 record:0xfdba005555f570cc (/data/data/avrc_poc+0xa020cc)
11-08 17:31:00.079 22420 22420 F DEBUG : record_addr:0x7fbe2fdf90 record:0xfdc6005555f57c40 (/data/data/avrc_poc+0xa02c40)
11-08 17:31:00.079 22420 22420 F DEBUG : record_addr:0x7fbe2fdf88 record:0xfdbe005555f570cc (/data/data/avrc_poc+0xa020cc)
11-08 17:31:00.079 22420 22420 F DEBUG : record_addr:0x7fbe2fdf80 record:0xfdc6005555f57b38 (/data/data/avrc_poc+0xa02b38)
11-08 17:31:00.079 22420 22420 F DEBUG : record_addr:0x7fbe2fdf78 record:0xfdb8005555f570cc (/data/data/avrc_poc+0xa020cc)
11-08 17:31:00.079 22420 22420 F DEBUG : record_addr:0x7fbe2fdf70 record:0xfdb8005555f570cc (/data/data/avrc_poc+0xa020cc)
11-08 17:31:00.079 22420 22420 F DEBUG : record_addr:0x7fbe2fdf68 record:0xfdb8005555f570cc (/data/data/avrc_poc+0xa020cc)
11-08 17:31:00.079 22420 22420 F DEBUG : record_addr:0x7fbe2fdf60 record:0xfdb8005555f570cc (/data/data/avrc_poc+0xa020cc)
11-08 17:31:00.079 22420 22420 F DEBUG : record_addr:0x7fbe2fdf58 record:0xfdb8005555f570cc (/data/data/avrc_poc+0xa020cc)
11-08 17:31:00.079 22420 22420 F DEBUG : record_addr:0x7fbe2fdf50 record:0xfdb8005555f570cc (/data/data/avrc_poc+0xa020cc)
11-08 17:31:00.079 22420 22420 F DEBUG : record_addr:0x7fbe2fdf48 record:0xfdc5005555f57808 (/data/data/avrc_poc+0xa02808)
11-08 17:31:00.079 22420 22420 F DEBUG : record_addr:0x7fbe2fdf40 record:0xfdc7005555f3cdd4 (/data/data/avrc_poc+0x9e7dd4)
11-08 17:31:00.079 22420 22420 F DEBUG : record_addr:0x7fbe2fdf38 record:0xfdc5005555ecf574 (/data/data/avrc_poc+0x97a574)
11-08 17:31:00.079 22420 22420 F DEBUG : record_addr:0x7fbe2fdf30 record:0xfdc7005555ecb264 (/data/data/avrc_poc+0x976264)
11-08 17:31:00.079 22420 22420 F DEBUG : record_addr:0x7fbe2fdf28 record:0xfdc7005555ec7958 (/data/data/avrc_poc+0x972958)
11-08 17:31:00.079 22420 22420 F DEBUG : record_addr:0x7fbe2fdf20 record:0xfdc7005555ebfd10 (/data/data/avrc_poc+0x96ad10)
11-08 17:31:00.079 22420 22420 F DEBUG : record_addr:0x7fbe2fdf18 record:0xfdc7005555ebd73c (/data/data/avrc_poc+0x96873c)
11-08 17:31:00.079 22420 22420 F DEBUG : record_addr:0x7fbe2fdf10 record:0xfdc7005555eba030 (/data/data/avrc_poc+0x965030)
11-08 17:31:00.079 22420 22420 F DEBUG : record_addr:0x7fbe2fdf08 record:0xfdc7005555eab4fc (/data/data/avrc_poc+0x9564fc)
11-08 17:31:00.079 22420 22420 F DEBUG : record_addr:0x7fbe2fdf00 record:0xfdc7005555ea45ac (/data/data/avrc_poc+0x94f5ac)
11-08 17:31:00.079 22420 22420 F DEBUG : record_addr:0x7fbe2fdef8 record:0xfdc7005555ea20d4 (/data/data/avrc_poc+0x94d0d4)
11-08 17:31:00.079 22420 22420 F DEBUG : record_addr:0x7fbe2fdef0 record:0xfdc7005555e1c288 (/data/data/avrc_poc+0x8c7288)
11-08 17:31:00.079 22420 22420 F DEBUG : record_addr:0x7fbe2fdee8 record:0xfdc7005555e182a4 (/data/data/avrc_poc+0x8c32a4)
11-08 17:31:00.079 22420 22420 F DEBUG : record_addr:0x7fbe2fdee0 record:0xfdc7005555e15f00 (/data/data/avrc_poc+0x8c0f00)
11-08 17:31:00.079 22420 22420 F DEBUG : record_addr:0x7fbe2fded8 record:0xfdc7005555df69ac (/data/data/avrc_poc+0x8a19ac)
11-08 17:31:00.079 22420 22420 F DEBUG : record_addr:0x7fbe2fded0 record:0xfdc4007fb0ddc624 (/system/lib64/libc++.so+0xcb624)
11-08 17:31:00.079 22420 22420 F DEBUG : record_addr:0x7fbe2fdec8 record:0xfdc7005555d4de5c (/data/data/avrc_poc+0x7f8e5c)
11-08 17:31:00.079 22420 22420 F DEBUG : record_addr:0x7fbe2fdec0 record:0xfdc7005555d2f6d4 (/data/data/avrc_poc+0x7da6d4)
11-08 17:31:00.079 22420 22420 F DEBUG : record_addr:0x7fbe2fdeb8 record:0xfdc5005555cdf4f0 (/data/data/avrc_poc+0x78a4f0)
11-08 17:31:00.079 22420 22420 F DEBUG : record_addr:0x7fbe2fdeb0 record:0xfdc7005555cad604 (/data/data/avrc_poc+0x758604)
11-08 17:31:00.079 22420 22420 F DEBUG : record_addr:0x7fbe2fdea8 record:0xfdc7005555c62af0 (/data/data/avrc_poc+0x70daf0)
11-08 17:31:00.079 22420 22420 F DEBUG : record_addr:0x7fbe2fdea0 record:0xfdc7005555bd3b68 (/data/data/avrc_poc+0x67eb68)
11-08 17:31:00.079 22420 22420 F DEBUG : record_addr:0x7fbe2fde98 record:0xfdc4007fb0ddc624 (/system/lib64/libc++.so+0xcb624)
11-08 17:31:00.079 22420 22420 F DEBUG : record_addr:0x7fbe2fde90 record:0xfdc4005555bc0474 (/data/data/avrc_poc+0x66b474)
11-08 17:31:00.079 22420 22420 F DEBUG : record_addr:0x7fbe2fde88 record:0xfdbe007fb0ddc624 (/system/lib64/libc++.so+0xcb624)
11-08 17:31:00.079 22420 22420 F DEBUG : record_addr:0x7fbe2fde80 record:0xfdbb007fb0ddc624 (/system/lib64/libc++.so+0xcb624)
11-08 17:31:00.079 22420 22420 F DEBUG : record_addr:0x7fbe2fde78 record:0xfdc5005555bb2548 (/data/data/avrc_poc+0x65d548)
11-08 17:31:00.079 22420 22420 F DEBUG : record_addr:0x7fbe2fde70 record:0xfdbb007fb0ddc624 (/system/lib64/libc++.so+0xcb624)
11-08 17:31:00.079 22420 22420 F DEBUG : record_addr:0x7fbe2fde68 record:0xfdc5005555baac44 (/data/data/avrc_poc+0x655c44)
11-08 17:31:00.079 22420 22420 F DEBUG : record_addr:0x7fbe2fde60 record:0xfdc4007fb0ddc624 (/system/lib64/libc++.so+0xcb624)
11-08 17:31:00.079 22420 22420 F DEBUG : record_addr:0x7fbe2fde58 record:0xfdc4007fb0ddc624 (/system/lib64/libc++.so+0xcb624)
11-08 17:31:00.079 22420 22420 F DEBUG : record_addr:0x7fbe2fde50 record:0xfdc4007fb0ddc624 (/system/lib64/libc++.so+0xcb624)
11-08 17:31:00.079 22420 22420 F DEBUG : record_addr:0x7fbe2fde48 record:0xfdc4007fb0ddc624 (/system/lib64/libc++.so+0xcb624)
11-08 17:31:00.079 22420 22420 F DEBUG : record_addr:0x7fbe2fde40 record:0xfdc4007fb0ddc624 (/system/lib64/libc++.so+0xcb624)
11-08 17:31:00.079 22420 22420 F DEBUG : record_addr:0x7fbe2fde38 record:0xfdc4007fb0ddc624 (/system/lib64/libc++.so+0xcb624)
11-08 17:31:00.079 22420 22420 F DEBUG : record_addr:0x7fbe2fde30 record:0xfdc4007fb0ddc624 (/system/lib64/libc++.so+0xcb624)
11-08 17:31:00.079 22420 22420 F DEBUG : record_addr:0x7fbe2fde28 record:0xfdc4007fb0ddc624 (/system/lib64/libc++.so+0xcb624)
11-08 17:31:00.079 22420 22420 F DEBUG : record_addr:0x7fbe2fde20 record:0xfdc4007fb0ddc624 (/system/lib64/libc++.so+0xcb624)
11-08 17:31:00.079 22420 22420 F DEBUG : record_addr:0x7fbe2fde18 record:0xfdbc007faa90144c (/apex/com.android.runtime/lib64/bionic/libc.so+0x6c44c)
11-08 17:31:00.079 22420 22420 F DEBUG : record_addr:0x7fbe2fde10 record:0xfd77007faa97b9cc (/apex/com.android.runtime/lib64/bionic/libc.so+0xe69cc)
11-08 17:31:00.079 22420 22420 F DEBUG : record_addr:0x7fbe2fde08 record:0xfd93007faa961d4c (/apex/com.android.runtime/lib64/bionic/libc.so+0xccd4c)
11-08 17:31:00.079 22420 22420 F DEBUG : record_addr:0x7fbe2fde00 record:0xfda9007faa979fc0 (/apex/com.android.runtime/lib64/bionic/libc.so+0xe4fc0)
11-08 17:31:00.079 22420 22420 F DEBUG : record_addr:0x7fbe2fddf8 record:0xfdba005555bd3da4 (/data/data/avrc_poc+0x67eda4)
11-08 17:31:00.079 22420 22420 F DEBUG : record_addr:0x7fbe2fddf0 record:0xfd77007faa97b9cc (/apex/com.android.runtime/lib64/bionic/libc.so+0xe69cc)
11-08 17:31:00.079 22420 22420 F DEBUG : record_addr:0x7fbe2fdde8 record:0xfd93007faa961d4c (/apex/com.android.runtime/lib64/bionic/libc.so+0xccd4c)
11-08 17:31:00.079 22420 22420 F DEBUG : record_addr:0x7fbe2fdde0 record:0xfda9007faa979fc0 (/apex/com.android.runtime/lib64/bionic/libc.so+0xe4fc0)
11-08 17:31:00.079 22420 22420 F DEBUG : record_addr:0x7fbe2fddd8 record:0xfdba005555bd3da4 (/data/data/avrc_poc+0x67eda4)
11-08 17:31:00.079 22420 22420 F DEBUG : record_addr:0x7fbe2fddd0 record:0xfdc4005555b32a08 (/data/data/avrc_poc+0x5dda08)
11-08 17:31:00.079 22420 22420 F DEBUG : record_addr:0x7fbe2fddc8 record:0xfdbb007fb0ddc624 (/system/lib64/libc++.so+0xcb624)
11-08 17:31:00.079 22420 22420 F DEBUG : record_addr:0x7fbe2fddc0 record:0xfdc5005555b2410c (/data/data/avrc_poc+0x5cf10c)
11-08 17:31:00.079 22420 22420 F DEBUG : record_addr:0x7fbe2fddb8 record:0xfdad005555b20e24 (/data/data/avrc_poc+0x5cbe24)
11-08 17:31:00.079 22420 22420 F DEBUG : record_addr:0x7fbe2fddb0 record:0xfdad005555b20e24 (/data/data/avrc_poc+0x5cbe24)
11-08 17:31:00.079 22420 22420 F DEBUG : record_addr:0x7fbe2fdda8 record:0xfdad005555b20e24 (/data/data/avrc_poc+0x5cbe24)
11-08 17:31:00.079 22420 22420 F DEBUG : record_addr:0x7fbe2fdda0 record:0xfdad005555b20e24 (/data/data/avrc_poc+0x5cbe24)
11-08 17:31:00.079 22420 22420 F DEBUG : record_addr:0x7fbe2fdd98 record:0xfdad005555b20e24 (/data/data/avrc_poc+0x5cbe24)
11-08 17:31:00.079 22420 22420 F DEBUG : record_addr:0x7fbe2fdd90 record:0xfdad005555b20e24 (/data/data/avrc_poc+0x5cbe24)
11-08 17:31:00.079 22420 22420 F DEBUG : record_addr:0x7fbe2fdd88 record:0xfdad005555b20e24 (/data/data/avrc_poc+0x5cbe24)
11-08 17:31:00.079 22420 22420 F DEBUG : record_addr:0x7fbe2fdd80 record:0xfdad005555b20e24 (/data/data/avrc_poc+0x5cbe24)
11-08 17:31:00.079 22420 22420 F DEBUG : record_addr:0x7fbe2fdd78 record:0xfdad005555b20e24 (/data/data/avrc_poc+0x5cbe24)
11-08 17:31:00.079 22420 22420 F DEBUG : record_addr:0x7fbe2fdd70 record:0xfdc4005555b22430 (/data/data/avrc_poc+0x5cd430)
11-08 17:31:00.079 22420 22420 F DEBUG : record_addr:0x7fbe2fdd68 record:0xfd28007faa983160 (/apex/com.android.runtime/lib64/bionic/libc.so+0xee160)
11-08 17:31:00.079 22420 22420 F DEBUG : record_addr:0x7fbe2fdd60 record:0xfd18007faa95feec (/apex/com.android.runtime/lib64/bionic/libc.so+0xcaeec)
11-08 17:31:00.079 22420 22420 F DEBUG : record_addr:0x7fbe2fdd58 record:0xfd23007faa983160 (/apex/com.android.runtime/lib64/bionic/libc.so+0xee160)
11-08 17:31:00.079 22420 22420 F DEBUG : record_addr:0x7fbe2fdd50 record:0xfd2d007faa97b2d0 (/apex/com.android.runtime/lib64/bionic/libc.so+0xe62d0)
11-08 17:31:00.079 22420 22420 F DEBUG : record_addr:0x7fbe2fdd48 record:0xfd04005555f8c134 (/data/data/avrc_poc+0xa37134)
11-08 17:31:00.079 22420 22420 F DEBUG : record_addr:0x7fbe2fdd40 record:0xfd12005555f8c624 (/data/data/avrc_poc+0xa37624)
11-08 17:31:00.079 22420 22420 F DEBUG : record_addr:0x7fbe2fdd38 record:0xfcfc005555f8d4c0 (/data/data/avrc_poc+0xa384c0)
11-08 17:31:00.079 22420 22420 F DEBUG : record_addr:0x7fbe2fdd30 record:0xfcfc005555f8d4c0 (/data/data/avrc_poc+0xa384c0)
11-08 17:31:00.079 22420 22420 F DEBUG : record_addr:0x7fbe2fdd28 record:0xfd12005555f8cf44 (/data/data/avrc_poc+0xa37f44)
11-08 17:31:00.079 22420 22420 F DEBUG : record_addr:0x7fbe2fdd20 record:0xfd1b005555f89e60 (/data/data/avrc_poc+0xa34e60)
11-08 17:31:00.079 22420 22420 F DEBUG : record_addr:0x7fbe2fdd18 record:0xfd24005555f89d20 (/data/data/avrc_poc+0xa34d20)
11-08 17:31:00.079 22420 22420 F DEBUG : record_addr:0x7fbe2fdd10 record:0xfd04007faa8ee8b0 (/apex/com.android.runtime/lib64/bionic/libc.so+0x598b0)
11-08 17:31:00.079 22420 22420 F DEBUG : record_addr:0x7fbe2fdd08 record:0xfd11005555f8c440 (/data/data/avrc_poc+0xa37440)
11-08 17:31:00.079 22420 22420 F DEBUG : record_addr:0x7fbe2fdd00 record:0xfd04007faa8ee8b0 (/apex/com.android.runtime/lib64/bionic/libc.so+0x598b0)
11-08 17:31:00.079 22420 22420 F DEBUG : record_addr:0x7fbe2fdcf8 record:0xfd11005555f8c440 (/data/data/avrc_poc+0xa37440)
11-08 17:31:00.079 22420 22420 F DEBUG : record_addr:0x7fbe2fdcf0 record:0xfd1e005555f8b9d4 (/data/data/avrc_poc+0xa369d4)
11-08 17:31:00.079 22420 22420 F DEBUG : record_addr:0x7fbe2fdce8 record:0xfd2d005555f8a0a4 (/data/data/avrc_poc+0xa350a4)
11-08 17:31:00.079 22420 22420 F DEBUG : record_addr:0x7fbe2fdce0 record:0xfd2f007fb0d81518 (/system/lib64/libc++.so+0x70518)
11-08 17:31:00.079 22420 22420 F DEBUG : record_addr:0x7fbe2fdcd8 record:0xfd2e007fb0d8c888 (/system/lib64/libc++.so+0x7b888)
11-08 17:31:00.079 22420 22420 F DEBUG : record_addr:0x7fbe2fdcd0 record:0xfd30007fb0dc1d88 (/system/lib64/libc++.so+0xb0d88)
11-08 17:31:00.079 22420 22420 F DEBUG : record_addr:0x7fbe2fdcc8 record:0xfda3007fb0ee7260 (/system/lib64/libchrome.so+0xdf260)
11-08 17:31:00.079 22420 22420 F DEBUG : record_addr:0x7fbe2fdcc0 record:0xfd88007fb0da0878 (/system/lib64/libc++.so+0x8f878)
11-08 17:31:00.079 22420 22420 F DEBUG : record_addr:0x7fbe2fdcb8 record:0xfd7d007fb0dc1d88 (/system/lib64/libc++.so+0xb0d88)
11-08 17:31:00.079 22420 22420 F DEBUG : record_addr:0x7fbe2fdcb0 record:0xfd7d007fb0dc1d88 (/system/lib64/libc++.so+0xb0d88)
11-08 17:31:00.079 22420 22420 F DEBUG : record_addr:0x7fbe2fdca8 record:0xfd88007fb0da0440 (/system/lib64/libc++.so+0x8f440)
11-08 17:31:00.079 22420 22420 F DEBUG : record_addr:0x7fbe2fdca0 record:0xfd48007faa94ec4c (/apex/com.android.runtime/lib64/bionic/libc.so+0xb9c4c)
11-08 17:31:00.079 22420 22420 F DEBUG : record_addr:0x7fbe2fdc98 record:0xfd66007faa97994c (/apex/com.android.runtime/lib64/bionic/libc.so+0xe494c)
11-08 17:31:00.079 22420 22420 F DEBUG : record_addr:0x7fbe2fdc90 record:0xfd6f007faa931594 (/apex/com.android.runtime/lib64/bionic/libc.so+0x9c594)
11-08 17:31:00.079 22420 22420 F DEBUG : record_addr:0x7fbe2fdc88 record:0xfd76007fb0dd8570 (/system/lib64/libc++.so+0xc7570)
11-08 17:31:00.079 22420 22420 F DEBUG : record_addr:0x7fbe2fdc80 record:0xfd8b007fb0da018c (/system/lib64/libc++.so+0x8f18c)
11-08 17:31:00.079 22420 22420 F DEBUG : record_addr:0x7fbe2fdc78 record:0xfd9b007fb0da0e70 (/system/lib64/libc++.so+0x8fe70)
11-08 17:31:00.079 22420 22420 F DEBUG : record_addr:0x7fbe2fdc70 record:0xfd9d007fb0dc1d88 (/system/lib64/libc++.so+0xb0d88)
11-08 17:31:00.079 22420 22420 F DEBUG : record_addr:0x7fbe2fdc68 record:0xfda4007fb0d8b4ac (/system/lib64/libc++.so+0x7a4ac)
11-08 17:31:00.079 22420 22420 F DEBUG : record_addr:0x7fbe2fdc60 record:0xfd980055556dee18 (/data/data/avrc_poc+0x189e18)
11-08 17:31:00.079 22420 22420 F DEBUG : record_addr:0x7fbe2fdc58 record:0xfda30055556dec10 (/data/data/avrc_poc+0x189c10)
11-08 17:31:00.079 22420 22420 F DEBUG : record_addr:0x7fbe2fdc50 record:0xfd980055556dee18 (/data/data/avrc_poc+0x189e18)
11-08 17:31:00.079 22420 22420 F DEBUG : record_addr:0x7fbe2fdc48 record:0xfda30055556dec10 (/data/data/avrc_poc+0x189c10)
11-08 17:31:00.079 22420 22420 F DEBUG : record_addr:0x7fbe2fdc40 record:0xfd66007fb0eca228 (/system/lib64/libchrome.so+0xc2228)
11-08 17:31:00.079 22420 22420 F DEBUG : record_addr:0x7fbe2fdc38 record:0xfd71007fb0eca020 (/system/lib64/libchrome.so+0xc2020)
11-08 17:31:00.079 22420 22420 F DEBUG : record_addr:0x7fbe2fdc30 record:0xfd55007fb0da0878 (/system/lib64/libc++.so+0x8f878)
11-08 17:31:00.079 22420 22420 F DEBUG : record_addr:0x7fbe2fdc28 record:0xfd4a007fb0dc1d88 (/system/lib64/libc++.so+0xb0d88)
11-08 17:31:00.079 22420 22420 F DEBUG : record_addr:0x7fbe2fdc20 record:0xfd4a007fb0dc1d88 (/system/lib64/libc++.so+0xb0d88)
11-08 17:31:00.079 22420 22420 F DEBUG : record_addr:0x7fbe2fdc18 record:0xfd55007fb0da0440 (/system/lib64/libc++.so+0x8f440)
11-08 17:31:00.079 22420 22420 F DEBUG : record_addr:0x7fbe2fdc10 record:0xfd15007faa94ec4c (/apex/com.android.runtime/lib64/bionic/libc.so+0xb9c4c)
11-08 17:31:00.079 22420 22420 F DEBUG : record_addr:0x7fbe2fdc08 record:0xfd33007faa97994c (/apex/com.android.runtime/lib64/bionic/libc.so+0xe494c)
11-08 17:31:00.079 22420 22420 F DEBUG : record_addr:0x7fbe2fdc00 record:0xfd3c007faa931594 (/apex/com.android.runtime/lib64/bionic/libc.so+0x9c594)
11-08 17:31:00.079 22420 22420 F DEBUG : record_addr:0x7fbe2fdbf8 record:0xfd43007fb0dd8570 (/system/lib64/libc++.so+0xc7570)
11-08 17:31:00.079 22420 22420 F DEBUG : record_addr:0x7fbe2fdbf0 record:0xfd58007fb0da018c (/system/lib64/libc++.so+0x8f18c)
11-08 17:31:00.079 22420 22420 F DEBUG : record_addr:0x7fbe2fdbe8 record:0xfd68007fb0d9fcdc (/system/lib64/libc++.so+0x8ecdc)
11-08 17:31:00.079 22420 22420 F DEBUG : record_addr:0x7fbe2fdbe0 record:0xfd6a007fb0dc1d88 (/system/lib64/libc++.so+0xb0d88)
11-08 17:31:00.079 22420 22420 F DEBUG : record_addr:0x7fbe2fdbd8 record:0xfd71007fb0d8add4 (/system/lib64/libc++.so+0x79dd4)
11-08 17:31:00.079 22420 22420 F DEBUG : record_addr:0x7fbe2fdbd0 record:0xfd66007fb0eca228 (/system/lib64/libchrome.so+0xc2228)
11-08 17:31:00.079 22420 22420 F DEBUG : record_addr:0x7fbe2fdbc8 record:0xfd71007fb0eca020 (/system/lib64/libchrome.so+0xc2020)
11-08 17:31:00.079 22420 22420 F DEBUG : record_addr:0x7fbe2fdbc0 record:0xfd71007fb0d8ca58 (/system/lib64/libc++.so+0x7ba58)
11-08 17:31:00.079 22420 22420 F DEBUG : record_addr:0x7fbe2fdbb8 record:0xfd66007fb0eca228 (/system/lib64/libchrome.so+0xc2228)
11-08 17:31:00.079 22420 22420 F DEBUG : record_addr:0x7fbe2fdbb0 record:0xfd71007fb0eca020 (/system/lib64/libchrome.so+0xc2020)
11-08 17:31:00.079 22420 22420 F DEBUG : record_addr:0x7fbe2fdba8 record:0xfd66007fb0eca228 (/system/lib64/libchrome.so+0xc2228)
11-08 17:31:00.079 22420 22420 F DEBUG : record_addr:0x7fbe2fdba0 record:0xfd71007fb0eca020 (/system/lib64/libchrome.so+0xc2020)
11-08 17:31:00.079 22420 22420 F DEBUG : record_addr:0x7fbe2fdb98 record:0xfd66007fb0eca228 (/system/lib64/libchrome.so+0xc2228)
11-08 17:31:00.079 22420 22420 F DEBUG : record_addr:0x7fbe2fdb90 record:0xfd71007fb0eca020 (/system/lib64/libchrome.so+0xc2020)
11-08 17:31:00.079 22420 22420 F DEBUG : record_addr:0x7fbe2fdb88 record:0xfd56007fb0da0878 (/system/lib64/libc++.so+0x8f878)
11-08 17:31:00.079 22420 22420 F DEBUG : record_addr:0x7fbe2fdb80 record:0xfd4b007fb0dc1d88 (/system/lib64/libc++.so+0xb0d88)
11-08 17:31:00.079 22420 22420 F DEBUG : record_addr:0x7fbe2fdb78 record:0xfd4b007fb0dc1d88 (/system/lib64/libc++.so+0xb0d88)
11-08 17:31:00.079 22420 22420 F DEBUG : record_addr:0x7fbe2fdb70 record:0xfd56007fb0da0440 (/system/lib64/libc++.so+0x8f440)
11-08 17:31:00.079 22420 22420 F DEBUG : record_addr:0x7fbe2fdb68 record:0xfd16007faa94ec4c (/apex/com.android.runtime/lib64/bionic/libc.so+0xb9c4c)
11-08 17:31:00.079 22420 22420 F DEBUG : record_addr:0x7fbe2fdb60 record:0xfd34007faa97994c (/apex/com.android.runtime/lib64/bionic/libc.so+0xe494c)
11-08 17:31:00.079 22420 22420 F DEBUG : record_addr:0x7fbe2fdb58 record:0xfd3d007faa931594 (/apex/com.android.runtime/lib64/bionic/libc.so+0x9c594)
11-08 17:31:00.079 22420 22420 F DEBUG : record_addr:0x7fbe2fdb50 record:0xfd44007fb0dd8570 (/system/lib64/libc++.so+0xc7570)
11-08 17:31:00.079 22420 22420 F DEBUG : record_addr:0x7fbe2fdb48 record:0xfd59007fb0da018c (/system/lib64/libc++.so+0x8f18c)
11-08 17:31:00.079 22420 22420 F DEBUG : record_addr:0x7fbe2fdb40 record:0xfd69007fb0d9fcdc (/system/lib64/libc++.so+0x8ecdc)
11-08 17:31:00.079 22420 22420 F DEBUG : record_addr:0x7fbe2fdb38 record:0xfd6b007fb0dc1d88 (/system/lib64/libc++.so+0xb0d88)
11-08 17:31:00.079 22420 22420 F DEBUG : record_addr:0x7fbe2fdb30 record:0xfd72007fb0d8b274 (/system/lib64/libc++.so+0x7a274)
11-08 17:31:00.079 22420 22420 F DEBUG : record_addr:0x7fbe2fdb28 record:0xfd66007fb0eca228 (/system/lib64/libchrome.so+0xc2228)
11-08 17:31:00.079 22420 22420 F DEBUG : record_addr:0x7fbe2fdb20 record:0xfd71007fb0eca020 (/system/lib64/libchrome.so+0xc2020)
11-08 17:31:00.079 22420 22420 F DEBUG : record_addr:0x7fbe2fdb18 record:0xfd55007fb0da0878 (/system/lib64/libc++.so+0x8f878)
11-08 17:31:00.079 22420 22420 F DEBUG : record_addr:0x7fbe2fdb10 record:0xfd4a007fb0dc1d88 (/system/lib64/libc++.so+0xb0d88)
11-08 17:31:00.079 22420 22420 F DEBUG : record_addr:0x7fbe2fdb08 record:0xfd4a007fb0dc1d88 (/system/lib64/libc++.so+0xb0d88)
11-08 17:31:00.079 22420 22420 F DEBUG : record_addr:0x7fbe2fdb00 record:0xfd55007fb0da0440 (/system/lib64/libc++.so+0x8f440)
11-08 17:31:00.079 22420 22420 F DEBUG : record_addr:0x7fbe2fdaf8 record:0xfd15007faa94ec4c (/apex/com.android.runtime/lib64/bionic/libc.so+0xb9c4c)
11-08 17:31:00.079 22420 22420 F DEBUG : record_addr:0x7fbe2fdaf0 record:0xfd33007faa97994c (/apex/com.android.runtime/lib64/bionic/libc.so+0xe494c)
11-08 17:31:00.080 22420 22420 F DEBUG : record_addr:0x7fbe2fdae8 record:0xfd3c007faa931594 (/apex/com.android.runtime/lib64/bionic/libc.so+0x9c594)
11-08 17:31:00.080 22420 22420 F DEBUG : record_addr:0x7fbe2fdae0 record:0xfd43007fb0dd8570 (/system/lib64/libc++.so+0xc7570)
11-08 17:31:00.080 22420 22420 F DEBUG : record_addr:0x7fbe2fdad8 record:0xfd58007fb0da018c (/system/lib64/libc++.so+0x8f18c)
11-08 17:31:00.080 22420 22420 F DEBUG : record_addr:0x7fbe2fdad0 record:0xfd68007fb0d9fcdc (/system/lib64/libc++.so+0x8ecdc)
11-08 17:31:00.080 22420 22420 F DEBUG : record_addr:0x7fbe2fdac8 record:0xfd6a007fb0dc1d88 (/system/lib64/libc++.so+0xb0d88)
11-08 17:31:00.080 22420 22420 F DEBUG : record_addr:0x7fbe2fdac0 record:0xfd71007fb0d8add4 (/system/lib64/libc++.so+0x79dd4)
11-08 17:31:00.080 22420 22420 F DEBUG : record_addr:0x7fbe2fdab8 record:0xfd55007fb0da0878 (/system/lib64/libc++.so+0x8f878)
11-08 17:31:00.080 22420 22420 F DEBUG : record_addr:0x7fbe2fdab0 record:0xfd4a007fb0dc1d88 (/system/lib64/libc++.so+0xb0d88)
11-08 17:31:00.080 22420 22420 F DEBUG : record_addr:0x7fbe2fdaa8 record:0xfd4a007fb0dc1d88 (/system/lib64/libc++.so+0xb0d88)
11-08 17:31:00.080 22420 22420 F DEBUG : record_addr:0x7fbe2fdaa0 record:0xfd55007fb0da0440 (/system/lib64/libc++.so+0x8f440)
11-08 17:31:00.080 22420 22420 F DEBUG : record_addr:0x7fbe2fda98 record:0xfd15007faa94ec4c (/apex/com.android.runtime/lib64/bionic/libc.so+0xb9c4c)
11-08 17:31:00.080 22420 22420 F DEBUG : record_addr:0x7fbe2fda90 record:0xfd33007faa97994c (/apex/com.android.runtime/lib64/bionic/libc.so+0xe494c)
11-08 17:31:00.080 22420 22420 F DEBUG : record_addr:0x7fbe2fda88 record:0xfd3c007faa931594 (/apex/com.android.runtime/lib64/bionic/libc.so+0x9c594)
11-08 17:31:00.080 22420 22420 F DEBUG : record_addr:0x7fbe2fda80 record:0xfd43007fb0dd8570 (/system/lib64/libc++.so+0xc7570)
11-08 17:31:00.080 22420 22420 F DEBUG : record_addr:0x7fbe2fda78 record:0xfd58007fb0da018c (/system/lib64/libc++.so+0x8f18c)
11-08 17:31:00.080 22420 22420 F DEBUG : record_addr:0x7fbe2fda70 record:0xfd68007fb0d9fcdc (/system/lib64/libc++.so+0x8ecdc)
11-08 17:31:00.080 22420 22420 F DEBUG : record_addr:0x7fbe2fda68 record:0xfd6a007fb0dc1d88 (/system/lib64/libc++.so+0xb0d88)
11-08 17:31:00.080 22420 22420 F DEBUG : record_addr:0x7fbe2fda60 record:0xfd71007fb0d8add4 (/system/lib64/libc++.so+0x79dd4)
11-08 17:31:00.080 22420 22420 F DEBUG : record_addr:0x7fbe2fda58 record:0xfd55007fb0da0878 (/system/lib64/libc++.so+0x8f878)
11-08 17:31:00.080 22420 22420 F DEBUG : record_addr:0x7fbe2fda50 record:0xfd4a007fb0dc1d88 (/system/lib64/libc++.so+0xb0d88)
11-08 17:31:00.080 22420 22420 F DEBUG : record_addr:0x7fbe2fda48 record:0xfd4a007fb0dc1d88 (/system/lib64/libc++.so+0xb0d88)
11-08 17:31:00.080 22420 22420 F DEBUG : record_addr:0x7fbe2fda40 record:0xfd55007fb0da0440 (/system/lib64/libc++.so+0x8f440)
11-08 17:31:00.080 22420 22420 F DEBUG : record_addr:0x7fbe2fda38 record:0xfd15007faa94ec4c (/apex/com.android.runtime/lib64/bionic/libc.so+0xb9c4c)
11-08 17:31:00.080 22420 22420 F DEBUG : record_addr:0x7fbe2fda30 record:0xfd33007faa97994c (/apex/com.android.runtime/lib64/bionic/libc.so+0xe494c)
11-08 17:31:00.080 22420 22420 F DEBUG : record_addr:0x7fbe2fda28 record:0xfd3c007faa931594 (/apex/com.android.runtime/lib64/bionic/libc.so+0x9c594)
11-08 17:31:00.080 22420 22420 F DEBUG : record_addr:0x7fbe2fda20 record:0xfd43007fb0dd8570 (/system/lib64/libc++.so+0xc7570)
11-08 17:31:00.080 22420 22420 F DEBUG : record_addr:0x7fbe2fda18 record:0xfd58007fb0da018c (/system/lib64/libc++.so+0x8f18c)
11-08 17:31:00.080 22420 22420 F DEBUG : record_addr:0x7fbe2fda10 record:0xfd68007fb0d9fcdc (/system/lib64/libc++.so+0x8ecdc)
11-08 17:31:00.080 22420 22420 F DEBUG : record_addr:0x7fbe2fda08 record:0xfd6a007fb0dc1d88 (/system/lib64/libc++.so+0xb0d88)
11-08 17:31:00.080 22420 22420 F DEBUG : record_addr:0x7fbe2fda00 record:0xfd71007fb0d8add4 (/system/lib64/libc++.so+0x79dd4)
11-08 17:31:00.080 22420 22420 F DEBUG : record_addr:0x7fbe2fd9f8 record:0xfd66007fb0eca228 (/system/lib64/libchrome.so+0xc2228)
11-08 17:31:00.080 22420 22420 F DEBUG : record_addr:0x7fbe2fd9f0 record:0xfd71007fb0eca020 (/system/lib64/libchrome.so+0xc2020)
11-08 17:31:00.080 22420 22420 F DEBUG : record_addr:0x7fbe2fd9e8 record:0xfd55007fb0da0878 (/system/lib64/libc++.so+0x8f878)
11-08 17:31:00.080 22420 22420 F DEBUG : record_addr:0x7fbe2fd9e0 record:0xfd4a007fb0dc1d88 (/system/lib64/libc++.so+0xb0d88)
11-08 17:31:00.080 22420 22420 F DEBUG : record_addr:0x7fbe2fd9d8 record:0xfd4a007fb0dc1d88 (/system/lib64/libc++.so+0xb0d88)
11-08 17:31:00.080 22420 22420 F DEBUG : record_addr:0x7fbe2fd9d0 record:0xfd55007fb0da0440 (/system/lib64/libc++.so+0x8f440)
11-08 17:31:00.080 22420 22420 F DEBUG : record_addr:0x7fbe2fd9c8 record:0xfd15007faa94ec4c (/apex/com.android.runtime/lib64/bionic/libc.so+0xb9c4c)
11-08 17:31:00.080 22420 22420 F DEBUG : record_addr:0x7fbe2fd9c0 record:0xfd33007faa97994c (/apex/com.android.runtime/lib64/bionic/libc.so+0xe494c)
11-08 17:31:00.080 22420 22420 F DEBUG : record_addr:0x7fbe2fd9b8 record:0xfd3c007faa931594 (/apex/com.android.runtime/lib64/bionic/libc.so+0x9c594)
11-08 17:31:00.080 22420 22420 F DEBUG : record_addr:0x7fbe2fd9b0 record:0xfd43007fb0dd8570 (/system/lib64/libc++.so+0xc7570)
11-08 17:31:00.080 22420 22420 F DEBUG : record_addr:0x7fbe2fd9a8 record:0xfd58007fb0da018c (/system/lib64/libc++.so+0x8f18c)
11-08 17:31:00.080 22420 22420 F DEBUG : record_addr:0x7fbe2fd9a0 record:0xfd68007fb0d9fcdc (/system/lib64/libc++.so+0x8ecdc)
11-08 17:31:00.080 22420 22420 F DEBUG : record_addr:0x7fbe2fd998 record:0xfd6a007fb0dc1d88 (/system/lib64/libc++.so+0xb0d88)
11-08 17:31:00.081 22420 22420 F DEBUG : record_addr:0x7fbe2fd990 record:0xfd71007fb0d8add4 (/system/lib64/libc++.so+0x79dd4)
11-08 17:31:00.081 22420 22420 F DEBUG : record_addr:0x7fbe2fd988 record:0xfd55007fb0da0878 (/system/lib64/libc++.so+0x8f878)
11-08 17:31:00.081 22420 22420 F DEBUG : record_addr:0x7fbe2fd980 record:0xfd4a007fb0dc1d88 (/system/lib64/libc++.so+0xb0d88)
11-08 17:31:00.081 22420 22420 F DEBUG : record_addr:0x7fbe2fd978 record:0xfd4a007fb0dc1d88 (/system/lib64/libc++.so+0xb0d88)
11-08 17:31:00.081 22420 22420 F DEBUG : record_addr:0x7fbe2fd970 record:0xfd55007fb0da0440 (/system/lib64/libc++.so+0x8f440)
11-08 17:31:00.081 22420 22420 F DEBUG : record_addr:0x7fbe2fd968 record:0xfd15007faa94ec4c (/apex/com.android.runtime/lib64/bionic/libc.so+0xb9c4c)
11-08 17:31:00.081 22420 22420 F DEBUG : record_addr:0x7fbe2fd960 record:0xfd33007faa97994c (/apex/com.android.runtime/lib64/bionic/libc.so+0xe494c)
11-08 17:31:00.081 22420 22420 F DEBUG : record_addr:0x7fbe2fd958 record:0xfd3c007faa931594 (/apex/com.android.runtime/lib64/bionic/libc.so+0x9c594)
11-08 17:31:00.081 22420 22420 F DEBUG : record_addr:0x7fbe2fd950 record:0xfd43007fb0dd8570 (/system/lib64/libc++.so+0xc7570)
11-08 17:31:00.081 22420 22420 F DEBUG : record_addr:0x7fbe2fd948 record:0xfd58007fb0da018c (/system/lib64/libc++.so+0x8f18c)
11-08 17:31:00.081 22420 22420 F DEBUG : record_addr:0x7fbe2fd940 record:0xfd68007fb0d9fcdc (/system/lib64/libc++.so+0x8ecdc)
11-08 17:31:00.081 22420 22420 F DEBUG : record_addr:0x7fbe2fd938 record:0xfd6a007fb0dc1d88 (/system/lib64/libc++.so+0xb0d88)
11-08 17:31:00.081 22420 22420 F DEBUG : record_addr:0x7fbe2fd930 record:0xfd71007fb0d8add4 (/system/lib64/libc++.so+0x79dd4)
11-08 17:31:00.081 22420 22420 F DEBUG : record_addr:0x7fbe2fd928 record:0xfd6f007faa9664a8 (/apex/com.android.runtime/lib64/bionic/libc.so+0xd14a8)
11-08 17:31:00.081 22420 22420 F DEBUG : record_addr:0x7fbe2fd920 record:0xfce8007faa8f7b88 (/apex/com.android.runtime/lib64/bionic/libc.so+0x62b88)
11-08 17:31:00.081 22420 22420 F DEBUG : record_addr:0x7fbe2fd918 record:0xfcee007faa8f6b60 (/apex/com.android.runtime/lib64/bionic/libc.so+0x61b60)
11-08 17:31:00.081 22420 22420 F DEBUG : record_addr:0x7fbe2fd910 record:0xfcf1007faa9021dc (/apex/com.android.runtime/lib64/bionic/libc.so+0x6d1dc)
11-08 17:31:00.081 22420 22420 F DEBUG : record_addr:0x7fbe2fd908 record:0xfcfe007faa96e8bc (/apex/com.android.runtime/lib64/bionic/libc.so+0xd98bc)
11-08 17:31:00.081 22420 22420 F DEBUG : record_addr:0x7fbe2fd900 record:0xfcf1007faa9021dc (/apex/com.android.runtime/lib64/bionic/libc.so+0x6d1dc)
11-08 17:31:00.081 22420 22420 F DEBUG : record_addr:0x7fbe2fd8f8 record:0xfcfe007faa96e8bc (/apex/com.android.runtime/lib64/bionic/libc.so+0xd98bc)
11-08 17:31:00.081 22420 22420 F DEBUG : record_addr:0x7fbe2fd8f0 record:0xfd23007faa96749c (/apex/com.android.runtime/lib64/bionic/libc.so+0xd249c)
11-08 17:31:00.081 22420 22420 F DEBUG : record_addr:0x7fbe2fd8e8 record:0xfd36007faa96890c (/apex/com.android.runtime/lib64/bionic/libc.so+0xd390c)
11-08 17:31:00.081 22420 22420 F DEBUG : record_addr:0x7fbe2fd8e0 record:0xfd2e007faa8f7b88 (/apex/com.android.runtime/lib64/bionic/libc.so+0x62b88)
11-08 17:31:00.081 22420 22420 F DEBUG : record_addr:0x7fbe2fd8d8 record:0xfd34007faa8f6b60 (/apex/com.android.runtime/lib64/bionic/libc.so+0x61b60)
11-08 17:31:00.081 22420 22420 F DEBUG : record_addr:0x7fbe2fd8d0 record:0xfd27007faa9021dc (/apex/com.android.runtime/lib64/bionic/libc.so+0x6d1dc)
11-08 17:31:00.081 22420 22420 F DEBUG : record_addr:0x7fbe2fd8c8 record:0xfd34007faa96e8bc (/apex/com.android.runtime/lib64/bionic/libc.so+0xd98bc)
11-08 17:31:00.081 22420 22420 F DEBUG : record_addr:0x7fbe2fd8c0 record:0xfd27007faa9021dc (/apex/com.android.runtime/lib64/bionic/libc.so+0x6d1dc)
11-08 17:31:00.081 22420 22420 F DEBUG : record_addr:0x7fbe2fd8b8 record:0xfd34007faa96e8bc (/apex/com.android.runtime/lib64/bionic/libc.so+0xd98bc)
11-08 17:31:00.081 22420 22420 F DEBUG : record_addr:0x7fbe2fd8b0 record:0xfd59007faa96749c (/apex/com.android.runtime/lib64/bionic/libc.so+0xd249c)
11-08 17:31:00.081 22420 22420 F DEBUG : record_addr:0x7fbe2fd8a8 record:0xfd62007faa8efd34 (/apex/com.android.runtime/lib64/bionic/libc.so+0x5ad34)
11-08 17:31:00.081 22420 22420 F DEBUG : record_addr:0x7fbe2fd8a0 record:0xfd08007faa8f7b88 (/apex/com.android.runtime/lib64/bionic/libc.so+0x62b88)
11-08 17:31:00.081 22420 22420 F DEBUG : record_addr:0x7fbe2fd898 record:0xfd0e007faa8f6b60 (/apex/com.android.runtime/lib64/bionic/libc.so+0x61b60)
11-08 17:31:00.081 22420 22420 F DEBUG : record_addr:0x7fbe2fd890 record:0xfd12007faa8eee80 (/apex/com.android.runtime/lib64/bionic/libc.so+0x59e80)
11-08 17:31:00.081 22420 22420 F DEBUG : record_addr:0x7fbe2fd888 record:0xfd11007faa9021dc (/apex/com.android.runtime/lib64/bionic/libc.so+0x6d1dc)
11-08 17:31:00.081 22420 22420 F DEBUG : record_addr:0x7fbe2fd880 record:0xfcf7007faa8e89e0 (/apex/com.android.runtime/lib64/bionic/libc.so+0x539e0)
11-08 17:31:00.081 22420 22420 F DEBUG : record_addr:0x7fbe2fd878 record:0xfd12007faa8e9754 (/apex/com.android.runtime/lib64/bionic/libc.so+0x54754)
11-08 17:31:00.081 22420 22420 F DEBUG : record_addr:0x7fbe2fd870 record:0xfd5a007faa8ed0f8 (/apex/com.android.runtime/lib64/bionic/libc.so+0x580f8)
11-08 17:31:00.081 22420 22420 F DEBUG : record_addr:0x7fbe2fd868 record:0xfd62007faa8ee8b0 (/apex/com.android.runtime/lib64/bionic/libc.so+0x598b0)
11-08 17:31:00.081 22420 22420 F DEBUG : record_addr:0x7fbe2fd860 record:0xfd6f007faa96e538 (/apex/com.android.runtime/lib64/bionic/libc.so+0xd9538)
11-08 17:31:00.081 22420 22420 F DEBUG : record_addr:0x7fbe2fd858 record:0xfd66007fb0eca228 (/system/lib64/libchrome.so+0xc2228)
11-08 17:31:00.081 22420 22420 F DEBUG : record_addr:0x7fbe2fd850 record:0xfd69007fb0dc1d88 (/system/lib64/libc++.so+0xb0d88)
11-08 17:31:00.081 22420 22420 F DEBUG : record_addr:0x7fbe2fd848 record:0xfd71007fb0eca020 (/system/lib64/libchrome.so+0xc2020)
11-08 17:31:00.081 22420 22420 F DEBUG : record_addr:0x7fbe2fd840 record:0xfd71007fb0f3bb94 (/system/lib64/libchrome.so+0x133b94)
11-08 17:31:00.081 22420 22420 F DEBUG : record_addr:0x7fbe2fd838 record:0xfda3007fb0ee63a4 (/system/lib64/libchrome.so+0xde3a4)
11-08 17:31:00.081 22420 22420 F DEBUG : record_addr:0x7fbe2fd830 record:0xfd8b007fb0ddc624 (/system/lib64/libc++.so+0xcb624)
11-08 17:31:00.081 22420 22420 F DEBUG : record_addr:0x7fbe2fd828 record:0xfda3005555b1d1c0 (/data/data/avrc_poc+0x5c81c0)
11-08 17:31:00.081 22420 22420 F DEBUG : record_addr:0x7fbe2fd820 record:0xfdc0005555b1cef4 (/data/data/avrc_poc+0x5c7ef4)
11-08 17:31:00.081 22420 22420 F DEBUG : record_addr:0x7fbe2fd818 record:0xfdc2007fb0ddc624 (/system/lib64/libc++.so+0xcb624)
11-08 17:31:00.081 22420 22420 F DEBUG : record_addr:0x7fbe2fd810 record:0xfdbe007fb0ddc624 (/system/lib64/libc++.so+0xcb624)
11-08 17:31:00.081 22420 22420 F DEBUG : record_addr:0x7fbe2fd808 record:0xfdbb007fb0ddc624 (/system/lib64/libc++.so+0xcb624)
11-08 17:31:00.081 22420 22420 F DEBUG : record_addr:0x7fbe2fd800 record:0xfdc5005555afe56c (/data/data/avrc_poc+0x5a956c)
11-08 17:31:00.081 22420 22420 F DEBUG : record_addr:0x7fbe2fd7f8 record:0xfdbb007fb0ddc624 (/system/lib64/libc++.so+0xcb624)
11-08 17:31:00.081 22420 22420 F DEBUG : record_addr:0x7fbe2fd7f0 record:0xfdc5005555af80d0 (/data/data/avrc_poc+0x5a30d0)
11-08 17:31:00.081 22420 22420 F DEBUG : record_addr:0x7fbe2fd7e8 record:0xfdbf007faa983160 (/apex/com.android.runtime/lib64/bionic/libc.so+0xee160)
11-08 17:31:00.081 22420 22420 F DEBUG : record_addr:0x7fbe2fd7e0 record:0xfdbf007faa983160 (/apex/com.android.runtime/lib64/bionic/libc.so+0xee160)
11-08 17:31:00.081 22420 22420 F DEBUG : record_addr:0x7fbe2fd7d8 record:0xfdc2007fb0ddc624 (/system/lib64/libc++.so+0xcb624)
11-08 17:31:00.081 22420 22420 F DEBUG : record_addr:0x7fbe2fd7d0 record:0xfdc0007fb0ddc624 (/system/lib64/libc++.so+0xcb624)
11-08 17:31:00.081 22420 22420 F DEBUG : record_addr:0x7fbe2fd7c8 record:0xfdc4007fb0ddc624 (/system/lib64/libc++.so+0xcb624)
11-08 17:31:00.081 22420 22420 F DEBUG : record_addr:0x7fbe2fd7c0 record:0xfdc4005555913858 (/data/data/avrc_poc+0x3be858)
11-08 17:31:00.081 22420 22420 F DEBUG : record_addr:0x7fbe2fd7b8 record:0xfd57007fb34e433c (/system/lib64/libhidlbase.so+0x6233c)
11-08 17:31:00.081 22420 22420 F DEBUG : record_addr:0x7fbe2fd7b0 record:0xfd11007fb3524464 (/system/lib64/libhidlbase.so+0xa2464)
11-08 17:31:00.081 22420 22420 F DEBUG : record_addr:0x7fbe2fd7a8 record:0xfd11007fb3524464 (/system/lib64/libhidlbase.so+0xa2464)
11-08 17:31:00.081 22420 22420 F DEBUG : record_addr:0x7fbe2fd7a0 record:0xfd11007fb35206fc (/system/lib64/libhidlbase.so+0x9e6fc)
11-08 17:31:00.081 22420 22420 F DEBUG : record_addr:0x7fbe2fd798 record:0xfd10007faa8ea79c (/apex/com.android.runtime/lib64/bionic/libc.so+0x5579c)
11-08 17:31:00.081 22420 22420 F DEBUG : record_addr:0x7fbe2fd790 record:0xfd19007fb3524174 (/system/lib64/libhidlbase.so+0xa2174)
11-08 17:31:00.081 22420 22420 F DEBUG : record_addr:0x7fbe2fd788 record:0xfd19007fb3524174 (/system/lib64/libhidlbase.so+0xa2174)
11-08 17:31:00.081 22420 22420 F DEBUG : record_addr:0x7fbe2fd780 record:0xfcf8007fb34e7c48 (/system/lib64/libhidlbase.so+0x65c48)
11-08 17:31:00.081 22420 22420 F DEBUG : record_addr:0x7fbe2fd778 record:0xfcf7007fb34e7ea0 (/system/lib64/libhidlbase.so+0x65ea0)
11-08 17:31:00.081 22420 22420 F DEBUG : record_addr:0x7fbe2fd770 record:0xfd16007fb356f78c (/system/lib64/libhidlbase.so+0xed78c)
11-08 17:31:00.081 22420 22420 F DEBUG : record_addr:0x7fbe2fd768 record:0xfce9007fb35206fc (/system/lib64/libhidlbase.so+0x9e6fc)
11-08 17:31:00.081 22420 22420 F DEBUG : record_addr:0x7fbe2fd760 record:0xfce8007faa8ea79c (/apex/com.android.runtime/lib64/bionic/libc.so+0x5579c)
11-08 17:31:00.081 22420 22420 F DEBUG : record_addr:0x7fbe2fd758 record:0xfcf1007fb3524174 (/system/lib64/libhidlbase.so+0xa2174)
11-08 17:31:00.081 22420 22420 F DEBUG : record_addr:0x7fbe2fd750 record:0xfcf6007fb3522fb0 (/system/lib64/libhidlbase.so+0xa0fb0)
11-08 17:31:00.081 22420 22420 F DEBUG : record_addr:0x7fbe2fd748 record:0xfcf6007fb3522fb0 (/system/lib64/libhidlbase.so+0xa0fb0)
11-08 17:31:00.081 22420 22420 F DEBUG : record_addr:0x7fbe2fd740 record:0xfcf6007fb3523404 (/system/lib64/libhidlbase.so+0xa1404)
11-08 17:31:00.081 22420 22420 F DEBUG : record_addr:0x7fbe2fd738 record:0xfce6007fb3521ef0 (/system/lib64/libhidlbase.so+0x9fef0)
11-08 17:31:00.081 22420 22420 F DEBUG : record_addr:0x7fbe2fd730 record:0xfce6007fb3521ef0 (/system/lib64/libhidlbase.so+0x9fef0)
11-08 17:31:00.081 22420 22420 F DEBUG : record_addr:0x7fbe2fd728 record:0xfcea007faa8ff5e0 (/apex/com.android.runtime/lib64/bionic/libc.so+0x6a5e0)
11-08 17:31:00.081 22420 22420 F DEBUG : record_addr:0x7fbe2fd720 record:0xfcf6007fb3522fb0 (/system/lib64/libhidlbase.so+0xa0fb0)
11-08 17:31:00.081 22420 22420 F DEBUG : record_addr:0x7fbe2fd718 record:0xfd04007fb3521638 (/system/lib64/libhidlbase.so+0x9f638)
11-08 17:31:00.081 22420 22420 F DEBUG : record_addr:0x7fbe2fd710 record:0xfd04007fb3520f80 (/system/lib64/libhidlbase.so+0x9ef80)
11-08 17:31:00.081 22420 22420 F DEBUG : record_addr:0x7fbe2fd708 record:0xfd16007fb3520cc4 (/system/lib64/libhidlbase.so+0x9ecc4)
11-08 17:31:00.081 22420 22420 F DEBUG : record_addr:0x7fbe2fd700 record:0xfd15007fb3525910 (/system/lib64/libhidlbase.so+0xa3910)
11-08 17:31:00.081 22420 22420 F DEBUG : record_addr:0x7fbe2fd6f8 record:0xfd1f007fb352578c (/system/lib64/libhidlbase.so+0xa378c)
11-08 17:31:00.081 22420 22420 F DEBUG : record_addr:0x7fbe2fd6f0 record:0xfd0a007fb3521ef0 (/system/lib64/libhidlbase.so+0x9fef0)
11-08 17:31:00.081 22420 22420 F DEBUG : record_addr:0x7fbe2fd6e8 record:0xfd13007fb3525910 (/system/lib64/libhidlbase.so+0xa3910)
11-08 17:31:00.081 22420 22420 F DEBUG : record_addr:0x7fbe2fd6e0 record:0xfd1d007fb352dec8 (/system/lib64/libhidlbase.so+0xabec8)
11-08 17:31:00.081 22420 22420 F DEBUG : record_addr:0x7fbe2fd6d8 record:0xfd16007fb3521ef0 (/system/lib64/libhidlbase.so+0x9fef0)
11-08 17:31:00.081 22420 22420 F DEBUG : record_addr:0x7fbe2fd6d0 record:0xfd1b007fb35248c8 (/system/lib64/libhidlbase.so+0xa28c8)
11-08 17:31:00.081 22420 22420 F DEBUG : record_addr:0x7fbe2fd6c8 record:0xfd1b007fb35248c8 (/system/lib64/libhidlbase.so+0xa28c8)
11-08 17:31:00.081 22420 22420 F DEBUG : record_addr:0x7fbe2fd6c0 record:0xfd4e007fb3560634 (/system/lib64/libhidlbase.so+0xde634)
11-08 17:31:00.081 22420 22420 F DEBUG : record_addr:0x7fbe2fd6b8 record:0xfd58007fb3562518 (/system/lib64/libhidlbase.so+0xe0518)
11-08 17:31:00.081 22420 22420 F DEBUG : record_addr:0x7fbe2fd6b0 record:0xfd58007fb34e1924 (/system/lib64/libhidlbase.so+0x5f924)
11-08 17:31:00.081 22420 22420 F DEBUG : record_addr:0x7fbe2fd6a8 record:0xfbef007faa8f7b88 (/apex/com.android.runtime/lib64/bionic/libc.so+0x62b88)
11-08 17:31:00.081 22420 22420 F DEBUG : record_addr:0x7fbe2fd6a0 record:0xfbf5007faa8f6b60 (/apex/com.android.runtime/lib64/bionic/libc.so+0x61b60)
11-08 17:31:00.081 22420 22420 F DEBUG : record_addr:0x7fbe2fd698 record:0xfbf7007faa983160 (/apex/com.android.runtime/lib64/bionic/libc.so+0xee160)
11-08 17:31:00.081 22420 22420 F DEBUG : record_addr:0x7fbe2fd690 record:0xfbff007faa975b88 (/apex/com.android.runtime/lib64/bionic/libc.so+0xe0b88)
11-08 17:31:00.081 22420 22420 F DEBUG : record_addr:0x7fbe2fd688 record:0xfbb6007faa94ec4c (/apex/com.android.runtime/lib64/bionic/libc.so+0xb9c4c)
11-08 17:31:00.081 22420 22420 F DEBUG : record_addr:0x7fbe2fd680 record:0xfbd4007faa97994c (/apex/com.android.runtime/lib64/bionic/libc.so+0xe494c)
11-08 17:31:00.081 22420 22420 F DEBUG : record_addr:0x7fbe2fd678 record:0xfbdd007faa931594 (/apex/com.android.runtime/lib64/bionic/libc.so+0x9c594)
11-08 17:31:00.081 22420 22420 F DEBUG : record_addr:0x7fbe2fd670 record:0xfbf1005555f86f78 (/data/data/avrc_poc+0xa31f78)
11-08 17:31:00.081 22420 22420 F DEBUG : record_addr:0x7fbe2fd668 record:0xfbc2007faa8ee8b0 (/apex/com.android.runtime/lib64/bionic/libc.so+0x598b0)
11-08 17:31:00.081 22420 22420 F DEBUG : record_addr:0x7fbe2fd660 record:0xfbf1007fb0f9b3cc (/system/lib64/libchrome.so+0x1933cc)
11-08 17:31:00.081 22420 22420 F DEBUG : record_addr:0x7fbe2fd658 record:0xfbff005555f86db4 (/data/data/avrc_poc+0xa31db4)
11-08 17:31:00.081 22420 22420 F DEBUG : record_addr:0x7fbe2fd650 record:0xfbf3007faa95feec (/apex/com.android.runtime/lib64/bionic/libc.so+0xcaeec)
11-08 17:31:00.081 22420 22420 F DEBUG : record_addr:0x7fbe2fd648 record:0xfbfb007faa983160 (/apex/com.android.runtime/lib64/bionic/libc.so+0xee160)
11-08 17:31:00.081 22420 22420 F DEBUG : record_addr:0x7fbe2fd640 record:0xfbf7007faa8f7b88 (/apex/com.android.runtime/lib64/bionic/libc.so+0x62b88)
11-08 17:31:00.081 22420 22420 F DEBUG : record_addr:0x7fbe2fd638 record:0xfbf8007faa901f64 (/apex/com.android.runtime/lib64/bionic/libc.so+0x6cf64)
11-08 17:31:00.081 22420 22420 F DEBUG : record_addr:0x7fbe2fd630 record:0xfc00007faa974fe4 (/apex/com.android.runtime/lib64/bionic/libc.so+0xdffe4)
11-08 17:31:00.081 22420 22420 F DEBUG : record_addr:0x7fbe2fd628 record:0xfbce007faa8ee8b0 (/apex/com.android.runtime/lib64/bionic/libc.so+0x598b0)
11-08 17:31:00.081 22420 22420 F DEBUG : record_addr:0x7fbe2fd620 record:0xfbfd007fb0f9b3cc (/system/lib64/libchrome.so+0x1933cc)
11-08 17:31:00.081 22420 22420 F DEBUG : record_addr:0x7fbe2fd618 record:0xfd16005555f873c8 (/data/data/avrc_poc+0xa323c8)
11-08 17:31:00.081 22420 22420 F DEBUG : record_addr:0x7fbe2fd610 record:0xfd11007fb3524464 (/system/lib64/libhidlbase.so+0xa2464)
11-08 17:31:00.081 22420 22420 F DEBUG : record_addr:0x7fbe2fd608 record:0xfd11007fb3524464 (/system/lib64/libhidlbase.so+0xa2464)
11-08 17:31:00.081 22420 22420 F DEBUG : record_addr:0x7fbe2fd600 record:0xfd11007fb35206fc (/system/lib64/libhidlbase.so+0x9e6fc)
11-08 17:31:00.081 22420 22420 F DEBUG : record_addr:0x7fbe2fd5f8 record:0xfd10007faa8ea79c (/apex/com.android.runtime/lib64/bionic/libc.so+0x5579c)
11-08 17:31:00.081 22420 22420 F DEBUG : record_addr:0x7fbe2fd5f0 record:0xfd19007fb3524174 (/system/lib64/libhidlbase.so+0xa2174)
11-08 17:31:00.081 22420 22420 F DEBUG : record_addr:0x7fbe2fd5e8 record:0xfd19007fb3524174 (/system/lib64/libhidlbase.so+0xa2174)
11-08 17:31:00.081 22420 22420 F DEBUG : record_addr:0x7fbe2fd5e0 record:0xfcf7007fb34e7ea0 (/system/lib64/libhidlbase.so+0x65ea0)
11-08 17:31:00.081 22420 22420 F DEBUG : record_addr:0x7fbe2fd5d8 record:0xfd16007fb356f78c (/system/lib64/libhidlbase.so+0xed78c)
11-08 17:31:00.081 22420 22420 F DEBUG : record_addr:0x7fbe2fd5d0 record:0xfce9007fb35206fc (/system/lib64/libhidlbase.so+0x9e6fc)
11-08 17:31:00.081 22420 22420 F DEBUG : record_addr:0x7fbe2fd5c8 record:0xfce8007faa8ea79c (/apex/com.android.runtime/lib64/bionic/libc.so+0x5579c)
11-08 17:31:00.081 22420 22420 F DEBUG : record_addr:0x7fbe2fd5c0 record:0xfcf1007fb3524174 (/system/lib64/libhidlbase.so+0xa2174)
11-08 17:31:00.081 22420 22420 F DEBUG : record_addr:0x7fbe2fd5b8 record:0xfcf6007fb3522fb0 (/system/lib64/libhidlbase.so+0xa0fb0)
11-08 17:31:00.081 22420 22420 F DEBUG : record_addr:0x7fbe2fd5b0 record:0xfcf6007fb3522fb0 (/system/lib64/libhidlbase.so+0xa0fb0)
11-08 17:31:00.081 22420 22420 F DEBUG : record_addr:0x7fbe2fd5a8 record:0xfcf6007fb3523404 (/system/lib64/libhidlbase.so+0xa1404)
11-08 17:31:00.081 22420 22420 F DEBUG : record_addr:0x7fbe2fd5a0 record:0xfce6007fb3521ef0 (/system/lib64/libhidlbase.so+0x9fef0)
11-08 17:31:00.081 22420 22420 F DEBUG : record_addr:0x7fbe2fd598 record:0xfce6007fb3521ef0 (/system/lib64/libhidlbase.so+0x9fef0)
11-08 17:31:00.081 22420 22420 F DEBUG : record_addr:0x7fbe2fd590 record:0xfcea007faa8ff5e0 (/apex/com.android.runtime/lib64/bionic/libc.so+0x6a5e0)
11-08 17:31:00.081 22420 22420 F DEBUG : record_addr:0x7fbe2fd588 record:0xfcf6007fb3522fb0 (/system/lib64/libhidlbase.so+0xa0fb0)
11-08 17:31:00.081 22420 22420 F DEBUG : record_addr:0x7fbe2fd580 record:0xfd04007fb3521638 (/system/lib64/libhidlbase.so+0x9f638)
11-08 17:31:00.081 22420 22420 F DEBUG : record_addr:0x7fbe2fd578 record:0xfd04007fb3520f80 (/system/lib64/libhidlbase.so+0x9ef80)
11-08 17:31:00.081 22420 22420 F DEBUG : record_addr:0x7fbe2fd570 record:0xfd16007fb3520cc4 (/system/lib64/libhidlbase.so+0x9ecc4)
11-08 17:31:00.081 22420 22420 F DEBUG : record_addr:0x7fbe2fd568 record:0xfd15007fb3525910 (/system/lib64/libhidlbase.so+0xa3910)
11-08 17:31:00.081 22420 22420 F DEBUG : record_addr:0x7fbe2fd560 record:0xfd1f007fb352578c (/system/lib64/libhidlbase.so+0xa378c)
11-08 17:31:00.081 22420 22420 F DEBUG : record_addr:0x7fbe2fd558 record:0xfd0a007fb3521ef0 (/system/lib64/libhidlbase.so+0x9fef0)
11-08 17:31:00.081 22420 22420 F DEBUG : record_addr:0x7fbe2fd550 record:0xfd13007fb3525910 (/system/lib64/libhidlbase.so+0xa3910)
11-08 17:31:00.081 22420 22420 F DEBUG : record_addr:0x7fbe2fd548 record:0xfd1d007fb352dec8 (/system/lib64/libhidlbase.so+0xabec8)
11-08 17:31:00.081 22420 22420 F DEBUG : record_addr:0x7fbe2fd540 record:0xfd16007fb3521ef0 (/system/lib64/libhidlbase.so+0x9fef0)
11-08 17:31:00.081 22420 22420 F DEBUG : record_addr:0x7fbe2fd538 record:0xfd1b007fb35248c8 (/system/lib64/libhidlbase.so+0xa28c8)
11-08 17:31:00.081 22420 22420 F DEBUG : record_addr:0x7fbe2fd530 record:0xfd1b007fb35248c8 (/system/lib64/libhidlbase.so+0xa28c8)
11-08 17:31:00.081 22420 22420 F DEBUG : record_addr:0x7fbe2fd528 record:0xfbef007faa8f7b88 (/apex/com.android.runtime/lib64/bionic/libc.so+0x62b88)
11-08 17:31:00.081 22420 22420 F DEBUG : record_addr:0x7fbe2fd520 record:0xfbf5007faa8f6b60 (/apex/com.android.runtime/lib64/bionic/libc.so+0x61b60)
