--------- beginning of system
09-03 17:47:59.490 7039 7054 D AtCkpdCmdHandler: De-queing command --------- beginning of crash
09-03 17:48:05.627 11071 11189 F libc : Fatal signal 11 (SIGSEGV), code 1, fault addr 0xe9380000 in tid 11189 (AudioOut_D)
09-03 17:48:05.707 359 359 W : debuggerd: handling request: pid=11071 uid=1041 gid=1005 tid=11189
09-03 17:48:05.796 7072 7072 F DEBUG : *** *** *** *** *** *** *** *** *** *** *** *** *** *** *** ***
09-03 17:48:05.796 7072 7072 F DEBUG : Build fingerprint: 'google/angler/angler:7.1.1/N4F26T/3687331:userdebug/dev-keys'
09-03 17:48:05.796 7072 7072 F DEBUG : Revision: '0'
09-03 17:48:05.796 7072 7072 F DEBUG : ABI: 'arm'
09-03 17:48:05.796 7072 7072 F DEBUG : pid: 11071, tid: 11189, name: AudioOut_D >>> /system/bin/audioserver <<<
09-03 17:48:05.797 7072 7072 F DEBUG : signal 11 (SIGSEGV), code 1 (SEGV_MAPERR), fault addr 0xe9380000
09-03 17:48:05.797 7072 7072 F DEBUG : r0 e9e7a240 r1 e9380000 r2 00000170 r3 00000000
09-03 17:48:05.797 7072 7072 F DEBUG : r4 00000002 r5 00000000 r6 ec1e1f25 r7 eb6f8000
09-03 17:48:05.797 7072 7072 F DEBUG : r8 00000000 r9 eb105204 sl 00000000 fp 000003c0
09-03 17:48:05.797 7072 7072 F DEBUG : ip ebd3df18 sp eaf80688 lr ec1e1f41 pc ebd38dd6 cpsr 20000030
09-03 17:48:05.805 7072 7072 F DEBUG :
09-03 17:48:05.805 7072 7072 F DEBUG : backtrace:
09-03 17:48:05.806 7072 7072 F DEBUG : #00 pc 00002dd6 /system/lib/libaudioutils.so (memcpy_to_float_from_i16+5)
09-03 17:48:05.806 7072 7072 F DEBUG : #01 pc 00040f3d /system/lib/libaudioflinger.so
09-03 17:48:05.806 7072 7072 F DEBUG : #02 pc 00040799 /system/lib/libaudioflinger.so
09-03 17:48:05.806 7072 7072 F DEBUG : #03 pc 00011178 /system/lib/libaudioflinger.so
09-03 17:48:05.806 7072 7072 F DEBUG : #04 pc 0003180b /system/lib/libaudioflinger.so
09-03 17:48:05.806 7072 7072 F DEBUG : #05 pc 0002fe57 /system/lib/libaudioflinger.so
09-03 17:48:05.806 7072 7072 F DEBUG : #06 pc 0000e345 /system/lib/libutils.so (_ZN7android6Thread11_threadLoopEPv+140)
09-03 17:48:05.806 7072 7072 F DEBUG : #07 pc 000470b3 /system/lib/libc.so (_ZL15__pthread_startPv+22)
09-03 17:48:05.806 7072 7072 F DEBUG : #08 pc 00019e3d /system/lib/libc.so (__start_thread+6)
09-03 17:48:05.967 11272 11568 W NativeCrashListener: Couldn't find ProcessRecord for pid 11071
09-03 17:48:05.969 359 359 W : debuggerd: resuming target 11071
09-03 17:48:05.981 11272 11307 I BootReceiver: Copying /data/tombstones/tombstone_01 to DropBox (SYSTEM_TOMBSTONE)
09-03 17:48:06.067 394 394 I ServiceManager: service 'media.sound_trigger_hw' died
06-15 19:57:33.607 12736 12761 D PermissionCache: checking android.permission.MODIFY_AUDIO_SETTINGS for uid=10197 => granted (698 us) --------- beginning of crash
06-15 19:57:33.607 12736 12761 F libc : Fatal signal 11 (SIGSEGV), code 1, fault addr 0x0 in tid 12761 (Binder:12736_2)
06-15 19:57:33.608 379 379 W : debuggerd: handling request: pid=12736 uid=1041 gid=1005 tid=12761
06-15 19:57:33.670 26192 26192 F DEBUG : *** *** *** *** *** *** *** *** *** *** *** *** *** *** *** ***
06-15 19:57:33.670 26192 26192 F DEBUG : Build fingerprint: 'google/bullhead/bullhead:7.1.2/N2G48C/4104010:userdebug/dev-keys'
06-15 19:57:33.670 26192 26192 F DEBUG : Revision: 'rev_1.0'
06-15 19:57:33.670 26192 26192 F DEBUG : ABI: 'arm'
06-15 19:57:33.670 26192 26192 F DEBUG : pid: 12736, tid: 12761, name: Binder:12736_2 >>> /system/bin/audioserver <<<
06-15 19:57:33.670 26192 26192 F DEBUG : signal 11 (SIGSEGV), code 1 (SEGV_MAPERR), fault addr 0x0
06-15 19:57:33.670 26192 26192 F DEBUG : r0 00000000 r1 00000000 r2 0000005f r3 00000000
06-15 19:57:33.670 26192 26192 F DEBUG : r4 ffffffff r5 00000000 r6 f14f9000 r7 00000001
06-15 19:57:33.670 26192 26192 F DEBUG : r8 00000004 r9 f3353114 sl f3313900 fp 00000000
06-15 19:57:33.670 26192 26192 F DEBUG : ip f3bd4d88 sp f127d9c8 lr f3b9cbc5 pc f3b65af4 cpsr 60000030
06-15 19:57:33.676 26192 26192 F DEBUG :
06-15 19:57:33.676 26192 26192 F DEBUG : backtrace:
06-15 19:57:33.677 26192 26192 F DEBUG : #00 pc 00018af4 /system/lib/libc.so (strlen+71)
06-15 19:57:33.677 26192 26192 F DEBUG : #01 pc 0004fbc1 /system/lib/libc.so (__strlen_chk+4)
06-15 19:57:33.677 26192 26192 F DEBUG : #02 pc 0000c599 /system/lib/libutils.so (_ZN7android7String8C2EPKc+12)
06-15 19:57:33.677 26192 26192 F DEBUG : #03 pc 0002fdbf /system/lib/libaudiopolicymanagerdefault.so (_ZNK7android18HwModuleCollection19getDeviceDescriptorEjPKcS2_b+458)
06-15 19:57:33.677 26192 26192 F DEBUG : #04 pc 0001de47 /system/lib/libaudiopolicymanagerdefault.so (_ZN7android18AudioPolicyManager27setDeviceConnectionStateIntEj24audio_policy_dev_state_tPKcS3_+178)
06-15 19:57:33.677 26192 26192 F DEBUG : #05 pc 0000a009 /system/lib/libaudiopolicyservice.so
06-15 19:57:33.677 26192 26192 F DEBUG : #06 pc 000a01a5 /system/lib/libmedia.so (_ZN7android20BnAudioPolicyService10onTransactEjRKNS_6ParcelEPS1_j+1256)
06-15 19:57:33.677 26192 26192 F DEBUG : #07 pc 000359c3 /system/lib/libbinder.so (_ZN7android7BBinder8transactEjRKNS_6ParcelEPS1_j+70)
06-15 19:57:33.677 26192 26192 F DEBUG : #08 pc 0003d1bb /system/lib/libbinder.so (_ZN7android14IPCThreadState14executeCommandEi+702)
06-15 19:57:33.677 26192 26192 F DEBUG : #09 pc 0003ce07 /system/lib/libbinder.so (_ZN7android14IPCThreadState20getAndExecuteCommandEv+114)
06-15 19:57:33.677 26192 26192 F DEBUG : #10 pc 0003d31b /system/lib/libbinder.so (_ZN7android14IPCThreadState14joinThreadPoolEb+46)
06-15 19:57:33.678 26192 26192 F DEBUG : #11 pc 0004f8c5 /system/lib/libbinder.so
06-15 19:57:33.678 26192 26192 F DEBUG : #12 pc 0000e345 /system/lib/libutils.so (_ZN7android6Thread11_threadLoopEPv+140)
06-15 19:57:33.678 26192 26192 F DEBUG : #13 pc 000470b3 /system/lib/libc.so (_ZL15__pthread_startPv+22)
06-15 19:57:33.678 26192 26192 F DEBUG : #14 pc 00019e3d /system/lib/libc.so (__start_thread+6)
06-15 19:57:33.839 934 2991 W NativeCrashListener: Couldn't find ProcessRecord for pid 12736
06-15 19:57:33.846 934 952 I BootReceiver: Copying /data/tombstones/tombstone_01 to DropBox (SYSTEM_TOMBSTONE) --------- beginning of crash
06-15 19:57:35.130 26201 26227 F libc : Fatal signal 11 (SIGSEGV), code 1, fault addr 0x0 in tid 26227 (Binder:26201_3)
06-15 19:57:35.130 26201 26228 D PermissionCache: checking android.permission.MODIFY_AUDIO_SETTINGS for uid=1000 => granted (318 us)
06-15 19:57:35.130 379 379 W : debuggerd: handling request: pid=26201 uid=1041 gid=1005 tid=26227
06-15 19:57:35.131 26201 26212 D audio_hw_primary: select_devices: changing use case low-latency-playback output device from(0: none, acdb -1) to (2: speaker, acdb 14)
06-15 19:57:35.191 26230 26230 F DEBUG : *** *** *** *** *** *** *** *** *** *** *** *** *** *** *** ***
06-15 19:57:35.191 26230 26230 F DEBUG : Build fingerprint: 'google/bullhead/bullhead:7.1.2/N2G48C/4104010:userdebug/dev-keys'
06-15 19:57:35.191 26230 26230 F DEBUG : Revision: 'rev_1.0'
06-15 19:57:35.191 26230 26230 F DEBUG : ABI: 'arm'
06-15 19:57:35.191 26230 26230 F DEBUG : pid: 26201, tid: 26227, name: Binder:26201_3 >>> /system/bin/audioserver <<<
06-15 19:57:35.191 26230 26230 F DEBUG : signal 11 (SIGSEGV), code 1 (SEGV_MAPERR), fault addr 0x0
06-15 19:57:35.191 26230 26230 F DEBUG : r0 00000000 r1 00000000 r2 0000005f r3 00000000
06-15 19:57:35.191 26230 26230 F DEBUG : r4 ffffffff r5 00000000 r6 e49bb000 r7 00000001
06-15 19:57:35.191 26230 26230 F DEBUG : r8 00000004 r9 e6b53114 sl e6b13900 fp 00000000
06-15 19:57:35.191 26230 26230 F DEBUG : ip e746bd88 sp e4c009c8 lr e7433bc5 pc e73fcaf4 cpsr 60000030
06-15 19:57:35.195 26230 26230 F DEBUG :
06-15 19:57:35.195 26230 26230 F DEBUG : backtrace:
06-15 19:57:35.195 26230 26230 F DEBUG : #00 pc 00018af4 /system/lib/libc.so (strlen+71)
06-15 19:57:35.195 26230 26230 F DEBUG : #01 pc 0004fbc1 /system/lib/libc.so (__strlen_chk+4)
06-15 19:57:35.195 26230 26230 F DEBUG : #02 pc 0000c599 /system/lib/libutils.so (_ZN7android7String8C2EPKc+12)
06-15 19:57:35.195 26230 26230 F DEBUG : #03 pc 0002fdbf /system/lib/libaudiopolicymanagerdefault.so (_ZNK7android18HwModuleCollection19getDeviceDescriptorEjPKcS2_b+458)
06-15 19:57:35.196 26230 26230 F DEBUG : #04 pc 0001de47 /system/lib/libaudiopolicymanagerdefault.so (_ZN7android18AudioPolicyManager27setDeviceConnectionStateIntEj24audio_policy_dev_state_tPKcS3_+178)
06-15 19:57:35.196 26230 26230 F DEBUG : #05 pc 0000a009 /system/lib/libaudiopolicyservice.so
06-15 19:57:35.196 26230 26230 F DEBUG : #06 pc 000a01a5 /system/lib/libmedia.so (_ZN7android20BnAudioPolicyService10onTransactEjRKNS_6ParcelEPS1_j+1256)
06-15 19:57:35.196 26230 26230 F DEBUG : #07 pc 000359c3 /system/lib/libbinder.so (_ZN7android7BBinder8transactEjRKNS_6ParcelEPS1_j+70)
06-15 19:57:35.196 26230 26230 F DEBUG : #08 pc 0003d1bb /system/lib/libbinder.so (_ZN7android14IPCThreadState14executeCommandEi+702)
06-15 19:57:35.196 26230 26230 F DEBUG : #09 pc 0003ce07 /system/lib/libbinder.so (_ZN7android14IPCThreadState20getAndExecuteCommandEv+114)
06-15 19:57:35.196 26230 26230 F DEBUG : #10 pc 0003d31b /system/lib/libbinder.so (_ZN7android14IPCThreadState14joinThreadPoolEb+46)
06-15 19:57:35.196 26230 26230 F DEBUG : #11 pc 0004f8c5 /system/lib/libbinder.so
06-15 19:57:35.196 26230 26230 F DEBUG : #12 pc 0000e345 /system/lib/libutils.so (_ZN7android6Thread11_threadLoopEPv+140)
06-15 19:57:35.196 26230 26230 F DEBUG : #13 pc 000470b3 /system/lib/libc.so (_ZL15__pthread_startPv+22)
06-15 19:57:35.196 26230 26230 F DEBUG : #14 pc 00019e3d /system/lib/libc.so (__start_thread+6)
06-15 19:57:35.346 934 2991 W NativeCrashListener: Couldn't find ProcessRecord for pid 26201
06-15 19:57:35.346 26230 26230 E : AM data write failed: Broken pipe
06-15 19:57:40.605 26246 26261 D audio_hw_primary: enable_snd_device: snd_device(78: vi-feedback)
06-15 19:57:40.606 26246 26261 D audio_hw_primary: enable_audio_route: usecase(21) apply and update mixer path: spkr-vi-record --------- beginning of crash
06-15 19:57:40.673 26283 26283 F DEBUG : *** *** *** *** *** *** *** *** *** *** *** *** *** *** *** ***
06-15 19:57:40.674 26283 26283 F DEBUG : Build fingerprint: 'google/bullhead/bullhead:7.1.2/N2G48C/4104010:userdebug/dev-keys'
06-15 19:57:40.674 26283 26283 F DEBUG : Revision: 'rev_1.0'
06-15 19:57:40.674 26283 26283 F DEBUG : ABI: 'arm'
06-15 19:57:40.674 26283 26283 F DEBUG : pid: 26246, tid: 26282, name: Binder:26246_5 >>> /system/bin/audioserver <<<
06-15 19:57:40.674 26283 26283 F DEBUG : signal 11 (SIGSEGV), code 1 (SEGV_MAPERR), fault addr 0x0
06-15 19:57:40.674 26283 26283 F DEBUG : r0 00000000 r1 00000000 r2 0000005f r3 00000000
06-15 19:57:40.674 26283 26283 F DEBUG : r4 ffffffff r5 00000000 r6 eb750000 r7 00000001
06-15 19:57:40.674 26283 26283 F DEBUG : r8 00000004 r9 ed953114 sl ed913900 fp 00000000
06-15 19:57:40.674 26283 26283 F DEBUG : ip eda8bd88 sp eb4fd9c8 lr eda53bc5 pc eda1caf4 cpsr 60000030
06-15 19:57:40.679 26283 26283 F DEBUG :
06-15 19:57:40.679 26283 26283 F DEBUG : backtrace:
06-15 19:57:40.679 26283 26283 F DEBUG : #00 pc 00018af4 /system/lib/libc.so (strlen+71)
06-15 19:57:40.679 26283 26283 F DEBUG : #01 pc 0004fbc1 /system/lib/libc.so (__strlen_chk+4)
06-15 19:57:40.679 26283 26283 F DEBUG : #02 pc 0000c599 /system/lib/libutils.so (_ZN7android7String8C2EPKc+12)
06-15 19:57:40.679 26283 26283 F DEBUG : #03 pc 0002fdbf /system/lib/libaudiopolicymanagerdefault.so (_ZNK7android18HwModuleCollection19getDeviceDescriptorEjPKcS2_b+458)
06-15 19:57:40.679 26283 26283 F DEBUG : #04 pc 0001de47 /system/lib/libaudiopolicymanagerdefault.so (_ZN7android18AudioPolicyManager27setDeviceConnectionStateIntEj24audio_policy_dev_state_tPKcS3_+178)
06-15 19:57:40.679 26283 26283 F DEBUG : #05 pc 0000a009 /system/lib/libaudiopolicyservice.so
06-15 19:57:40.680 26283 26283 F DEBUG : #06 pc 000a01a5 /system/lib/libmedia.so (_ZN7android20BnAudioPolicyService10onTransactEjRKNS_6ParcelEPS1_j+1256)
06-15 19:57:40.680 26283 26283 F DEBUG : #07 pc 000359c3 /system/lib/libbinder.so (_ZN7android7BBinder8transactEjRKNS_6ParcelEPS1_j+70)
06-15 19:57:40.680 26283 26283 F DEBUG : #08 pc 0003d1bb /system/lib/libbinder.so (_ZN7android14IPCThreadState14executeCommandEi+702)
06-15 19:57:40.680 26283 26283 F DEBUG : #09 pc 0003ce07 /system/lib/libbinder.so (_ZN7android14IPCThreadState20getAndExecuteCommandEv+114)
06-15 19:57:40.680 26283 26283 F DEBUG : #10 pc 0003d31b /system/lib/libbinder.so (_ZN7android14IPCThreadState14joinThreadPoolEb+46)
06-15 19:57:40.680 26283 26283 F DEBUG : #11 pc 0004f8c5 /system/lib/libbinder.so
06-15 19:57:40.680 26283 26283 F DEBUG : #12 pc 0000e345 /system/lib/libutils.so (_ZN7android6Thread11_threadLoopEPv+140)
06-15 19:57:40.680 26283 26283 F DEBUG : #13 pc 000470b3 /system/lib/libc.so (_ZL15__pthread_startPv+22)
06-15 19:57:40.680 26283 26283 F DEBUG : #14 pc 00019e3d /system/lib/libc.so (__start_thread+6)
06-15 19:57:40.882 934 2991 W NativeCrashListener: Couldn't find ProcessRecord for pid 26246
06-15 19:57:40.889 934 952 I BootReceiver: Copying /data/tombstones/tombstone_03 to DropBox (SYSTEM_TOMBSTONE)
09-23 01:55:43.022 245 245 F installd: utils.cpp:67] Check failed: is_valid_package_name(package_name) == 0 --------- beginning of crash
09-23 01:55:43.022 245 245 F libc : Fatal signal 6 (SIGABRT), code -6 in tid 245 (installd)
09-23 01:55:43.022 166 166 W : debuggerd: handling request: pid=245 uid=0 gid=0 tid=245
09-23 01:55:43.026 546 546 E : debuggerd: Unable to connect to activity manager (connect failed: Connection refused)
09-23 01:55:43.076 546 546 F DEBUG : *** *** *** *** *** *** *** *** *** *** *** *** *** *** *** ***
09-23 01:55:43.076 546 546 F DEBUG : Build fingerprint: 'google/ryu/dragon:7.1.2/N2G48C/4104010:userdebug/dev-keys'
09-23 01:55:43.076 546 546 F DEBUG : Revision: '0'
09-23 01:55:43.076 546 546 F DEBUG : ABI: 'arm64'
09-23 01:55:43.077 546 546 F DEBUG : pid: 245, tid: 245, name: installd >>> /system/bin/installd <<<
09-23 01:55:43.077 546 546 F DEBUG : signal 6 (SIGABRT), code -6 (SI_TKILL), fault addr --------
09-23 01:55:43.077 546 546 F DEBUG : Abort message: 'utils.cpp:67] Check failed: is_valid_package_name(package_name) == 0 '
09-23 01:55:43.077 546 546 F DEBUG : x0 0000000000000000 x1 00000000000000f5 x2 0000000000000006 x3 0000000000000008
09-23 01:55:43.078 546 546 F DEBUG : x4 0000000000000000 x5 0000000000000000 x6 00000076a4172000 x7 0000000000000000
09-23 01:55:43.078 546 546 F DEBUG : x8 0000000000000083 x9 ffffffffffffffdf x10 0000000000000000 x11 0000000000000001
09-23 01:55:43.078 546 546 F DEBUG : x12 0000000000000018 x13 0000000000000000 x14 0000000000000000 x15 000157de95b365f0
09-23 01:55:43.078 546 546 F DEBUG : x16 00000076a4099ee0 x17 00000076a4043b24 x18 0000000000000000 x19 00000076a4227b40
09-23 01:55:43.078 546 546 F DEBUG : x20 0000000000000006 x21 00000076a4227a98 x22 0000000000000014 x23 0000000000000005
09-23 01:55:43.078 546 546 F DEBUG : x24 00000076a3834040 x25 0000000000000000 x26 0000000000000005 x27 0000000000000006
09-23 01:55:43.078 546 546 F DEBUG : x28 0000007ff8a77879 x29 0000007ff8a777f0 x30 00000076a4040f50
09-23 01:55:43.078 546 546 F DEBUG : sp 0000007ff8a777d0 pc 00000076a4043b2c pstate 0000000060000000
09-23 01:55:43.081 546 546 F DEBUG :
09-23 01:55:43.081 546 546 F DEBUG : backtrace:
09-23 01:55:43.081 546 546 F DEBUG : #00 pc 000000000006bb2c /system/lib64/libc.so (tgkill+8)
09-23 01:55:43.081 546 546 F DEBUG : #01 pc 0000000000068f4c /system/lib64/libc.so (pthread_kill+64)
09-23 01:55:43.081 546 546 F DEBUG : #02 pc 0000000000023f58 /system/lib64/libc.so (raise+24)
09-23 01:55:43.081 546 546 F DEBUG : #03 pc 000000000001c810 /system/lib64/libc.so (abort+52)
09-23 01:55:43.081 546 546 F DEBUG : #04 pc 000000000000609c /system/lib64/libbase.so (_ZN7android4base10LogMessageD1Ev+1084)
09-23 01:55:43.082 546 546 F DEBUG : #05 pc 000000000001bbd4 /system/bin/installd
09-23 01:55:43.082 546 546 F DEBUG : #06 pc 000000000001be38 /system/bin/installd
09-23 01:55:43.082 546 546 F DEBUG : #07 pc 0000000000007f08 /system/bin/installd
09-23 01:55:43.082 546 546 F DEBUG : #08 pc 0000000000005bd4 /system/bin/installd
09-23 01:55:43.082 546 546 F DEBUG : #09 pc 000000000001a594 /system/lib64/libc.so (__libc_init+88)
09-23 01:55:43.082 546 546 F DEBUG : #10 pc 0000000000004818 /system/bin/installd
09-23 01:55:43.093 166 166 W : debuggerd: resuming target 245
09-23 01:55:43.132 516 516 E InstallerConnection: read exception
09-23 01:55:43.132 516 516 I InstallerConnection: disconnecting...
09-23 01:55:48.494 516 537 W WindowManager: App freeze timeout expired.
09-23 01:55:52.058 163 163 W auditd : type=1404 audit(0.0:4): enforcing=0 old_enforcing=1 auid=4294967295 ses=4294967295 --------- beginning of main
11-03 02:59:48.505 8049 8049 I stagefright: type=1400 audit(0.0:130): avc: denied { read } for path="/data/data/test1.mp4" dev="sda35" ino=868967 scontext=u:r:drmserver:s0 tcontext=u:object_r:system_data_file:s0 tclass=file permissive=1
11-03 02:59:48.505 3939 3939 I chatty : uid=10040(u0_a40) com.google.android.setupwizard expire 52528 lines
11-03 02:59:48.559 8049 8054 I OMXClient: Treble IOmx obtained --------- beginning of crash
11-03 02:59:48.892 6371 8072 F DEBUG : *** *** *** *** *** *** *** *** *** *** *** *** *** *** *** ***
11-03 02:59:48.892 6371 8072 F DEBUG : Build fingerprint: 'google/marlin/marlin:8.0.0/OC/mspect11021711:userdebug/dev-keys'
11-03 02:59:48.892 6371 8072 F DEBUG : Revision: '0'
11-03 02:59:48.892 6371 8072 F DEBUG : ABI: 'arm'
11-03 02:59:48.892 6371 8072 F DEBUG : pid: 6371, tid: 8072, name: media.codec >>> omx@1.0-service <<<
11-03 02:59:48.892 6371 8072 F DEBUG : signal 11 (SIGSEGV), code 1 (SEGV_MAPERR), fault addr 0xed000000
11-03 02:59:48.900 6371 8072 F DEBUG : r0 ecffdba0 r1 ed000000 r2 d44854c0 r3 00000070
11-03 02:59:48.900 6371 8072 F DEBUG : r4 00000070 r5 000021a0 r6 00000070 r7 00000070
11-03 02:59:48.900 6371 8072 F DEBUG : r8 00000040 r9 ffc2b278 sl ffffde70 fp 00000060
11-03 02:59:48.900 6371 8072 F DEBUG : ip ffffffa0 sp d2fff620 lr 00004308 pc ed1c0e7c cpsr a00f0010
11-03 02:59:48.901 6371 8072 F DEBUG :
11-03 02:59:48.901 6371 8072 F DEBUG : backtrace:
11-03 02:59:48.901 6371 8072 F DEBUG : #00 pc 00034e7c /system/lib/libstagefright_soft_hevcdec.so --------- beginning of system --------- beginning of crash
11-03 02:59:48.905 1135 1155 I BootReceiver: Copying /data/tombstones/tombstone_03 to DropBox (SYSTEM_TOMBSTONE)
05-04 21:59:23.695 9363 9363 I crash_dump64: performing dump of process 8373 (target tid = 8414)
05-04 21:59:23.695 9363 9363 F DEBUG : *** *** *** *** *** *** *** *** *** *** *** *** *** *** *** ***
05-04 21:59:23.696 9363 9363 F DEBUG : Build fingerprint: 'google/taimen/taimen:8.1.0/OPM2.171026.006.A1/4756228:userdebug/dev-keys'
05-04 21:59:23.696 9363 9363 F DEBUG : Revision: 'rev_10'
05-04 21:59:23.696 9363 9363 F DEBUG : ABI: 'arm64'
05-04 21:59:23.696 9363 9363 F DEBUG : pid: 8373, tid: 8414, name: btu message loo >>> com.android.bluetooth <<<
05-04 21:59:23.696 9363 9363 F DEBUG : signal 6 (SIGABRT), code -6 (SI_TKILL), fault addr --------
05-04 21:59:23.700 9363 9363 F DEBUG : Abort message: '[FATAL:allocation_tracker.cc(143)] Check failed: map_entry != allocations.end().
05-04 21:59:23.700 9363 9363 F DEBUG : '
05-04 21:59:23.700 9363 9363 F DEBUG : x0 0000000000000000 x1 00000000000020de x2 0000000000000006 x3 0000000000000008
05-04 21:59:23.701 9363 9363 F DEBUG : x4 613a4c415441465b x5 613a4c415441465b x6 613a4c415441465b x7 6f697461636f6c6c
05-04 21:59:23.701 9363 9363 F DEBUG : x8 0000000000000083 x9 0000000010000000 x10 000000703a7a7c80 x11 0000000000000001
05-04 21:59:23.701 9363 9363 F DEBUG : x12 746e655f70616d20 x13 6c61203d21207972 x14 ff00000000000000 x15 ffffffffffffffff
05-04 21:59:23.701 9363 9363 F DEBUG : x16 0000006380f4afa8 x17 00000070d20af52c x18 0000000000000000 x19 00000000000020b5
05-04 21:59:23.701 9363 9363 F DEBUG : x20 00000000000020de x21 0000000000000083 x22 000000703a7a9588 x23 000000703b8ee000
05-04 21:59:23.701 9363 9363 F DEBUG : x24 000000703a7a7d01 x25 000000703a7a9588 x26 000000703bc7d948 x27 00000070484c92d8
05-04 21:59:23.701 9363 9363 F DEBUG : x28 0000000000000006 x29 000000703a7a7cc0 x30 00000070d2064760
05-04 21:59:23.701 9363 9363 F DEBUG : sp 000000703a7a7c80 pc 00000070d2064788 pstate 0000000060000000
05-04 21:59:23.742 9363 9363 F DEBUG :
05-04 21:59:23.742 9363 9363 F DEBUG : backtrace:
05-04 21:59:23.743 9363 9363 F DEBUG : #00 pc 000000000001d788 /system/lib64/libc.so (abort+120)
05-04 21:59:23.743 9363 9363 F DEBUG : #01 pc 0000000000083470 /system/lib64/libchrome.so (base::debug::BreakDebugger()+20)
05-04 21:59:23.743 9363 9363 F DEBUG : #02 pc 000000000009affc /system/lib64/libchrome.so (logging::LogMessage::~LogMessage()+1068)
05-04 21:59:23.743 9363 9363 F DEBUG : #03 pc 0000000000199130 /system/lib64/hw/bluetooth.default.so (allocation_tracker_notify_free(unsigned char, void*)+720)
05-04 21:59:23.743 9363 9363 F DEBUG : #04 pc 000000000019984c /system/lib64/hw/bluetooth.default.so (osi_free(void*)+20)
05-04 21:59:23.743 9363 9363 F DEBUG : #05 pc 0000000000163f1c /system/lib64/hw/bluetooth.default.so (l2c_fcr_cleanup(t_l2c_ccb*)+92)
05-04 21:59:23.743 9363 9363 F DEBUG : #06 pc 000000000016adc8 /system/lib64/hw/bluetooth.default.so (l2cu_release_ccb(t_l2c_ccb*)+176)
05-04 21:59:23.743 9363 9363 F DEBUG : #07 pc 0000000000162ea0 /system/lib64/hw/bluetooth.default.so (l2c_csm_execute(t_l2c_ccb*, unsigned short, void*)+1852)
05-04 21:59:23.743 9363 9363 F DEBUG : #08 pc 000000000015e4f4 /system/lib64/hw/bluetooth.default.so (L2CA_DisconnectRsp(unsigned short)+92)
05-04 21:59:23.743 9363 9363 F DEBUG : #09 pc 00000000001838b0 /system/lib64/hw/bluetooth.default.so (sdp_disconnect_ind(unsigned short, bool)+52)
05-04 21:59:23.743 9363 9363 F DEBUG : #10 pc 0000000000163574 /system/lib64/hw/bluetooth.default.so (l2c_csm_execute(t_l2c_ccb*, unsigned short, void*)+3600)
05-04 21:59:23.743 9363 9363 F DEBUG : #11 pc 0000000000169f94 /system/lib64/hw/bluetooth.default.so (l2c_rcv_acl_data(BT_HDR*)+3980)
05-04 21:59:23.743 9363 9363 F DEBUG : #12 pc 00000000000849cc /system/lib64/libchrome.so (base::debug::TaskAnnotator::RunTask(char const*, base::PendingTask const&)+188)
05-04 21:59:23.743 9363 9363 F DEBUG : #13 pc 000000000009efa4 /system/lib64/libchrome.so (base::MessageLoop::RunTask(base::PendingTask const&)+444)
05-04 21:59:23.743 9363 9363 F DEBUG : #14 pc 000000000009f26c /system/lib64/libchrome.so (base::MessageLoop::DeferOrRunPendingTask(base::PendingTask)+52)
05-04 21:59:23.743 9363 9363 F DEBUG : #15 pc 000000000009f698 /system/lib64/libchrome.so (base::MessageLoop::DoWork()+356)
05-04 21:59:23.743 9363 9363 F DEBUG : #16 pc 00000000000a08a8 /system/lib64/libchrome.so (base::MessagePumpDefault::Run(base::MessagePump::Delegate*)+220)
05-04 21:59:23.743 9363 9363 F DEBUG : #17 pc 00000000000ba124 /system/lib64/libchrome.so (base::RunLoop::Run()+136)
05-04 21:59:23.743 9363 9363 F DEBUG : #18 pc 0000000000138660 /system/lib64/hw/bluetooth.default.so (btu_message_loop_run(void*)+248)
05-04 21:59:23.743 9363 9363 F DEBUG : #19 pc 00000000001a24fc /system/lib64/hw/bluetooth.default.so (work_queue_read_cb(void*)+92)
05-04 21:59:23.743 9363 9363 F DEBUG : #20 pc 00000000001a0758 /system/lib64/hw/bluetooth.default.so (run_reactor(reactor_t*, int)+320)
05-04 21:59:23.743 9363 9363 F DEBUG : #21 pc 00000000001a05ec /system/lib64/hw/bluetooth.default.so (reactor_start(reactor_t*)+84)
05-04 21:59:23.743 9363 9363 F DEBUG : #22 pc 00000000001a1f94 /system/lib64/hw/bluetooth.default.so (run_thread(void*)+184)
05-04 21:59:23.743 9363 9363 F DEBUG : #23 pc 0000000000067d80 /system/lib64/libc.so (__pthread_start(void*)+36)
05-04 21:59:23.743 9363 9363 F DEBUG : #24 pc 000000000001ec18 /system/lib64/libc.so (__start_thread+68) --------- beginning of crash
11-25 19:47:35.417 8080 11665 F libc : Fatal signal 6 (SIGABRT), code -6 in tid 11665 (generic)
11-25 19:47:35.487 940 940 F DEBUG : *** *** *** *** *** *** *** *** *** *** *** *** *** *** *** ***
11-25 19:47:35.487 940 940 F DEBUG : Build fingerprint: 'samsung/hero2qltezc/hero2qltechn:6.0.1/MMB29M/G9350ZCU2APJ6:user/release-keys'
11-25 19:47:35.487 940 940 F DEBUG : Revision: '15'
11-25 19:47:35.487 940 940 F DEBUG : ABI: 'arm'
11-25 19:47:35.487 940 940 F DEBUG : pid: 8080, tid: 11665, name: generic >>> /system/bin/mediaserver <<<
11-25 19:47:35.487 940 940 F DEBUG : signal 6 (SIGABRT), code -6 (SI_TKILL), fault addr --------
11-25 19:47:35.577 940 940 F DEBUG : Abort message: 'frameworks/av/media/libstagefright/MPEG4Extractor.cpp:6853 CHECK_EQ( (unsigned)ptr[0],1u) failed: 129 vs. 1'
11-25 19:47:35.577 940 940 F DEBUG : r0 00000000 r1 00002d91 r2 00000006 r3 eb23f978
11-25 19:47:35.577 940 940 F DEBUG : r4 eb23f980 r5 eb23f930 r6 00000009 r7 0000010c
11-25 19:47:35.577 940 940 F DEBUG : r8 e9e91140 r9 00000000 sl 00000000 fp 000003d3
11-25 19:47:35.577 940 940 F DEBUG : ip 00000006 sp eb23db70 lr f701313d pc f7015538 cpsr 40010010
11-25 19:47:35.597 940 940 F DEBUG :
11-25 19:47:35.597 940 940 F DEBUG : backtrace:
11-25 19:47:35.597 940 940 F DEBUG : #00 pc 00042538 /system/lib/libc.so (tgkill+12)
11-25 19:47:35.597 940 940 F DEBUG : #01 pc 00040139 /system/lib/libc.so (pthread_kill+32)
11-25 19:47:35.597 940 940 F DEBUG : #02 pc 0001c783 /system/lib/libc.so (raise+10)
11-25 19:47:35.597 940 940 F DEBUG : #03 pc 000199f1 /system/lib/libc.so (__libc_android_abort+34)
11-25 19:47:35.597 940 940 F DEBUG : #04 pc 000175ac /system/lib/libc.so (abort+4)
11-25 19:47:35.597 940 940 F DEBUG : #05 pc 000085e7 /system/lib/libcutils.so (__android_log_assert+86)
11-25 19:47:35.597 940 940 F DEBUG : #06 pc 000c1f49 /system/lib/libstagefright.so (_ZN7android14MPEG4Extractor25avcc_getCodecSpecificInfoERNS_2spINS_7ABufferEEEPKcj+392)
11-25 19:47:35.597 940 940 F DEBUG : #07 pc 000c213f /system/lib/libstagefright.so (_ZN7android14MPEG4Extractor15checkConfigDataEjRKNS_2spINS_8MetaDataEEE+218)
11-25 19:47:35.597 940 940 F DEBUG : #08 pc 000bbd25 /system/lib/libstagefright.so (_ZN7android14MPEG4Extractor12checkSupportEjRKNS_2spINS_8MetaDataEEE+136)
11-25 19:47:35.597 940 940 F DEBUG : #09 pc 000ba555 /system/lib/libstagefright.so (_ZN7android14MPEG4Extractor10parseChunkEPxi+13060)
11-25 19:47:35.597 940 940 F DEBUG : #10 pc 000ba32d /system/lib/libstagefright.so (_ZN7android14MPEG4Extractor10parseChunkEPxi+12508)
11-25 19:47:35.597 940 940 F DEBUG : #11 pc 000b8a6f /system/lib/libstagefright.so (_ZN7android14MPEG4Extractor10parseChunkEPxi+6174)
11-25 19:47:35.597 940 940 F DEBUG : #12 pc 000b8a6f /system/lib/libstagefright.so (_ZN7android14MPEG4Extractor10parseChunkEPxi+6174)
11-25 19:47:35.597 940 940 F DEBUG : #13 pc 000b8a6f /system/lib/libstagefright.so (_ZN7android14MPEG4Extractor10parseChunkEPxi+6174)
11-25 19:47:35.597 940 940 F DEBUG : #14 pc 000b8a6f /system/lib/libstagefright.so (_ZN7android14MPEG4Extractor10parseChunkEPxi+6174)
11-25 19:47:35.597 940 940 F DEBUG : #15 pc 000b8a6f /system/lib/libstagefright.so (_ZN7android14MPEG4Extractor10parseChunkEPxi+6174)
11-25 19:47:35.597 940 940 F DEBUG : #16 pc 000b6e3b /system/lib/libstagefright.so (_ZN7android14MPEG4Extractor12readMetaDataEv+94)
11-25 19:47:35.597 940 940 F DEBUG : #17 pc 000b6daf /system/lib/libstagefright.so (_ZN7android14MPEG4Extractor11getMetaDataEv+10)
11-25 19:47:35.597 940 940 F DEBUG : #18 pc 00088c53 /system/lib/libmediaplayerservice.so (_ZN7android8NuPlayer13GenericSource18initFromDataSourceEv+386)
11-25 19:47:35.597 940 940 F DEBUG : #19 pc 00089b43 /system/lib/libmediaplayerservice.so (_ZN7android8NuPlayer13GenericSource14onPrepareAsyncEv+238)
11-25 19:47:35.597 940 940 F DEBUG : #20 pc 0000b405 /system/lib/libstagefright_foundation.so (_ZN7android8AHandler14deliverMessageERKNS_2spINS_8AMessageEEE+16)
11-25 19:47:35.597 940 940 F DEBUG : #21 pc 0000d423 /system/lib/libstagefright_foundation.so (_ZN7android8AMessage7deliverEv+54)
11-25 19:47:35.597 940 940 F DEBUG : #22 pc 0000be29 /system/lib/libstagefright_foundation.so (_ZN7android7ALooper4loopEv+224)
11-25 19:47:35.597 940 940 F DEBUG : #23 pc 0001011d /system/lib/libutils.so (_ZN7android6Thread11_threadLoopEPv+112)
11-25 19:47:35.597 940 940 F DEBUG : #24 pc 0003fa3b /system/lib/libc.so (_ZL15__pthread_startPv+30)
11-25 19:47:35.597 940 940 F DEBUG : #25 pc 0001a085 /system/lib/libc.so (__start_thread+6)
11-25 19:47:35.837 940 940 F DEBUG :
11-25 19:47:35.837 940 940 F DEBUG : Tombstone written to: /data/tombstones/tombstone_01 --------- beginning of crash
09-03 17:48:05.627 11071 11189 F libc : Fatal signal 11 (SIGSEGV), code 1, fault addr 0xe9380000 in tid 11189 (synthetic_thread)
09-03 17:48:05.707 359 359 W : debuggerd: handling request: pid=11071 uid=1041 gid=1005 tid=11189
09-03 17:48:05.796 7072 7072 F DEBUG : *** *** *** *** *** *** *** *** *** *** *** *** *** *** *** ***
09-03 17:48:05.796 7072 7072 F DEBUG : Build fingerprint: 'google/angler/angler:7.1.1/N4F26T/3687331:userdebug/dev-keys'
09-03 17:48:05.796 7072 7072 F DEBUG : Revision: '0'
09-03 17:48:05.796 7072 7072 F DEBUG : ABI: 'arm'
09-03 17:48:05.796 7072 7072 F DEBUG : pid: 11071, tid: 11189, name: synthetic_thread >>> synthetic_process_0 <<<
09-03 17:48:05.797 7072 7072 F DEBUG : signal 11 (SIGSEGV), code 1 (SEGV_MAPERR), fault addr 0xe9380000
09-03 17:48:05.797 7072 7072 F DEBUG : r0 e9e7a240 r1 e9380000 r2 00000170 r3 00000000
09-03 17:48:05.797 7072 7072 F DEBUG : r4 00000002 r5 00000000 r6 ec1e1f25 r7 eb6f8000
09-03 17:48:05.797 7072 7072 F DEBUG : r8 00000000 r9 eb105204 sl 00000000 fp 000003c0
09-03 17:48:05.797 7072 7072 F DEBUG : ip ebd3df18 sp eaf80688 lr ec1e1f41 pc ebd38dd6 cpsr 20000030
09-03 17:48:05.805 7072 7072 F DEBUG :
09-03 17:48:05.805 7072 7072 F DEBUG : backtrace:
09-03 17:48:05.806 7072 7072 F DEBUG : #00 pc 00002dd6 /system/lib/libaudioutils.so (memcpy_to_float_from_i16+5)
09-03 17:48:05.806 7072 7072 F DEBUG : #01 pc 00040f3d /system/lib/libaudioflinger.so
09-03 17:48:05.806 7072 7072 F DEBUG : #02 pc 00040799 /system/lib/libaudioflinger.so
09-03 17:48:05.806 7072 7072 F DEBUG : #03 pc 00011178 /system/lib/libaudioflinger.so
09-03 17:48:05.806 7072 7072 F DEBUG : #04 pc 0003180b /system/lib/libaudioflinger.so
09-03 17:48:05.806 7072 7072 F DEBUG : #05 pc 0002fe57 /system/lib/libaudioflinger.so
09-03 17:48:05.806 7072 7072 F DEBUG : #06 pc 0000e345 /system/lib/libutils.so (_ZN7android6Thread11_threadLoopEPv+140)
09-03 17:48:05.806 7072 7072 F DEBUG : #07 pc 000470b3 /system/lib/libc.so (_ZL15__pthread_startPv+22)
09-03 17:48:05.806 7072 7072 F DEBUG : #08 pc 00019e3d /system/lib/libc.so (__start_thread+6)
09-03 17:48:05.967 11272 11568 W NativeCrashListener: Couldn't find ProcessRecord for pid 11071
09-03 17:48:05.969 359 359 W : debuggerd: resuming target 11071
09-03 17:48:05.981 11272 11307 I BootReceiver: Copying /data/tombstones/tombstone_01 to DropBox (SYSTEM_TOMBSTONE)
09-03 17:48:06.067 394 394 I ServiceManager: service 'media.sound_trigger_hw' died
06-15 19:57:33.607 12736 12761 D PermissionCache: checking android.permission.MODIFY_AUDIO_SETTINGS for uid=10197 => granted (698 us) --------- beginning of crash
06-15 19:57:33.607 12736 12761 F libc : Fatal signal 11 (SIGSEGV), code 1, fault addr 0x0 in tid 12761 (synthetic_thread)
06-15 19:57:33.608 379 379 W : debuggerd: handling request: pid=12736 uid=1041 gid=1005 tid=12761
06-15 19:57:33.670 26192 26192 F DEBUG : *** *** *** *** *** *** *** *** *** *** *** *** *** *** *** ***
06-15 19:57:33.670 26192 26192 F DEBUG : Build fingerprint: 'google/bullhead/bullhead:7.1.2/N2G48C/4104010:userdebug/dev-keys'
06-15 19:57:33.670 26192 26192 F DEBUG : Revision: 'rev_1.0'
06-15 19:57:33.670 26192 26192 F DEBUG : ABI: 'arm'
06-15 19:57:33.670 26192 26192 F DEBUG : pid: 12736, tid: 12761, name: synthetic_thread >>> synthetic_process_1 <<<
06-15 19:57:33.670 26192 26192 F DEBUG : signal 11 (SIGSEGV), code 1 (SEGV_MAPERR), fault addr 0x0
06-15 19:57:33.670 26192 26192 F DEBUG : r0 00000000 r1 00000000 r2 0000005f r3 00000000
06-15 19:57:33.670 26192 26192 F DEBUG : r4 ffffffff r5 00000000 r6 f14f9000 r7 00000001
06-15 19:57:33.670 26192 26192 F DEBUG : r8 00000004 r9 f3353114 sl f3313900 fp 00000000
06-15 19:57:33.670 26192 26192 F DEBUG : ip f3bd4d88 sp f127d9c8 lr f3b9cbc5 pc f3b65af4 cpsr 60000030
06-15 19:57:33.676 26192 26192 F DEBUG :
06-15 19:57:33.676 26192 26192 F DEBUG : backtrace:
06-15 19:57:33.677 26192 26192 F DEBUG : #00 pc 00018af4 /system/lib/libc.so (strlen+71)
06-15 19:57:33.677 26192 26192 F DEBUG : #01 pc 0004fbc1 /system/lib/libc.so (__strlen_chk+4)
06-15 19:57:33.677 26192 26192 F DEBUG : #02 pc 0000c599 /system/lib/libutils.so (_ZN7android7String8C2EPKc+12)
06-15 19:57:33.677 26192 26192 F DEBUG : #03 pc 0002fdbf /system/lib/libaudiopolicymanagerdefault.so (_ZNK7android18HwModuleCollection19getDeviceDescriptorEjPKcS2_b+458)
06-15 19:57:33.677 26192 26192 F DEBUG : #04 pc 0001de47 /system/lib/libaudiopolicymanagerdefault.so (_ZN7android18AudioPolicyManager27setDeviceConnectionStateIntEj24audio_policy_dev_state_tPKcS3_+178)
06-15 19:57:33.677 26192 26192 F DEBUG : #05 pc 0000a009 /system/lib/libaudiopolicyservice.so
06-15 19:57:33.677 26192 26192 F DEBUG : #06 pc 000a01a5 /system/lib/libmedia.so (_ZN7android20BnAudioPolicyService10onTransactEjRKNS_6ParcelEPS1_j+1256)
06-15 19:57:33.677 26192 26192 F DEBUG : #07 pc 000359c3 /system/lib/libbinder.so (_ZN7android7BBinder8transactEjRKNS_6ParcelEPS1_j+70)
06-15 19:57:33.677 26192 26192 F DEBUG : #08 pc 0003d1bb /system/lib/libbinder.so (_ZN7android14IPCThreadState14executeCommandEi+702)
06-15 19:57:33.677 26192 26192 F DEBUG : #09 pc 0003ce07 /system/lib/libbinder.so (_ZN7android14IPCThreadState20getAndExecuteCommandEv+114)
06-15 19:57:33.677 26192 26192 F DEBUG : #10 pc 0003d31b /system/lib/libbinder.so (_ZN7android14IPCThreadState14joinThreadPoolEb+46)
06-15 19:57:33.678 26192 26192 F DEBUG : #11 pc 0004f8c5 /system/lib/libbinder.so
06-15 19:57:33.678 26192 26192 F DEBUG : #12 pc 0000e345 /system/lib/libutils.so (_ZN7android6Thread11_threadLoopEPv+140)
06-15 19:57:33.678 26192 26192 F DEBUG : #13 pc 000470b3 /system/lib/libc.so (_ZL15__pthread_startPv+22)
06-15 19:57:33.678 26192 26192 F DEBUG : #14 pc 00019e3d /system/lib/libc.so (__start_thread+6)
06-15 19:57:33.839 934 2991 W NativeCrashListener: Couldn't find ProcessRecord for pid 12736
06-15 19:57:33.846 934 952 I BootReceiver: Copying /data/tombstones/tombstone_01 to DropBox (SYSTEM_TOMBSTONE) --------- beginning of main
10-01 10:04:58.301 8937 8937 E DEBUG : failed to read /proc/uptime: Permission denied --------- beginning of crash
10-01 10:04:58.337 8937 8937 F DEBUG : *** *** *** *** *** *** *** *** *** *** *** *** *** *** *** ***
10-01 10:04:58.338 8937 8937 F DEBUG : Build fingerprint: 'generic/cf_x86_64_phone/vsoc_x86_64:12/SC/eng.duytru.20210930.171415:userdebug/dev-keys'
10-01 10:04:58.338 8937 8937 F DEBUG : Revision: '0'
10-01 10:04:58.338 8937 8937 F DEBUG : ABI: 'x86_64'
10-01 10:04:58.338 8937 8937 F DEBUG : Timestamp: 2021-10-01 10:04:58.301278442-0700
10-01 10:04:58.338 8937 8937 F DEBUG : Process uptime: 0s
10-01 10:04:58.338 8937 8937 F DEBUG : Cmdline: /data/local/tmp/CVE-2021-0684
10-01 10:04:58.338 8937 8937 F DEBUG : pid: 8925, tid: 8925, name: CVE-2021-0684 >>> /data/local/tmp/CVE-2021-0684 <<<
10-01 10:04:58.338 8937 8937 F DEBUG : uid: 2000
10-01 10:04:58.338 8937 8937 F DEBUG : signal 11 (SIGSEGV), code 2 (SEGV_ACCERR), fault addr 0x7e772b8cfbe0
10-01 10:04:58.338 8937 8937 F DEBUG : rax 0000000000000001 rbx 00007e776addf910 rcx 0000000000000010 rdx 00000000000002f0
10-01 10:04:58.338 8937 8937 F DEBUG : r8 0000000000000010 r9 0000000000000000 r10 0000000000000001 r11 0000000000000206
10-01 10:04:58.338 8937 8937 F DEBUG : r12 00007e772b995bd0 r13 00007e772b996000 r14 00007e772b8cfbd0 r15 00000000000004d2
10-01 10:04:58.338 8937 8937 F DEBUG : rdi 00007e772b8cfbd0 rsi 00007e772b995bd0
10-01 10:04:58.338 8937 8937 F DEBUG : rbp 0000000000000000 rsp 00007fff3ba711e0 rip 00007e77a1fcd285
10-01 10:04:58.339 8937 8937 F DEBUG : backtrace:
10-01 10:04:58.339 8937 8937 F DEBUG : NOTE: Function names and BuildId information is missing for some frames due
10-01 10:04:58.339 8937 8937 F DEBUG : NOTE: to unreadable libraries. For unwinds of apps, only shared libraries
10-01 10:04:58.339 8937 8937 F DEBUG : NOTE: found under the lib/ directory are readable.
10-01 10:04:58.339 8937 8937 F DEBUG : NOTE: On this device, run setenforce 0 to make the libraries readable.
10-01 10:04:58.339 8937 8937 F DEBUG : #00 pc 000000000007e285 /system/lib64/libinputreader.so (android::TouchInputMapper::assignPointerIds(android::TouchInputMapper::RawState const*, android::TouchInputMapper::RawState*)+37) (BuildId: b406aecf0bd895d134334367c8cf5f84)
10-01 10:04:58.339 8937 8937 F DEBUG : #01 pc 000000000007e20d /system/lib64/libinputreader.so (android::TouchInputMapper::sync(long, long)+285) (BuildId: b406aecf0bd895d134334367c8cf5f84)
10-01 10:04:58.339 8937 8937 F DEBUG : #02 pc 0000000000073c1e /system/lib64/libinputreader.so (android::MultiTouchInputMapper::process(android::RawEvent const*)+14) (BuildId: b406aecf0bd895d134334367c8cf5f84)
10-01 10:04:58.339 8937 8937 F DEBUG : #03 pc 000000000000af84 /data/local/tmp/CVE-2021-0684
10-01 10:04:58.339 8937 8937 F DEBUG : #04 pc 000000000000b256 /data/local/tmp/CVE-2021-0684
10-01 10:04:58.339 8937 8937 F DEBUG : #05 pc 000000000004faf6 /apex/com.android.runtime/lib64/bionic/libc.so (__libc_init+86) (BuildId: 284d864ffe434d73dc722b84a1d3d9ca)
03-04 04:09:01.443 11980 11980 W QVRConMgr: type=1400 audit(0.0:2715): avc: denied { write } for name="tombstoned_crash" dev="tmpfs" ino=70211 scontext=u:r:vendor_qvrd:s0 tcontext=u:object_r:tombstoned_crash_socket:s0 tclass=sock_file permissive=0
03-04 04:09:01.437 11980 11988 W QVRServiceDisplay: failed to open fb device '/dev/graphics/fb0': No such file or directory
03-04 04:09:01.438 11980 11988 W QVRServiceDisplay: failed to open lineptr_event event node: No such file or directory
03-04 04:09:01.438 11980 11988 E QVRServiceConfiguration: ParseCameraDeviceConfig Error parsing device config 'disp_lineptr_override_to_vsync'
03-04 04:09:01.446 11980 11988 I QVRService: VR Mode HEADLESS
03-04 04:09:01.448 11980 11988 E libc : failed to connect to tombstoned: Permission denied
03-04 04:09:01.450 1010 1010 I qdgralloc: gralloc::sns_direct_data with system_heap
03-04 04:09:01.451 965 965 I sensors-hal: register_direct_channel:367, register_direct_channel : enter
03-04 04:09:01.452 965 965 I sensors-hal: init_fastRPC_symbols:432, llcm resource is already initialized
03-04 04:09:01.455 965 965 I sensors-hal: direct_channel:79, (mem_handle/):hnd 0x7c12d880d8(15) (cloned handle/):local_hnd 0xb400007c82ef26a0(59) --------- beginning of crash
03-04 04:09:01.456 11980 11988 F DEBUG : *** *** *** *** *** *** *** *** *** *** *** *** *** *** *** ***
03-04 04:09:01.457 11980 11988 F DEBUG : Build fingerprint: 'qti/lahaina/lahaina:11/RKQ1.210614.002/eng.bankur.20220304.091021:userdebug/test-keys'
03-04 04:09:01.457 11980 11988 F DEBUG : Revision: '0'
03-04 04:09:01.457 11980 11988 F DEBUG : ABI: 'arm'
03-04 04:09:01.459 11980 11988 F DEBUG : Timestamp: 2022-03-04 04:09:01+0000
03-04 04:09:01.459 11980 11988 F DEBUG : pid: 11980, tid: 11988, name: qvrservice >>> /system_ext/bin/qvrservice <<<
03-04 04:09:01.459 11980 11988 F DEBUG : uid: 1000
03-04 04:09:01.459 11980 11988 F DEBUG : signal 11 (SIGSEGV), code 2 (SEGV_ACCERR), fault addr 0xe72e2000
03-04 04:09:01.459 11980 11988 F DEBUG : r0 e5ba3460 r1 e72e1fea r2 0000caef r3 00000010
03-04 04:09:01.459 11980 11988 F DEBUG : r4 e7bc1dfc r5 000003ff r6 e5ba0030 r7 00000000
03-04 04:09:01.459 11980 11988 F DEBUG : r8 00010000 r9 00000000 r10 00000000 r11 0000ffff
03-04 04:09:01.459 11980 11988 F DEBUG : ip 80000000 sp e72deb18 lr e92ae6ef pc e913fd00
03-04 04:09:01.500 0 0 I binder_alloc: 11980: binder_alloc_buf, no vma
03-04 04:09:01.500 0 0 I binder : 965:965 transaction failed 29189/-3, size 12-0 line 2879
03-04 04:09:01.500 0 0 I binder : send failed reply for transaction 413414 to 11980:12506
03-04 04:09:01.532 0 0 I binder : undelivered TRANSACTION_COMPLETE
03-04 04:09:01.532 0 0 I binder : undelivered TRANSACTION_ERROR: 29189
03-04 04:09:01.535 0 0 I init : Service 'qvrd' (pid 11980) received signal 31
03-04 04:09:01.535 0 0 I init : Sending signal 9 to service 'qvrd' (pid 11980) process group...
03-04 04:09:01.536 0 0 I libprocessgroup: Successfully killed process cgroup uid 1000 pid 11980 in 0ms
03-04 04:09:01.547 0 0 I init : starting service 'qvrd'...
03-04 04:09:01.550 0 0 I init : Created socket '/dev/socket/qvrservice', mode 666, user 1000, group 1000
03-04 04:09:01.552 0 0 I init : Created socket '/dev/socket/qvrservice_camera', mode 666, user 1000, group 1000
03-04 04:09:01.556 0 0 I init : Created socket '/dev/socket/qvrservice_hvx_camera', mode 660, user 1000, group 1000
03-04 04:09:01.602 12507 12507 W qvrservice: libminijail[12507]: failed to get path of fd 3: No such file or directory --------- beginning of crash
05-11 18:43:28.280 1046 3871 11190 F DEBUG : *** *** *** *** *** *** *** *** *** *** *** *** *** *** *** ***
05-11 18:43:28.280 1046 3871 11190 F DEBUG : Build fingerprint: 'ADT-3/adt3/adt3:13/TTT1.220508.001/8558155:userdebug/dev-keys'
05-11 18:43:28.281 1046 3871 11190 F DEBUG : Revision: '0'
05-11 18:43:28.281 1046 3871 11190 F DEBUG : ABI: 'arm'
05-11 18:43:28.281 1046 3871 11190 F DEBUG : Timestamp: 2022-05-11 18:43:28.041025145+0530
05-11 18:43:28.281 1046 3871 11190 F DEBUG : Process uptime: 628s
05-11 18:43:28.281 1046 3871 11190 F DEBUG : Cmdline: media.swcodec oid.media.swcodec/bin/mediaswcodec
05-11 18:43:28.281 1046 3871 11190 F DEBUG : pid: 3871, tid: 11190, name: oid.avc.decoder >>> media.swcodec <<<
05-11 18:43:28.282 1046 3871 11190 F DEBUG : uid: 1046
05-11 18:43:28.282 1046 3871 11190 F DEBUG : signal 0 (SIGSEGV), code 1 (SEGV_MAPERR), fault addr --------
05-11 18:43:28.282 1046 3871 11190 F DEBUG :
05-11 18:43:28.282 1046 3871 11190 F DEBUG : backtrace:
05-11 18:43:28.337 root 0 0 I [ 659.334971@0]- binder: release 3871:4489 transaction 527431 in, still active
05-11 18:43:28.338 root 0 0 I [ 659.336433@0]- binder: send failed reply for transaction 527431 to 9866:11191
05-11 18:43:28.354 root 0 0 E [ 659.345254@1]- binder_alloc: 3871: binder_alloc_buf, no vma
05-11 18:43:28.360 root 0 0 I [ 659.350723@1]- binder: 9866:9958 transaction failed 29189/-3, size 64-0 line 3272
05-11 18:43:28.360 root 0 0 I [ 659.362860@0]- binder: 9866:11192 transaction failed 29189/-22, size 176-32 line 3120
09-03 17:48:05.806 7072 7072 F DEBUG : *** *** *** *** *** *** *** *** *** *** *** *** *** *** *** ***
09-03 17:48:05.806 7072 7072 F DEBUG : Build fingerprint: 'google/gsi_gms_arm64/gsi_arm64:12/SC/:userdebug/dev-keys'
09-03 17:48:05.806 7072 7072 F DEBUG : Revision: '0'
09-03 17:48:05.806 7072 7072 F DEBUG : ABI: 'arm64'
09-03 17:48:05.806 7072 7072 F DEBUG : Timestamp: 2021-11-15 22:06:07.769315083-0800
09-03 17:48:05.806 7072 7072 F DEBUG : Process uptime: 0s
09-03 17:48:05.806 7072 7072 F DEBUG : Cmdline: com.redacted.mte-fail
09-03 17:48:05.806 7072 7072 F DEBUG : pid: 2304, tid: 2304, name: targames.redacted >>> com.redacted.mte-fail <<<
09-03 17:48:05.806 7072 7072 F DEBUG : uid: 10120
09-03 17:48:05.806 7072 7072 F DEBUG : tagged_addr_ctrl: 000000000007fff3
09-03 17:48:05.806 7072 7072 F DEBUG : signal 11 (SIGSEGV), code 9 (SEGV_MTESERR), fault addr 0xe00007330bb98b0
09-03 17:48:05.806 7072 7072 F DEBUG : Cause: [MTE]: Use After Free, 0 bytes into a 336-byte allocation at 0x7330bb98b0
09-03 17:48:05.806 7072 7072 F DEBUG : x0 0000000000000000 x1 0800007290be67e0 x2 0e00007300baf4d0 x3 0800007290be67e0
09-03 17:48:05.806 7072 7072 F DEBUG : x4 0000007ff6765fa8 x5 00000072020dc9a4 x6 0000000000008000 x7 646e614c1b003b65
09-03 17:48:05.806 7072 7072 F DEBUG : x8 3a2f29f6001b5e2c x9 3a2f29f6001b5e2c x10 0000000000430000 x11 000000000000001b
09-03 17:48:05.806 7072 7072 F DEBUG : x12 0000000000000008 x13 0000007201e94e68 x14 00000000000055a7 x15 000000007040d890
09-03 17:48:05.806 7072 7072 F DEBUG : x16 0000007ff6765e80 x17 000000000004d2f7 x18 00000075216ca000 x19 0600007350bb6860
09-03 17:48:05.806 7072 7072 F DEBUG : x20 0400007330bbf8f0 x21 0400007330bd1170 x22 0d00007330bd1010 x23 0400007330bd0670
09-03 17:48:05.806 7072 7072 F DEBUG : x24 0100007330bbb010 x25 0e00007330bb98b0 x26 0400007330bd0670 x27 0100007330bbb010
09-03 17:48:05.806 7072 7072 F DEBUG : x28 0000000000000000 x29 0000007ff6766720
09-03 17:48:05.806 7072 7072 F DEBUG : lr 00000071ffe771fc sp 0000007ff6766340 pc 00000071ffe77234 pst 0000000060001000
09-03 17:48:05.806 7072 7072 F DEBUG :
09-03 17:48:05.806 7072 7072 F DEBUG : backtrace:
09-03 17:48:05.806 7072 7072 F DEBUG : #00 pc 00000000002b6234 /data/app/~~removed==/com.redacted.mte-fail-removed==/lib/arm64/libredacted.so (BuildId: a52d0504e38375caed2287c03908ee08f9167dec)
09-03 17:48:05.806 7072 7072 F DEBUG : #01 pc 0000000000296b4c /data/app/~~removed==/com.redacted.mte-fail-removed==/lib/arm64/libredacted.so (BuildId: a52d0504e38375caed2287c03908ee08f9167dec)
09-03 17:48:05.806 7072 7072 F DEBUG : #02 pc 00000000002035b8 /data/app/~~removed==/com.redacted.mte-fail-removed==/lib/arm64/libredacted.so (BuildId: a52d0504e38375caed2287c03908ee08f9167dec)
09-03 17:48:05.806 7072 7072 F DEBUG : #03 pc 000000000029b54c /data/app/~~removed==/com.redacted.mte-fail-removed==/lib/arm64/libredacted.so (BuildId: a52d0504e38375caed2287c03908ee08f9167dec)
09-03 17:48:05.806 7072 7072 F DEBUG : #04 pc 00000000001dbc54 /data/app/~~removed==/com.redacted.mte-fail-removed==/lib/arm64/libredacted.so (BuildId: a52d0504e38375caed2287c03908ee08f9167dec)
09-03 17:48:05.806 7072 7072 F DEBUG : #05 pc 00000000002edf0c /data/app/~~removed==/com.redacted.mte-fail-removed==/lib/arm64/libredacted.so (BuildId: a52d0504e38375caed2287c03908ee08f9167dec)
09-03 17:48:05.806 7072 7072 F DEBUG : #06 pc 00000000002ec4d8 /data/app/~~removed==/com.redacted.mte-fail-removed==/lib/arm64/libredacted.so (BuildId: a52d0504e38375caed2287c03908ee08f9167dec)
09-03 17:48:05.806 7072 7072 F DEBUG : #07 pc 00000000002681cc /data/app/~~removed==/com.redacted.mte-fail-removed==/lib/arm64/libredacted.so (BuildId: a52d0504e38375caed2287c03908ee08f9167dec)
09-03 17:48:05.806 7072 7072 F DEBUG : #08 pc 0000000000269ed8 /data/app/~~removed==/com.redacted.mte-fail-removed==/lib/arm64/libredacted.so (BuildId: a52d0504e38375caed2287c03908ee08f9167dec)
09-03 17:48:05.806 7072 7072 F DEBUG : #09 pc 0000000000206450 /data/app/~~removed==/com.redacted.mte-fail-removed==/lib/arm64/libredacted.so (Java_com_redacted_hal_andThread_runNativeRunnable+200) (BuildId: a52d0504e38375caed2287c03908ee08f9167dec)
09-03 17:48:05.806 7072 7072 F DEBUG : #10 pc 000000000000a770 /data/app/~~removed==/com.redacted.mte-fail-removed==/oat/arm64/base.odex (art_jni_trampoline+96)
09-03 17:48:05.806 7072 7072 F DEBUG : #11 pc 0000000000011d60 /data/app/~~removed==/com.redacted.mte-fail-removed==/oat/arm64/base.odex (com.redacted.hal.andThread$DelayedNativeRunnable.run+80)
09-03 17:48:05.806 7072 7072 F DEBUG : #12 pc 00000000004f0100 /system/framework/arm64/boot-framework.oat (android.os.Handler.dispatchMessage+80) (BuildId: 6dd28009e1c9a04ffe27e0fb55a7c5b7e26faf0c)
09-03 17:48:05.806 7072 7072 F DEBUG : #13 pc 00000000004f2f9c /system/framework/arm64/boot-framework.oat (android.os.Looper.loopOnce+1036) (BuildId: 6dd28009e1c9a04ffe27e0fb55a7c5b7e26faf0c)
09-03 17:48:05.806 7072 7072 F DEBUG : #14 pc 00000000004f2af4 /system/framework/arm64/boot-framework.oat (android.os.Looper.loop+516) (BuildId: 6dd28009e1c9a04ffe27e0fb55a7c5b7e26faf0c)
09-03 17:48:05.806 7072 7072 F DEBUG : #15 pc 00000000002cf0dc /system/framework/arm64/boot-framework.oat (android.app.ActivityThread.main+732) (BuildId: 6dd28009e1c9a04ffe27e0fb55a7c5b7e26faf0c)
09-03 17:48:05.806 7072 7072 F DEBUG : #16 pc 00000000002d03e8 /apex/com.android.art/lib64/libart.so (art_quick_invoke_static_stub+568) (BuildId: bcd52c8fdf86e24da68ed4e7d4710992)
09-03 17:48:05.806 7072 7072 F DEBUG : #17 pc 0000000000364c64 /apex/com.android.art/lib64/libart.so (_jobject* art::InvokeMethod<(art::PointerSize)8>(art::ScopedObjectAccessAlreadyRunnable const&, _jobject*, _jobject*, _jobject*, unsigned long)+608) (BuildId: bcd52c8fdf86e24da68ed4e7d4710992)
09-03 17:48:05.806 7072 7072 F DEBUG : #18 pc 00000000003649dc /apex/com.android.art/lib64/libart.so (art::Method_invoke(_JNIEnv*, _jobject*, _jobject*, _jobjectArray*)+52) (BuildId: bcd52c8fdf86e24da68ed4e7d4710992)
09-03 17:48:05.806 7072 7072 F DEBUG : #19 pc 00000000000b2f74 /apex/com.android.art/javalib/arm64/boot.oat (art_jni_trampoline+132) (BuildId: 715d0a044ea13bcf499cd6094001f85c3246944e)
09-03 17:48:05.806 7072 7072 F DEBUG : #20 pc 000000000081adbc /system/framework/arm64/boot-framework.oat (com.android.internal.os.RuntimeInit$MethodAndArgsCaller.run+140) (BuildId: 6dd28009e1c9a04ffe27e0fb55a7c5b7e26faf0c)
09-03 17:48:05.806 7072 7072 F DEBUG : #21 pc 0000000000823028 /system/framework/arm64/boot-framework.oat (com.android.internal.os.ZygoteInit.main+2232) (BuildId: 6dd28009e1c9a04ffe27e0fb55a7c5b7e26faf0c)
09-03 17:48:05.806 7072 7072 F DEBUG : #22 pc 00000000002d03e8 /apex/com.android.art/lib64/libart.so (art_quick_invoke_static_stub+568) (BuildId: bcd52c8fdf86e24da68ed4e7d4710992)
09-03 17:48:05.806 7072 7072 F DEBUG : #23 pc 0000000000456c80 /apex/com.android.art/lib64/libart.so (art::JValue art::InvokeWithVarArgs<_jmethodID*>(art::ScopedObjectAccessAlreadyRunnable const&, _jobject*, _jmethodID*, std::__va_list)+464) (BuildId: bcd52c8fdf86e24da68ed4e7d4710992)
09-03 17:48:05.806 7072 7072 F DEBUG : #24 pc 0000000000635aa0 /apex/com.android.art/lib64/libart.so (art::JNI::CallStaticVoidMethodV(_JNIEnv*, _jclass*, _jmethodID*, std::__va_list)+268) (BuildId: bcd52c8fdf86e24da68ed4e7d4710992)
09-03 17:48:05.806 7072 7072 F DEBUG : #25 pc 00000000000aeac4 /system/lib64/libandroid_runtime.so (_JNIEnv::CallStaticVoidMethod(_jclass*, _jmethodID*, ...)+120) (BuildId: 1c1db88c22492b0b303535bef9a152c4)
