09-03 17:48:05.806 7072 7072 F DEBUG :
11-18 14:14:25.024 954 1066 I ASH : @ 35.591: touch gesture: tbn_init(): mode 0
09-03 17:48:05.806 7072 7072 F DEBUG :
11-18 14:14:25.024 954 1066 W SEE : @ 35.592: Got a registry read event
09-03 17:48:05.806 7072 7072 F DEBUG :
11-18 14:14:25.032 954 1066 D ASH : @ 35.599: tcs3701: TCS3701_POWER_RAIL_PENDING_INIT
09-03 17:48:05.806 7072 7072 F DEBUG :
11-18 14:14:25.032 954 1066 D ASH : @ 35.599: tcs3701: tcs3701_discover_hardware
09-03 17:48:05.806 7072 7072 F DEBUG :
11-18 14:14:25.032 954 1066 D ASH : @ 35.599: tcs3701: update_rail_vote: 1->0
09-03 17:48:05.806 7072 7072 F DEBUG :
11-18 14:14:25.032 954 1066 D ASH : @ 35.599: tcs3701: power vote set to 0
09-03 17:48:05.806 7072 7072 F DEBUG :
11-18 14:14:25.032 954 1066 D ASH : @ 35.599: tcs3701: TCS3701_POWER_RAIL_PENDING_NONE
09-03 17:48:05.806 7072 7072 F DEBUG :
11-18 14:14:25.032 954 1066 D ASH : @ 35.599: tcs3701: tcs3701_update_siblings
09-03 17:48:05.806 7072 7072 F DEBUG :
11-18 14:14:25.136 954 954 I sensors-hal: [factory]is_registry_up:210, registry_sensor availability time '2.006969sec' from serviceup(no of repeats:'4')
09-03 17:48:05.806 7072 7072 F DEBUG :
11-18 14:14:25.137 954 954 I sensors-hal: [ssc_utils]get_qmi_debug_flag:244, support_qmi_debug : false
09-03 17:48:05.806 7072 7072 F DEBUG :
11-18 14:14:25.141 954 1554 I sensors-hal: [ssc_utils]handle_ssc_event:91, thread_name= suid_lookup_see
09-03 17:48:05.806 7072 7072 F DEBUG : --- --- --- --- --- --- --- --- --- --- --- --- --- --- --- ---
09-03 17:48:05.806 7072 7072 F DEBUG : pid: 954, tid: 1050, name: POSIX timer 0 >>> /vendor/bin/hw/android.hardware.sensors@2.0-service.multihal <<<
09-03 17:48:05.806 7072 7072 F DEBUG : uid: 1000
09-03 17:48:05.806 7072 7072 F DEBUG : x0 fffffffffffffffc x1 00000079ac6dabc0 x2 0000000000000000 x3 0000000000000008
09-03 17:48:05.806 7072 7072 F DEBUG : x4 00000000ffffffff x5 0000000000000000 x6 0000000030353031 x7 0000000030353031
09-03 17:48:05.806 7072 7072 F DEBUG : x8 0000000000000089 x9 0000000000000000 x10 0000000080000000 x11 0000000000000001
09-03 17:48:05.806 7072 7072 F DEBUG : x12 0000007c3db79910 x13 0000000000000002 x14 0000000000000000 x15 0000000000000030
09-03 17:48:05.806 7072 7072 F DEBUG : x16 0000007c3dc17158 x17 0000007c3dbba0e0 x18 00000079ac462000 x19 b400007a5d7e1190
09-03 17:48:05.806 7072 7072 F DEBUG : x20 00000079ac6db000 x21 00000079ac6dacc0 x22 00000000000003ba x23 00000000000003ba
09-03 17:48:05.806 7072 7072 F DEBUG : x24 00000079ac6dacc0 x25 00000079ac6dacc0 x26 00000079ac6daff8 x27 00000000000fe000
09-03 17:48:05.806 7072 7072 F DEBUG : x28 00000000000fc000 x29 00000079ac6dac50
09-03 17:48:05.806 7072 7072 F DEBUG : lr 0000007c3dbb894c sp 00000079ac6dabc0 pc 0000007c3dbf9428 pst 0000000080001000
09-03 17:48:05.806 7072 7072 F DEBUG :
09-03 17:48:05.806 7072 7072 F DEBUG : backtrace:
09-03 17:48:05.806 7072 7072 F DEBUG : #00 pc 000000000009b428 /apex/com.android.runtime/lib64/bionic/libc.so (__rt_sigtimedwait+8) (BuildId: bca874ad82277777df5c95ca3b0f6e6f)
09-03 17:48:05.806 7072 7072 F DEBUG : #01 pc 000000000005a948 /apex/com.android.runtime/lib64/bionic/libc.so (__timer_thread_start(void*)+96) (BuildId: bca874ad82277777df5c95ca3b0f6e6f)
09-03 17:48:05.806 7072 7072 F DEBUG : #02 pc 00000000000af880 /apex/com.android.runtime/lib64/bionic/libc.so (__pthread_start(void*)+64) (BuildId: bca874ad82277777df5c95ca3b0f6e6f)
09-03 17:48:05.806 7072 7072 F DEBUG : #03 pc 00000000000500d0 /apex/com.android.runtime/lib64/bionic/libc.so (__start_thread+64) (BuildId: bca874ad82277777df5c95ca3b0f6e6f)
09-03 17:48:05.806 7072 7072 F DEBUG : --- --- --- --- --- --- --- --- --- --- --- --- --- --- --- ---
09-03 17:48:05.806 7072 7072 F DEBUG : pid: 954, tid: 1051, name: POSIX timer 1 >>> /vendor/bin/hw/android.hardware.sensors@2.0-service.multihal <<<
09-03 17:48:05.806 7072 7072 F DEBUG : uid: 1000
09-03 17:48:05.806 7072 7072 F DEBUG : x0 fffffffffffffffc x1 00000079ab5dcbc0 x2 0000000000000000 x3 0000000000000008
09-03 17:48:05.806 7072 7072 F DEBUG : x4 00000000ffffffff x5 0000000000000000 x6 0000000031353031 x7 0000000031353031
09-03 17:48:05.806 7072 7072 F DEBUG : x8 0000000000000089 x9 0000000000000000 x10 0000000080000000 x11 0000000000000001
09-03 17:48:05.806 7072 7072 F DEBUG : x12 0000007c3db79910 x13 0000000000000002 x14 0000000000000000 x15 0000000000000030
09-03 17:48:05.806 7072 7072 F DEBUG : x16 0000007c3dc17158 x17 0000007c3dbba0e0 x18 00000079ab302000 x19 b400007a5d7e1990
09-03 17:48:05.806 7072 7072 F DEBUG : x20 00000079ab5dd000 x21 00000079ab5dccc0 x22 00000000000003ba x23 00000000000003ba
09-03 17:48:05.806 7072 7072 F DEBUG : x24 00000079ab5dccc0 x25 00000079ab5dccc0 x26 00000079ab5dcff8 x27 00000000000fe000
09-03 17:48:05.806 7072 7072 F DEBUG : x28 00000000000fc000 x29 00000079ab5dcc50
09-03 17:48:05.806 7072 7072 F DEBUG : lr 0000007c3dbb894c sp 00000079ab5dcbc0 pc 0000007c3dbf9428 pst 0000000080001000
09-03 17:48:05.806 7072 7072 F DEBUG :
09-03 17:48:05.806 7072 7072 F DEBUG : backtrace:
09-03 17:48:05.806 7072 7072 F DEBUG : #00 pc 000000000009b428 /apex/com.android.runtime/lib64/bionic/libc.so (__rt_sigtimedwait+8) (BuildId: bca874ad82277777df5c95ca3b0f6e6f)
09-03 17:48:05.806 7072 7072 F DEBUG : #01 pc 000000000005a948 /apex/com.android.runtime/lib64/bionic/libc.so (__timer_thread_start(void*)+96) (BuildId: bca874ad82277777df5c95ca3b0f6e6f)
09-03 17:48:05.806 7072 7072 F DEBUG : #02 pc 00000000000af880 /apex/com.android.runtime/lib64/bionic/libc.so (__pthread_start(void*)+64) (BuildId: bca874ad82277777df5c95ca3b0f6e6f)
09-03 17:48:05.806 7072 7072 F DEBUG : #03 pc 00000000000500d0 /apex/com.android.runtime/lib64/bionic/libc.so (__start_thread+64) (BuildId: bca874ad82277777df5c95ca3b0f6e6f)
09-03 17:48:05.806 7072 7072 F DEBUG : --- --- --- --- --- --- --- --- --- --- --- --- --- --- --- ---
09-03 17:48:05.806 7072 7072 F DEBUG : pid: 954, tid: 1054, name: Binder:954_1 >>> /vendor/bin/hw/android.hardware.sensors@2.0-service.multihal <<<
09-03 17:48:05.806 7072 7072 F DEBUG : uid: 1000
09-03 17:48:05.806 7072 7072 F DEBUG : x0 fffffffffffffffc x1 00000000c0306201 x2 00000079aa2e2a80 x3 0000000000000000
09-03 17:48:05.806 7072 7072 F DEBUG : x4 0000000000000000 x5 0000000000000000 x6 0000000000000000 x7 00000000ff82eb50
09-03 17:48:05.806 7072 7072 F DEBUG : x8 000000000000001d x9 00000079aa2e2a10 x10 00000079aa2e2a10 x11 00000079aa2e29e0
09-03 17:48:05.806 7072 7072 F DEBUG : x12 ffffff80ffffffd0 x13 dc9b000000025103 x14 0000000000000000 x15 0000000000000030
09-03 17:48:05.806 7072 7072 F DEBUG : x16 0000007c3d8bbc98 x17 0000007c3dbb5a24 x18 00000079a84c0000 x19 00000079aa2e3000
09-03 17:48:05.806 7072 7072 F DEBUG : x20 b400007b0d7e5c90 x21 b400007b0d7e5db0 x22 0000000000000000 x23 00000000fffffff7
09-03 17:48:05.806 7072 7072 F DEBUG : x24 00000079aa2e3000 x25 0000000000000000 x26 00000079aa2e2ff8 x27 00000000000fe000
09-03 17:48:05.806 7072 7072 F DEBUG : x28 00000000000fc000 x29 00000079aa2e2a40
09-03 17:48:05.806 7072 7072 F DEBUG : lr 0000007c3dbb5ac8 sp 00000079aa2e2960 pc 0000007c3dbf8a28 pst 0000000080001000
09-03 17:48:05.806 7072 7072 F DEBUG :
09-03 17:48:05.806 7072 7072 F DEBUG : backtrace:
09-03 17:48:05.806 7072 7072 F DEBUG : #00 pc 000000000009aa28 /apex/com.android.runtime/lib64/bionic/libc.so (__ioctl+8) (BuildId: bca874ad82277777df5c95ca3b0f6e6f)
09-03 17:48:05.806 7072 7072 F DEBUG : #01 pc 0000000000057ac4 /apex/com.android.runtime/lib64/bionic/libc.so (ioctl+160) (BuildId: bca874ad82277777df5c95ca3b0f6e6f)
09-03 17:48:05.806 7072 7072 F DEBUG : #02 pc 0000000000045ac4 /apex/com.android.vndk.v30/lib64/libbinder.so (android::IPCThreadState::talkWithDriver(bool)+296) (BuildId: 04057d218e03ba707dc20b04908ebe)
09-03 17:48:05.806 7072 7072 F DEBUG : #03 pc 0000000000045cb4 /apex/com.android.vndk.v30/lib64/libbinder.so (android::IPCThreadState::getAndExecuteCommand()+24) (BuildId: 04057d218e03ba707dc20b04908ebe)
09-03 17:48:05.806 7072 7072 F DEBUG : #04 pc 0000000000046574 /apex/com.android.vndk.v30/lib64/libbinder.so (android::IPCThreadState::joinThreadPool(bool)+60) (BuildId: 04057d218e03ba707dc20b04908ebe)
09-03 17:48:05.806 7072 7072 F DEBUG : #05 pc 000000000006bf8c /apex/com.android.vndk.v30/lib64/libbinder.so (android::PoolThread::threadLoop()+24) (BuildId: 04057d218e03ba707dc20b04908ebe)
09-03 17:48:05.806 7072 7072 F DEBUG : #06 pc 0000000000015414 /apex/com.android.vndk.v30/lib64/libutils.so (android::Thread::_threadLoop(void*)+260) (BuildId: 42cc98ab5e44ce15a2c97d0c64a4c0)
09-03 17:48:05.806 7072 7072 F DEBUG : #07 pc 0000000000014cd8 /apex/com.android.vndk.v30/lib64/libutils.so (thread_data_t::trampoline(thread_data_t const*)+412) (BuildId: 42cc98ab5e44ce15a2c97d0c64a4c0)
09-03 17:48:05.806 7072 7072 F DEBUG : #08 pc 00000000000af880 /apex/com.android.runtime/lib64/bionic/libc.so (__pthread_start(void*)+64) (BuildId: bca874ad82277777df5c95ca3b0f6e6f)
09-03 17:48:05.806 7072 7072 F DEBUG : #09 pc 00000000000500d0 /apex/com.android.runtime/lib64/bionic/libc.so (__start_thread+64) (BuildId: bca874ad82277777df5c95ca3b0f6e6f)
09-03 17:48:05.806 7072 7072 F DEBUG : --- --- --- --- --- --- --- --- --- --- --- --- --- --- --- ---
09-03 17:48:05.806 7072 7072 F DEBUG : pid: 954, tid: 1056, name: Binder:954_2 >>> /vendor/bin/hw/android.hardware.sensors@2.0-service.multihal <<<
09-03 17:48:05.806 7072 7072 F DEBUG : uid: 1000
09-03 17:48:05.806 7072 7072 F DEBUG : x0 fffffffffffffffc x1 00000000c0306201 x2 00000079a80e6a80 x3 0000000000000000
09-03 17:48:05.806 7072 7072 F DEBUG : x4 0000000000000000 x5 0000000000000000 x6 0000000000000000 x7 0000007add7dc680
09-03 17:48:05.806 7072 7072 F DEBUG : x8 000000000000001d x9 00000079a80e6a10 x10 00000079a80e6a10 x11 00000079a80e69e0
09-03 17:48:05.806 7072 7072 F DEBUG : x12 ffffff80ffffffd0 x13 0000007add7dc680 x14 0000000000010010 x15 0000000000000002
09-03 17:48:05.806 7072 7072 F DEBUG : x16 0000007c3d8bbc98 x17 0000007c3dbb5a24 x18 00000079a7a96000 x19 00000079a80e7000
09-03 17:48:05.806 7072 7072 F DEBUG : x20 b400007b0d7e2760 x21 b400007b0d7e2880 x22 0000000000000000 x23 00000000fffffff7
09-03 17:48:05.806 7072 7072 F DEBUG : x24 00000079a80e7000 x25 0000000000000000 x26 00000079a80e6ff8 x27 00000000000fe000
09-03 17:48:05.806 7072 7072 F DEBUG : x28 00000000000fc000 x29 00000079a80e6a40
09-03 17:48:05.806 7072 7072 F DEBUG : lr 0000007c3dbb5ac8 sp 00000079a80e6960 pc 0000007c3dbf8a28 pst 0000000080001000
09-03 17:48:05.806 7072 7072 F DEBUG :
09-03 17:48:05.806 7072 7072 F DEBUG : backtrace:
09-03 17:48:05.806 7072 7072 F DEBUG : #00 pc 000000000009aa28 /apex/com.android.runtime/lib64/bionic/libc.so (__ioctl+8) (BuildId: bca874ad82277777df5c95ca3b0f6e6f)
09-03 17:48:05.806 7072 7072 F DEBUG : #01 pc 0000000000057ac4 /apex/com.android.runtime/lib64/bionic/libc.so (ioctl+160) (BuildId: bca874ad82277777df5c95ca3b0f6e6f)
09-03 17:48:05.806 7072 7072 F DEBUG : #02 pc 0000000000045ac4 /apex/com.android.vndk.v30/lib64/libbinder.so (android::IPCThreadState::talkWithDriver(bool)+296) (BuildId: 04057d218e03ba707dc20b04908ebe)
09-03 17:48:05.806 7072 7072 F DEBUG : #03 pc 0000000000045cb4 /apex/com.android.vndk.v30/lib64/libbinder.so (android::IPCThreadState::getAndExecuteCommand()+24) (BuildId: 04057d218e03ba707dc20b04908ebe)
09-03 17:48:05.806 7072 7072 F DEBUG : #04 pc 0000000000046574 /apex/com.android.vndk.v30/lib64/libbinder.so (android::IPCThreadState::joinThreadPool(bool)+60) (BuildId: 04057d218e03ba707dc20b04908ebe)
09-03 17:48:05.806 7072 7072 F DEBUG : #05 pc 000000000006bf8c /apex/com.android.vndk.v30/lib64/libbinder.so (android::PoolThread::threadLoop()+24) (BuildId: 04057d218e03ba707dc20b04908ebe)
09-03 17:48:05.806 7072 7072 F DEBUG : #06 pc 0000000000015414 /apex/com.android.vndk.v30/lib64/libutils.so (android::Thread::_threadLoop(void*)+260) (BuildId: 42cc98ab5e44ce15a2c97d0c64a4c0)
09-03 17:48:05.806 7072 7072 F DEBUG : #07 pc 0000000000014cd8 /apex/com.android.vndk.v30/lib64/libutils.so (thread_data_t::trampoline(thread_data_t const*)+412) (BuildId: 42cc98ab5e44ce15a2c97d0c64a4c0)
09-03 17:48:05.806 7072 7072 F DEBUG : #08 pc 00000000000af880 /apex/com.android.runtime/lib64/bionic/libc.so (__pthread_start(void*)+64) (BuildId: bca874ad82277777df5c95ca3b0f6e6f)
09-03 17:48:05.806 7072 7072 F DEBUG : #09 pc 00000000000500d0 /apex/com.android.runtime/lib64/bionic/libc.so (__start_thread+64) (BuildId: bca874ad82277777df5c95ca3b0f6e6f)
09-03 17:48:05.806 7072 7072 F DEBUG : --- --- --- --- --- --- --- --- --- --- --- --- --- --- --- ---
09-03 17:48:05.806 7072 7072 F DEBUG : pid: 954, tid: 1062, name: android.hardwar >>> /vendor/bin/hw/android.hardware.sensors@2.0-service.multihal <<<
09-03 17:48:05.806 7072 7072 F DEBUG : uid: 1000
09-03 17:48:05.806 7072 7072 F DEBUG : x0 00000079a6fe8bf8 x1 0000000000000002 x2 0000000000000000 x3 0000000000000000
09-03 17:48:05.806 7072 7072 F DEBUG : x4 0000000000000000 x5 0000000000000030 x6 fefefeff09302f31 x7 7f7f7f7f7f7f7f7f
09-03 17:48:05.806 7072 7072 F DEBUG : x8 0000000000000049 x9 0000000000000009 x10 0000000000000002 x11 fffffffffffffffd
09-03 17:48:05.806 7072 7072 F DEBUG : x12 00000079a6fe85e0 x13 0000000000000035 x14 0000000000000080 x15 ffffffffffffffff
09-03 17:48:05.806 7072 7072 F DEBUG : x16 00000079ad01e558 x17 0000007c3dbb8080 x18 00000079a2cc6000 x19 0000000000000002
09-03 17:48:05.806 7072 7072 F DEBUG : x20 00000079a6fe8bf8 x21 0000000000000000 x22 00000079a6fe9000 x23 00000079ad00f677
09-03 17:48:05.806 7072 7072 F DEBUG : x24 00000079ad01fbe8 x25 00000079ad00f8f0 x26 0000000000000001 x27 0000000000000000
09-03 17:48:05.806 7072 7072 F DEBUG : x28 00000079ad01f744 x29 00000079a6fe8b90
09-03 17:48:05.806 7072 7072 F DEBUG : lr 0000007c3dbb80e0 sp 00000079a6fe8b70 pc 0000007c3dbf9ae4 pst 0000000020001000
09-03 17:48:05.806 7072 7072 F DEBUG :
09-03 17:48:05.806 7072 7072 F DEBUG : backtrace:
09-03 17:48:05.806 7072 7072 F DEBUG : #00 pc 000000000009bae4 /apex/com.android.runtime/lib64/bionic/libc.so (__ppoll+4) (BuildId: bca874ad82277777df5c95ca3b0f6e6f)
09-03 17:48:05.806 7072 7072 F DEBUG : #01 pc 000000000005a0dc /apex/com.android.runtime/lib64/bionic/libc.so (poll+92) (BuildId: bca874ad82277777df5c95ca3b0f6e6f)
09-03 17:48:05.806 7072 7072 F DEBUG : #02 pc 000000000000d140 /vendor/lib64/libqmi_cci.so (ctrl_msg_reader_thread+196) (BuildId: 83b09543240557d1abb85a693b74e8)
09-03 17:48:05.806 7072 7072 F DEBUG : #03 pc 00000000000af880 /apex/com.android.runtime/lib64/bionic/libc.so (__pthread_start(void*)+64) (BuildId: bca874ad82277777df5c95ca3b0f6e6f)
09-03 17:48:05.806 7072 7072 F DEBUG : #04 pc 00000000000500d0 /apex/com.android.runtime/lib64/bionic/libc.so (__start_thread+64) (BuildId: bca874ad82277777df5c95ca3b0f6e6f)
09-03 17:48:05.806 7072 7072 F DEBUG : --- --- --- --- --- --- --- --- --- --- --- --- --- --- --- ---
09-03 17:48:05.806 7072 7072 F DEBUG : pid: 954, tid: 1066, name: android.hardwar >>> /vendor/bin/hw/android.hardware.sensors@2.0-service.multihal <<<
09-03 17:48:05.806 7072 7072 F DEBUG : uid: 1000
09-03 17:48:05.806 7072 7072 F DEBUG : x0 00000079a4ceebf8 x1 0000000000000002 x2 0000000000000000 x3 0000000000000000
09-03 17:48:05.806 7072 7072 F DEBUG : x4 0000000000000000 x5 000000000000001e x6 fefefefefeff7266 x7 7f7f7f7f7f7f7f7f
09-03 17:48:05.806 7072 7072 F DEBUG : x8 0000000000000049 x9 0000000000001210 x10 0000000000001f44 x11 240000000101c116
09-03 17:48:05.806 7072 7072 F DEBUG : x12 00000000185560cb x13 240000000101c116 x14 0000000000000000 x15 0000000000000082
09-03 17:48:05.806 7072 7072 F DEBUG : x16 00000079ad01e558 x17 0000007c3dbb8080 x18 00000079a238e000 x19 0000000000000002
09-03 17:48:05.806 7072 7072 F DEBUG : x20 00000079a4ceebf8 x21 0000000000000000 x22 00000079a4cef000 x23 00000079ad00f913
09-03 17:48:05.806 7072 7072 F DEBUG : x24 00000079ad00ff2f x25 0000000000000001 x26 000000000000000c x27 00000079ad01f744
09-03 17:48:05.806 7072 7072 F DEBUG : x28 b400007b8d7df220 x29 00000079a4ceeb90
09-03 17:48:05.806 7072 7072 F DEBUG : lr 0000007c3dbb80e0 sp 00000079a4ceeb70 pc 0000007c3dbf9ae4 pst 0000000060001000
09-03 17:48:05.806 7072 7072 F DEBUG :
09-03 17:48:05.806 7072 7072 F DEBUG : backtrace:
09-03 17:48:05.806 7072 7072 F DEBUG : #00 pc 000000000009bae4 /apex/com.android.runtime/lib64/bionic/libc.so (__ppoll+4) (BuildId: bca874ad82277777df5c95ca3b0f6e6f)
09-03 17:48:05.806 7072 7072 F DEBUG : #01 pc 000000000005a0dc /apex/com.android.runtime/lib64/bionic/libc.so (poll+92) (BuildId: bca874ad82277777df5c95ca3b0f6e6f)
09-03 17:48:05.806 7072 7072 F DEBUG : #02 pc 000000000000cb88 /vendor/lib64/libqmi_cci.so (data_msg_reader_thread+176) (BuildId: 83b09543240557d1abb85a693b74e8)
09-03 17:48:05.806 7072 7072 F DEBUG : #03 pc 00000000000af880 /apex/com.android.runtime/lib64/bionic/libc.so (__pthread_start(void*)+64) (BuildId: bca874ad82277777df5c95ca3b0f6e6f)
09-03 17:48:05.806 7072 7072 F DEBUG : #04 pc 00000000000500d0 /apex/com.android.runtime/lib64/bionic/libc.so (__start_thread+64) (BuildId: bca874ad82277777df5c95ca3b0f6e6f)
09-03 17:48:05.806 7072 7072 F DEBUG : --- --- --- --- --- --- --- --- --- --- --- --- --- --- --- ---
09-03 17:48:05.806 7072 7072 F DEBUG : pid: 954, tid: 1554, name: suid_lookup_see >>> /vendor/bin/hw/android.hardware.sensors@2.0-service.multihal <<<
09-03 17:48:05.806 7072 7072 F DEBUG : uid: 1000
09-03 17:48:05.806 7072 7072 F DEBUG : x0 b400007b1d7df180 x1 0000000000000089 x2 0000000000000038 x3 0000000000000000
09-03 17:48:05.806 7072 7072 F DEBUG : x4 0000000000000000 x5 00000000ffffffff x6 00000000ffffffff x7 082bf075dc20f08c
09-03 17:48:05.806 7072 7072 F DEBUG : x8 0000000000000062 x9 0000000000000089 x10 0000000000000009 x11 34e6000000030103
09-03 17:48:05.806 7072 7072 F DEBUG : x12 00000000f208702d x13 34e6000000030103 x14 be41013c00000000 x15 c3a5c85c97cb3127
09-03 17:48:05.806 7072 7072 F DEBUG : x16 0000007c3dc16d10 x17 0000007c3dba91f0 x18 00000079a97b2000 x19 0000000000000038
09-03 17:48:05.806 7072 7072 F DEBUG : x20 0000000000000000 x21 b400007b1d7df180 x22 0000000000000089 x23 00000079aa1e4fb8
09-03 17:48:05.806 7072 7072 F DEBUG : x24 00000079aa1e5000 x25 0000000000000000 x26 00000079ac8d9e96 x27 c0c0c0c0c0c0c0c1
09-03 17:48:05.806 7072 7072 F DEBUG : x28 00000079aa1e5000 x29 00000079aa1e4b20
09-03 17:48:05.806 7072 7072 F DEBUG : lr 0000007c3dbacdf0 sp 00000079aa1e4b00 pc 0000007c3dba920c pst 0000000040001000
09-03 17:48:05.806 7072 7072 F DEBUG :
09-03 17:48:05.806 7072 7072 F DEBUG : backtrace:
09-03 17:48:05.806 7072 7072 F DEBUG : #00 pc 000000000004b20c /apex/com.android.runtime/lib64/bionic/libc.so (syscall+28) (BuildId: bca874ad82277777df5c95ca3b0f6e6f)
09-03 17:48:05.806 7072 7072 F DEBUG : #01 pc 000000000004edec /apex/com.android.runtime/lib64/bionic/libc.so (__futex_wait_ex(void volatile*, bool, int, bool, timespec const*)+144) (BuildId: bca874ad82277777df5c95ca3b0f6e6f)
09-03 17:48:05.806 7072 7072 F DEBUG : #02 pc 00000000000aeca0 /apex/com.android.runtime/lib64/bionic/libc.so (pthread_cond_wait+60) (BuildId: bca874ad82277777df5c95ca3b0f6e6f)
09-03 17:48:05.806 7072 7072 F DEBUG : #03 pc 00000000000112e0 /vendor/lib64/libssc.so (worker::run()+208) (BuildId: e56dc7bc5138b53b22fd2cf8e0f84b)
09-03 17:48:05.806 7072 7072 F DEBUG : #04 pc 00000000000111e0 /vendor/lib64/libssc.so (worker::thread_execute(void*)+24) (BuildId: e56dc7bc5138b53b22fd2cf8e0f84b)
09-03 17:48:05.806 7072 7072 F DEBUG : #05 pc 00000000000af880 /apex/com.android.runtime/lib64/bionic/libc.so (__pthread_start(void*)+64) (BuildId: bca874ad82277777df5c95ca3b0f6e6f)
09-03 17:48:05.806 7072 7072 F DEBUG : #06 pc 00000000000500d0 /apex/com.android.runtime/lib64/bionic/libc.so (__start_thread+64) (BuildId: bca874ad82277777df5c95ca3b0f6e6f)
09-03 17:48:05.806 7072 7072 F DEBUG : --- --- --- --- --- --- --- --- --- --- --- --- --- --- --- ---
09-03 17:48:05.806 7072 7072 F DEBUG : pid: 954, tid: 1555, name: android.hardwar >>> /vendor/bin/hw/android.hardware.sensors@2.0-service.multihal <<<
09-03 17:48:05.806 7072 7072 F DEBUG : uid: 1000
09-03 17:48:05.806 7072 7072 F DEBUG : x0 00000079a6eeabf8 x1 0000000000000002 x2 0000000000000000 x3 0000000000000000
09-03 17:48:05.806 7072 7072 F DEBUG : x4 0000000000000000 x5 0000000000000000 x6 0000000000000000 x7 abababab11ababab
09-03 17:48:05.806 7072 7072 F DEBUG : x8 0000000000000049 x9 0000000000010010 x10 0000000000001f44 x11 de6c00000f248120
09-03 17:48:05.806 7072 7072 F DEBUG : x12 00000000bbc19aa7 x13 de6c00000f248120 x14 00000079a6eeb000 x15 0000000000000070
09-03 17:48:05.806 7072 7072 F DEBUG : x16 00000079ad01e558 x17 0000007c3dbb8080 x18 00000079a68ae000 x19 0000000000000002
09-03 17:48:05.806 7072 7072 F DEBUG : x20 00000079a6eeabf8 x21 0000000000000000 x22 00000079a6eeb000 x23 00000079ad00f913
09-03 17:48:05.806 7072 7072 F DEBUG : x24 00000079ad00ff2f x25 0000000000000001 x26 000000000000000c x27 00000079ad01f744
09-03 17:48:05.806 7072 7072 F DEBUG : x28 b400007c2d7fb030 x29 00000079a6eeab90
09-03 17:48:05.806 7072 7072 F DEBUG : lr 0000007c3dbb80e0 sp 00000079a6eeab70 pc 0000007c3dbf9ae4 pst 0000000060001000
09-03 17:48:05.806 7072 7072 F DEBUG :
09-03 17:48:05.806 7072 7072 F DEBUG : backtrace:
09-03 17:48:05.806 7072 7072 F DEBUG : #00 pc 000000000009bae4 /apex/com.android.runtime/lib64/bionic/libc.so (__ppoll+4) (BuildId: bca874ad82277777df5c95ca3b0f6e6f)
09-03 17:48:05.806 7072 7072 F DEBUG : #01 pc 000000000005a0dc /apex/com.android.runtime/lib64/bionic/libc.so (poll+92) (BuildId: bca874ad82277777df5c95ca3b0f6e6f)
09-03 17:48:05.806 7072 7072 F DEBUG : #02 pc 000000000000cb88 /vendor/lib64/libqmi_cci.so (data_msg_reader_thread+176) (BuildId: 83b09543240557d1abb85a693b74e8)
09-03 17:48:05.806 7072 7072 F DEBUG : #03 pc 00000000000af880 /apex/com.android.runtime/lib64/bionic/libc.so (__pthread_start(void*)+64) (BuildId: bca874ad82277777df5c95ca3b0f6e6f)
09-03 17:48:05.806 7072 7072 F DEBUG : #04 pc 00000000000500d0 /apex/com.android.runtime/lib64/bionic/libc.so (__start_thread+64) (BuildId: bca874ad82277777df5c95ca3b0f6e6f)
09-03 17:48:05.806 7072 7072 F DEBUG : --- --- --- --- --- --- --- --- --- --- --- --- --- --- --- ---
09-03 17:48:05.806 7072 7072 F DEBUG : pid: 954, tid: 1556, name: POSIX timer 3 >>> /vendor/bin/hw/android.hardware.sensors@2.0-service.multihal <<<
09-03 17:48:05.806 7072 7072 F DEBUG : uid: 1000
09-03 17:48:05.806 7072 7072 F DEBUG : x0 fffffffffffffffc x1 00000079a5decbc0 x2 0000000000000000 x3 0000000000000008
09-03 17:48:05.806 7072 7072 F DEBUG : x4 00000000ffffffff x5 0000000000000000 x6 0000000036353531 x7 0000000036353531
09-03 17:48:05.806 7072 7072 F DEBUG : x8 0000000000000089 x9 0000000000000000 x10 0000000080000000 x11 0000000000000001
09-03 17:48:05.806 7072 7072 F DEBUG : x12 0000007c3db79910 x13 0000000000000002 x14 0000000000000000 x15 0000000000000030
09-03 17:48:05.806 7072 7072 F DEBUG : x16 0000007c3dc17158 x17 0000007c3dbba0e0 x18 00000079a4fb8000 x19 b400007a5d7e0090
09-03 17:48:05.806 7072 7072 F DEBUG : x20 00000079a5ded000 x21 00000079a5deccc0 x22 00000000000003ba x23 00000000000003ba
09-03 17:48:05.806 7072 7072 F DEBUG : x24 00000079a5deccc0 x25 00000079a5deccc0 x26 00000079a5decff8 x27 00000000000fe000
09-03 17:48:05.806 7072 7072 F DEBUG : x28 00000000000fc000 x29 00000079a5decc50
09-03 17:48:05.806 7072 7072 F DEBUG : lr 0000007c3dbb894c sp 00000079a5decbc0 pc 0000007c3dbf9428 pst 0000000080001000
09-03 17:48:05.806 7072 7072 F DEBUG :
09-03 17:48:05.806 7072 7072 F DEBUG : backtrace:
09-03 17:48:05.806 7072 7072 F DEBUG : #00 pc 000000000009b428 /apex/com.android.runtime/lib64/bionic/libc.so (__rt_sigtimedwait+8) (BuildId: bca874ad82277777df5c95ca3b0f6e6f)
09-03 17:48:05.806 7072 7072 F DEBUG : #01 pc 000000000005a948 /apex/com.android.runtime/lib64/bionic/libc.so (__timer_thread_start(void*)+96) (BuildId: bca874ad82277777df5c95ca3b0f6e6f)
09-03 17:48:05.806 7072 7072 F DEBUG : #02 pc 00000000000af880 /apex/com.android.runtime/lib64/bionic/libc.so (__pthread_start(void*)+64) (BuildId: bca874ad82277777df5c95ca3b0f6e6f)
09-03 17:48:05.806 7072 7072 F DEBUG : #03 pc 00000000000500d0 /apex/com.android.runtime/lib64/bionic/libc.so (__start_thread+64) (BuildId: bca874ad82277777df5c95ca3b0f6e6f)
09-03 17:48:05.806 7072 7072 F DEBUG :
09-03 17:48:05.806 7072 7072 F DEBUG : open files:
09-03 17:48:05.806 7072 7072 F DEBUG : fd 0: /dev/null (unowned)
09-03 17:48:05.806 7072 7072 F DEBUG : fd 1: /dev/null (unowned)
09-03 17:48:05.806 7072 7072 F DEBUG : fd 2: /dev/null (unowned)
09-03 17:48:05.806 7072 7072 F DEBUG : fd 3: /dev/binderfs/hwbinder (unowned)
09-03 17:48:05.806 7072 7072 F DEBUG : fd 4: /vendor/etc/sensors/hals.conf (owned by FILE* 0x7b6d7df888)
09-03 17:48:05.806 7072 7072 F DEBUG : fd 5: socket:[32782] (unowned)
09-03 17:48:05.806 7072 7072 F DEBUG : fd 6: /dev/pmsg0 (unowned)
09-03 17:48:05.806 7072 7072 F DEBUG : fd 7: /dev/binderfs/vndbinder (unowned)
09-03 17:48:05.806 7072 7072 F DEBUG : fd 8: socket:[32788] (unowned)
09-03 17:48:05.806 7072 7072 F DEBUG : fd 9: pipe:[32789] (unowned)
09-03 17:48:05.806 7072 7072 F DEBUG : fd 10: pipe:[32789] (unowned)
09-03 17:48:05.806 7072 7072 F DEBUG : fd 11: socket:[33509] (unowned)
09-03 17:48:05.806 7072 7072 F DEBUG : fd 12: pipe:[33510] (unowned)
09-03 17:48:05.806 7072 7072 F DEBUG : fd 13: pipe:[33510] (unowned)
09-03 17:48:05.806 7072 7072 F DEBUG : fd 14: socket:[32800] (unowned)
09-03 17:48:05.806 7072 7072 F DEBUG : fd 15: pipe:[32801] (unowned)
09-03 17:48:05.806 7072 7072 F DEBUG : fd 16: pipe:[32801] (unowned)
09-03 17:48:05.806 7072 7072 F DEBUG : --------- log system
09-03 17:48:05.806 7072 7072 F DEBUG :
11-18 14:14:23.133 954 1062 I QMI_FW : QCCI: Received NEW_SERVER cmd for 0000016e:00000001
09-03 17:48:05.806 7072 7072 F DEBUG :
11-18 14:14:23.133 954 1062 I QMI_FW : QCCI: Received NEW_SERVER cmd for 00000042:00004a01
09-03 17:48:05.806 7072 7072 F DEBUG :
11-18 14:14:23.133 954 1062 I QMI_FW : QCCI: Received NEW_SERVER cmd for 00000033:00000501
09-03 17:48:05.806 7072 7072 F DEBUG :
11-18 14:14:23.133 954 1062 I QMI_FW : QCCI: Received NEW_SERVER cmd for 0000000f:00002101
09-03 17:48:05.806 7072 7072 F DEBUG :
11-18 14:14:23.133 954 1062 I QMI_FW : QCCI: Received NEW_SERVER cmd for 00000301:00000001
09-03 17:48:05.806 7072 7072 F DEBUG :
11-18 14:14:23.133 954 1062 I QMI_FW : QCCI: Received NEW_SERVER cmd for 0000002b:00001402
09-03 17:48:05.806 7072 7072 F DEBUG :
11-18 14:14:23.133 954 1062 I QMI_FW : QCCI: Received NEW_SERVER cmd for 0000016c:00000001
09-03 17:48:05.806 7072 7072 F DEBUG :
11-18 14:14:23.133 954 1062 I QMI_FW : QCCI: Received NEW_SERVER cmd for 00001001:00000041
09-03 17:48:05.806 7072 7072 F DEBUG :
11-18 14:14:23.133 954 1062 I QMI_FW : QCCI: Received NEW_SERVER cmd for 00000190:00000001
09-03 17:48:05.806 7072 7072 F DEBUG :
11-18 14:14:23.133 954 1062 I QMI_FW : QCCI: Received NEW_SERVER cmd for 0000000f:00002001
09-03 17:48:05.806 7072 7072 F DEBUG :
11-18 14:14:23.133 954 1062 I QMI_FW : QCCI: Received NEW_SERVER cmd for 0000015b:00000001
09-03 17:48:05.806 7072 7072 F DEBUG :
11-18 14:14:23.133 954 1062 I QMI_FW : QCCI: Received NEW_SERVER cmd for 00000018:00000101
09-03 17:48:05.806 7072 7072 F DEBUG :
11-18 14:14:23.133 954 1062 I QMI_FW : QCCI: Received NEW_SERVER cmd for 0000000f:00002201
09-03 17:48:05.806 7072 7072 F DEBUG :
11-18 14:14:23.133 954 1062 I QMI_FW : QCCI: Received NEW_SERVER cmd for 00000033:00000c01
09-03 17:48:05.806 7072 7072 F DEBUG :
11-18 14:14:23.133 954 1062 I QMI_FW : QCCI: Received NEW_SERVER cmd for 00001001:00000184
09-03 17:48:05.806 7072 7072 F DEBUG :
11-18 14:14:23.133 954 1062 I QMI_FW : QCCI: Received NEW_SERVER cmd for 00001001:00000140
09-03 17:48:05.806 7072 7072 F DEBUG :
11-18 14:14:23.133 954 1062 I QMI_FW : QCCI: Received NEW_SERVER cmd for 00001000:00000001
09-03 17:48:05.806 7072 7072 F DEBUG :
11-18 14:14:23.133 954 1062 I QMI_FW : QCCI: Received NEW_SERVER cmd for 00001001:00000100
09-03 17:48:05.806 7072 7072 F DEBUG :
11-18 14:14:23.133 954 1062 I QMI_FW : QCCI: Received NEW_SERVER cmd for 00001001:00000042
09-03 17:48:05.806 7072 7072 F DEBUG :
11-18 14:14:23.133 954 1062 I QMI_FW : QCCI: Received NEW_SERVER cmd for 00001000:00000004
09-03 17:48:05.806 7072 7072 F DEBUG :
11-18 14:14:23.133 954 1062 I QMI_FW : QCCI: Received NEW_SERVER cmd for 00000034:00000101
09-03 17:48:05.806 7072 7072 F DEBUG :
11-18 14:14:23.133 954 1062 I QMI_FW : QCCI: Received NEW_SERVER cmd for 00001001:00000082
09-03 17:48:05.806 7072 7072 F DEBUG :
11-18 14:14:23.133 954 1062 I QMI_FW : QCCI: Received NEW_SERVER cmd for 00001000:00000007
09-03 17:48:05.806 7072 7072 F DEBUG :
11-18 14:14:23.133 954 1062 I QMI_FW : QCCI: Received NEW_SERVER cmd for 0000041d:00000001
09-03 17:48:05.806 7072 7072 F DEBUG :
11-18 14:14:23.133 954 1062 I QMI_FW : QCCI: Received NEW_SERVER cmd for 00001001:00000144
09-03 17:48:05.806 7072 7072 F DEBUG :
11-18 14:14:23.133 954 1062 I QMI_FW : QCCI: Received NEW_SERVER cmd for 00001000:0000000a
09-03 17:48:05.806 7072 7072 F DEBUG :
11-18 14:14:23.133 954 1062 I QMI_FW : QCCI: Received NEW_SERVER cmd for 00000031:00000101
09-03 17:48:05.806 7072 7072 F DEBUG :
11-18 14:14:23.133 954 1062 I QMI_FW : QCCI: Received NEW_SERVER cmd for 00001001:00000104
09-03 17:48:05.806 7072 7072 F DEBUG :
11-18 14:14:23.133 954 1062 I QMI_FW : QCCI: Received NEW_SERVER cmd for 00000040:00000101
09-03 17:48:05.806 7072 7072 F DEBUG :
11-18 14:14:23.134 954 1062 I QMI_FW : QCCI: Received NEW_SERVER cmd for 00001001:00000004
09-03 17:48:05.806 7072 7072 F DEBUG :
11-18 14:14:23.134 954 1062 I QMI_FW : QCCI: Received NEW_SERVER cmd for 00001000:00000003
09-03 17:48:05.806 7072 7072 F DEBUG :
11-18 14:14:23.134 954 1062 I QMI_FW : QCCI: Received NEW_SERVER cmd for 00001001:00000180
09-03 17:48:05.806 7072 7072 F DEBUG :
11-18 14:14:23.134 954 1062 I QMI_FW : QCCI: Received NEW_SERVER cmd for 00001001:00000084
09-03 17:48:05.806 7072 7072 F DEBUG :
11-18 14:14:23.134 954 1062 I QMI_FW : QCCI: Received NEW_SERVER cmd for 00001000:00000006
09-03 17:48:05.806 7072 7072 F DEBUG :
11-18 14:14:23.134 954 1062 I QMI_FW : QCCI: Received NEW_SERVER cmd for 00001001:000000c4
09-03 17:48:05.806 7072 7072 F DEBUG :
11-18 14:14:23.134 954 1062 I QMI_FW : QCCI: Received NEW_SERVER cmd for 00001000:00000009
09-03 17:48:05.806 7072 7072 F DEBUG :
11-18 14:14:23.134 954 1062 I QMI_FW : QCCI: Received NEW_SERVER cmd for 000000eb:00000001
09-03 17:48:05.806 7072 7072 F DEBUG :
11-18 14:14:23.134 954 1062 I QMI_FW : QCCI: Received NEW_SERVER cmd for 00001001:00000102
09-03 17:48:05.806 7072 7072 F DEBUG :
11-18 14:14:23.134 954 1062 I QMI_FW : QCCI: Received NEW_SERVER cmd for 00001001:00000182
09-03 17:48:05.806 7072 7072 F DEBUG :
11-18 14:14:23.134 954 1062 I QMI_FW : QCCI: Received NEW_SERVER cmd for 00001001:00000002
09-03 17:48:05.806 7072 7072 F DEBUG :
11-18 14:14:23.134 954 1062 I QMI_FW : QCCI: Received NEW_SERVER cmd for 00001000:00000002
09-03 17:48:05.806 7072 7072 F DEBUG :
11-18 14:14:23.134 954 1062 I QMI_FW : QCCI: Received NEW_SERVER cmd for 00001001:00000080
09-03 17:48:05.806 7072 7072 F DEBUG :
11-18 14:14:23.134 954 1062 I QMI_FW : QCCI: Received NEW_SERVER cmd for 00001001:00000044
09-03 17:48:05.806 7072 7072 F DEBUG :
11-18 14:14:23.134 954 1062 I QMI_FW : QCCI: Received NEW_SERVER cmd for 00001000:00000005
09-03 17:48:05.806 7072 7072 F DEBUG :
11-18 14:14:23.134 954 1062 I QMI_FW : QCCI: Received NEW_SERVER cmd for 00001001:000000c0
09-03 17:48:05.806 7072 7072 F DEBUG :
11-18 14:14:23.134 954 1062 I QMI_FW : QCCI: Received NEW_SERVER cmd for 00001001:000000c2
09-03 17:48:05.806 7072 7072 F DEBUG :
11-18 14:14:23.134 954 1062 I QMI_FW : QCCI: Received NEW_SERVER cmd for 00001000:00000008
09-03 17:48:05.806 7072 7072 F DEBUG :
11-18 14:14:23.134 954 1062 I QMI_FW : QCCI: Received NEW_SERVER cmd for 0000000e:00000001
09-03 17:48:05.806 7072 7072 F DEBUG :
11-18 14:14:23.134 954 1062 I QMI_FW : QCCI: Received NEW_SERVER cmd for 00001001:00000000
09-03 17:48:05.806 7072 7072 F DEBUG :
11-18 14:14:23.134 954 1062 I QMI_FW : QCCI: Received NEW_SERVER cmd for 00001001:00000142
09-03 17:48:05.806 7072 7072 F DEBUG :
11-18 14:14:23.134 954 1062 I QMI_FW : QCCI: Received NEW_SERVER cmd for 00001001:00000040
09-03 17:48:05.806 7072 7072 F DEBUG :
11-18 14:14:23.134 954 1062 I QMI_FW : QCCI: Received NEW_SERVER cmd for 00000042:00004c01
09-03 17:48:05.806 7072 7072 F DEBUG :
11-18 14:14:23.134 954 1062 I QMI_FW : QCCI: Received NEW_SERVER cmd for 00000033:00000d01
09-03 17:48:05.806 7072 7072 F DEBUG :
11-18 14:14:23.134 954 1062 I QMI_FW : QCCI: Received NEW_SERVER cmd for 0000002b:00001702
09-03 17:48:05.806 7072 7072 F DEBUG :
11-18 14:14:23.134 954 1062 I QMI_FW : QCCI: Received NEW_SERVER cmd for 00001001:00000101
09-03 17:48:05.806 7072 7072 F DEBUG :
11-18 14:14:23.134 954 1062 I QMI_FW : QCCI: Received NEW_SERVER cmd for 0000000f:00004001
09-03 17:48:05.806 7072 7072 F DEBUG :
11-18 14:14:23.134 954 1062 I QMI_FW : QCCI: Received NEW_SERVER cmd for 00000018:00004301
09-03 17:48:05.806 7072 7072 F DEBUG :
11-18 14:14:23.134 954 1062 I QMI_FW : QCCI: Received NEW_SERVER cmd for 00000000:00000000
09-03 17:48:05.806 7072 7072 F DEBUG :
11-18 14:14:23.314 954 1062 I QMI_FW : QCCI: Received NEW_SERVER cmd for 00000035:00001001
09-03 17:48:05.806 7072 7072 F DEBUG :
11-18 14:14:24.008 954 1062 I QMI_FW : QCCI: Received NEW_SERVER cmd for 00000302:00000001
09-03 17:48:05.806 7072 7072 F DEBUG :
11-18 14:14:24.925 954 1062 I QMI_FW : QCCI: Received NEW_SERVER cmd for 00000042:0000b401
09-03 17:48:05.806 7072 7072 F DEBUG :
11-18 14:14:24.926 954 1062 I QMI_FW : QCCI: Received NEW_SERVER cmd for 0000002b:00001202
09-03 17:48:05.806 7072 7072 F DEBUG :
11-18 14:14:25.026 954 1062 I QMI_FW : QCCI: Received NEW_SERVER cmd for 000000e8:00000001
09-03 17:48:05.806 7072 7072 F DEBUG :
11-18 14:14:25.084 954 1062 I QMI_FW : QCCI: Received NEW_SERVER cmd for 0000000f:00000001
09-03 17:48:05.806 7072 7072 F DEBUG :
11-18 14:14:25.085 954 1062 I QMI_FW : QCCI: Received NEW_SERVER cmd for 00000033:00000201
09-03 17:48:05.806 7072 7072 F DEBUG :
11-18 14:14:25.085 954 1062 I QMI_FW : QCCI: Received NEW_SERVER cmd for 00000015:00000001
09-03 17:48:05.806 7072 7072 F DEBUG :
11-18 14:14:25.085 954 1062 I QMI_FW : QCCI: Received NEW_SERVER cmd for 00000033:00000b01
09-03 17:48:05.806 7072 7072 F DEBUG :
11-18 14:14:25.090 954 1062 I QMI_FW : QCCI: Received NEW_SERVER cmd for 00000018:00000001
09-03 17:48:05.806 7072 7072 F DEBUG :
11-18 14:14:25.095 954 1062 I QMI_FW : QCCI: Received NEW_SERVER cmd for 00000016:00001001
09-03 17:48:05.806 7072 7072 F DEBUG :
11-18 14:14:25.104 954 1062 I QMI_FW : QCCI: Received NEW_SERVER cmd for 00000017:00000001
09-03 17:48:05.806 7072 7072 F DEBUG :
11-18 14:14:25.106 954 1062 I QMI_FW : QCCI: Received NEW_SERVER cmd for 00001001:00000001
09-03 17:48:05.806 7072 7072 F DEBUG :
11-18 14:14:25.107 954 1062 I QMI_FW : QCCI: Received NEW_SERVER cmd for 00000024:00000001
09-03 17:48:05.806 7072 7072 F DEBUG :
11-18 14:14:25.111 954 1062 I QMI_FW : QCCI: Received NEW_SERVER cmd for 00001001:00000003
09-03 17:48:05.806 7072 7072 F DEBUG :
11-18 14:14:25.123 954 1062 I QMI_FW : QCCI: Received NEW_SERVER cmd for 00000031:00000201
09-03 17:48:05.806 7072 7072 F DEBUG :
11-18 14:14:25.241 954 1062 I QMI_FW : QCCI: Received NEW_SERVER cmd for 00000011:00000001
09-03 17:48:05.806 7072 7072 F DEBUG :
11-18 14:14:25.248 954 1062 I QMI_FW : QCCI: Received NEW_SERVER cmd for 00001002:00000000
09-03 17:48:05.806 7072 7072 F DEBUG :
11-18 14:14:25.248 954 1062 I QMI_FW : QCCI: Received NEW_SERVER cmd for 00000022:00000001
09-03 17:48:05.806 7072 7072 F DEBUG : --------- log main
09-03 17:48:05.806 7072 7072 F DEBUG :
11-18 14:14:23.120 954 954 I sensors : sensors_hw_module:140, create sensors sub-hal instance
09-03 17:48:05.806 7072 7072 F DEBUG :
11-18 14:14:23.121 954 954 I sensors-hal: [hal]get_system_config:71, log_level: 2
09-03 17:48:05.806 7072 7072 F DEBUG :
11-18 14:14:23.121 954 954 I sensors-hal: [hal]is_rt_thread_enabled:90, ssc_enable_rt_task : true
09-03 17:48:05.806 7072 7072 F DEBUG :
11-18 14:14:23.121 954 954 I sensors-hal: [hal]sensors_hal:182, initializing sensors_hal
09-03 17:48:05.806 7072 7072 F DEBUG :
11-18 14:14:23.121 954 954 E sensors-hal: [hal]init_sensors:355, void sensors_hal::init_sensors()
09-03 17:48:05.806 7072 7072 F DEBUG :
11-18 14:14:23.121 954 954 E sensors-hal: [factory]read_mandatory_list:85, open fail for sensors_list reading
09-03 17:48:05.806 7072 7072 F DEBUG :
11-18 14:14:23.121 954 954 I sensors-hal: [ssc_utils]get_sns_settings:201, settings 0
09-03 17:48:05.806 7072 7072 F DEBUG :
11-18 14:14:23.121 954 1053 D ASH : Couldn't stat lastlog file: No such file or directory
09-03 17:48:05.806 7072 7072 F DEBUG :
11-18 14:14:23.121 954 1053 D ASH : Couldn't stat log file: No such file or directory
09-03 17:48:05.806 7072 7072 F DEBUG :
11-18 14:14:23.121 954 954 I sensors-hal: [ssc_utils]get_qmi_debug_flag:244, support_qmi_debug : false
09-03 17:48:05.806 7072 7072 F DEBUG :
11-18 14:14:23.129 954 954 I sensors-hal: [factory]is_registry_up:190, Remote SensorService UpTime from hal_service start = 0.007558s
09-03 17:48:05.806 7072 7072 F DEBUG :
11-18 14:14:23.132 954 1055 I sensors-hal: [ssc_utils]handle_ssc_event:91, thread_name= suid_lookup_see
09-03 17:48:05.806 7072 7072 F DEBUG :
11-18 14:14:23.136 954 1053 D ASH : Connected to ASH debug service in 0.014 sec
09-03 17:48:05.806 7072 7072 F DEBUG :
11-18 14:14:23.137 954 1066 W SEE : @ 16.533: publishing sensor 0 attributes, disabled 0
09-03 17:48:05.806 7072 7072 F DEBUG :
11-18 14:14:23.137 954 1066 W SEE : @ 16.534: publishing sensor 1 attributes, disabled 0
09-03 17:48:05.806 7072 7072 F DEBUG :
11-18 14:14:23.137 954 1066 W SEE : @ 16.534: publishing sensor 2 attributes, disabled 0
09-03 17:48:05.806 7072 7072 F DEBUG :
11-18 14:14:23.137 954 1066 D ASH : @ 16.535: GBA: generic_bus_access sensor intialized
09-03 17:48:05.806 7072 7072 F DEBUG :
11-18 14:14:23.137 954 1066 W SEE : @ 16.535: lis2mdl_mag_publish_attributes for 1
09-03 17:48:05.806 7072 7072 F DEBUG :
11-18 14:14:23.137 954 1066 W SEE : @ 16.536: lis2mdl_mag_publish_attributes for 4
09-03 17:48:05.806 7072 7072 F DEBUG :
11-18 14:14:23.137 954 1066 W SEE : @ 16.543: [0] suid not found
09-03 17:48:05.806 7072 7072 F DEBUG :
11-18 14:14:23.137 954 1066 W SEE : @ 16.543: [0] suid not found
09-03 17:48:05.806 7072 7072 F DEBUG :
11-18 14:14:23.137 954 1066 W SEE : @ 16.543: [1] suid not found
09-03 17:48:05.806 7072 7072 F DEBUG :
11-18 14:14:23.137 954 1066 W SEE : @ 16.543: [1] suid not found
09-03 17:48:05.806 7072 7072 F DEBUG :
11-18 14:14:23.137 954 1066 W SEE : @ 16.544: [2] suid not found
09-03 17:48:05.806 7072 7072 F DEBUG :
11-18 14:14:23.137 954 1066 W SEE : @ 16.544: [2] suid not found
09-03 17:48:05.806 7072 7072 F DEBUG :
11-18 14:14:23.137 954 1066 I ASH : @ 16.547: stat: stat_collector online, uimg_buffer_size = 1024B, ring_count = 64
09-03 17:48:05.806 7072 7072 F DEBUG :
11-18 14:14:23.137 954 1066 W ASH : @ 16.547: Unable to find request 0 (client fd 4166)
09-03 17:48:05.806 7072 7072 F DEBUG :
11-18 14:14:23.137 954 1066 E ASH : @ 16.548: Failed to get ASH debug qmi client handle
09-03 17:48:05.806 7072 7072 F DEBUG :
11-18 14:14:23.137 954 1066 D ASH : @ 26.309: Waited 10000 ms for accel (found 0, required 1)
09-03 17:48:05.806 7072 7072 F DEBUG :
11-18 14:14:23.137 954 1066 E VSC : @ 31.328: Can't find SUID for accel
09-03 17:48:05.806 7072 7072 F DEBUG :
11-18 14:14:23.137 954 1066 E VSC : @ 31.328: Can't find SUID for mag
09-03 17:48:05.806 7072 7072 F DEBUG :
11-18 14:14:23.137 954 1066 E VSC : @ 31.328: Can't find SUID for gyro
09-03 17:48:05.806 7072 7072 F DEBUG :
11-18 14:14:23.137 954 1066 E VSC : @ 31.329: Can't find SUID for ambient_light
09-03 17:48:05.806 7072 7072 F DEBUG :
11-18 14:14:23.137 954 1066 E VSC : @ 31.329: Can't find SUID for proximity
09-03 17:48:05.806 7072 7072 F DEBUG :
11-18 14:14:23.137 954 1066 E VSC : @ 31.329: Can't find SUID for motion_detect
09-03 17:48:05.806 7072 7072 F DEBUG :
11-18 14:14:23.137 954 1066 E VSC : @ 31.329: Can't find SUID for touch_gesture
09-03 17:48:05.806 7072 7072 F DEBUG :
11-18 14:14:23.137 954 1066 E VSC : @ 31.330: Can't find SUID for big image accel
09-03 17:48:05.806 7072 7072 F DEBUG :
11-18 14:14:23.137 954 1066 V ASH : @ 33.703: Client connected
09-03 17:48:05.806 7072 7072 F DEBUG :
11-18 14:14:23.137 954 1066 V ASH : @ 33.703: Configuring AP wake: 0
09-03 17:48:05.806 7072 7072 F DEBUG :
11-18 14:14:23.142 954 1066 I ASH : @ 33.707: ASH_CAL_PUSH_SAVED_PARAMS_REQ_V01: initialized 1 pushed 0
09-03 17:48:05.806 7072 7072 F DEBUG :
11-18 14:14:23.142 954 1066 I ASH : @ 33.707: ASH_CAL_PUSH_SAVED_PARAMS_REQ_V01: 0 1 1
09-03 17:48:05.806 7072 7072 F DEBUG :
11-18 14:14:23.949 954 1066 I CHRE : @ 34.516: CHRE init, version: chre=b304cb5a redbull vendor=73e62fbc
09-03 17:48:05.806 7072 7072 F DEBUG :
11-18 14:14:23.950 954 1066 I CHRE : @ 34.516: Starting CHRE thread
09-03 17:48:05.806 7072 7072 F DEBUG :
11-18 14:14:23.950 954 1066 D CHRE : @ 34.517: Started CHRE thread
09-03 17:48:05.806 7072 7072 F DEBUG :
11-18 14:14:23.950 954 1066 W ASH : @ 34.517: Unable to find request 0 (client fd 4171)
09-03 17:48:05.806 7072 7072 F DEBUG :
11-18 14:14:23.955 954 1066 D CHRE : @ 34.522: Load nanoapp request for app ID 0x476f6f676c00100b ver 0x3000c target API 0x01040000 (txnId 0 client 65535)
09-03 17:48:05.806 7072 7072 F DEBUG :
11-18 14:14:23.960 954 1066 D CHRE : @ 34.527: Load nanoapp request for app ID 0x476f6f676c001017 ver 0x8 target API 0x01040000 (txnId 1 client 65535)
09-03 17:48:05.806 7072 7072 F DEBUG :
11-18 14:14:23.964 954 1066 D CHRE : @ 34.532: Load nanoapp request for app ID 0x476f6f676c001018 ver 0x5 target API 0x01040000 (txnId 2 client 65535)
09-03 17:48:05.806 7072 7072 F DEBUG :
11-18 14:14:23.966 954 1066 D CHRE : @ 34.533: Load nanoapp request for app ID 0x476f6f676c001013 ver 0x20000 target API 0x01040000 (txnId 3 client 65535)
09-03 17:48:05.806 7072 7072 F DEBUG :
11-18 14:14:23.968 954 1066 D CHRE : @ 34.535: Load nanoapp request for app ID 0x476f6f676c001020 ver 0x20001 target API 0x01040000 (txnId 4 client 65535)
09-03 17:48:05.806 7072 7072 F DEBUG :
11-18 14:14:23.969 954 1066 D CHRE : @ 34.536: Load nanoapp request for app ID 0x476f6f676c00100d ver 0x12 target API 0x01040000 (txnId 5 client 65535)
09-03 17:48:05.806 7072 7072 F DEBUG :
11-18 14:14:23.971 954 1066 D CHRE : @ 34.538: Load nanoapp request for app ID 0x476f6f676c001010 ver 0x1010001 target API 0x01040000 (txnId 6 client 65535)
09-03 17:48:05.806 7072 7072 F DEBUG :
11-18 14:14:23.973 954 1066 D CHRE : @ 34.540: Load nanoapp request for app ID 0x476f6f676c001004 ver 0x40011 target API 0x01040000 (txnId 7 client 65535)
09-03 17:48:05.806 7072 7072 F DEBUG :
11-18 14:14:23.975 954 1066 W SEE : @ 34.541: readdir failed error=0
09-03 17:48:05.806 7072 7072 F DEBUG :
11-18 14:14:23.975 954 1066 D CHRE : @ 34.542: Load nanoapp request for app ID 0x476f6f676c001011 ver 0x50003 target API 0x01040000 (txnId 8 client 65535)
09-03 17:48:05.806 7072 7072 F DEBUG :
11-18 14:14:23.977 954 1066 D CHRE : @ 34.544: Load nanoapp request for app ID 0x476f6f676c000016 ver 0x1000002 target API 0x01040000 (txnId 9 client 65535)
09-03 17:48:05.806 7072 7072 F DEBUG :
11-18 14:14:23.979 954 1066 D CHRE : @ 34.546: Load nanoapp request for app ID 0x476f6f676c001022 ver 0x1000000 target API 0x01040000 (txnId 10 client 65535)
09-03 17:48:05.806 7072 7072 F DEBUG :
11-18 14:14:23.979 954 1066 D CHRE : @ 34.547: Load nanoapp request for app ID 0x476f6f676c001016 ver 0x2 target API 0x01040000 (txnId 11 client 65535)
09-03 17:48:05.806 7072 7072 F DEBUG :
11-18 14:14:23.980 954 1066 D CHRE : @ 34.547: Load nanoapp request for app ID 0x476f6f676c001012 ver 0x6 target API 0x01040000 (txnId 12 client 65535)
09-03 17:48:05.806 7072 7072 F DEBUG :
11-18 14:14:23.981 954 1066 D CHRE : @ 34.549: Load nanoapp request for app ID 0x476f6f676c001021 ver 0x1000000 target API 0x01040000 (txnId 13 client 65535)
09-03 17:48:05.806 7072 7072 F DEBUG :
11-18 14:14:23.994 954 1066 D CHRE : @ 34.561: Nanoapp list request from client ID 1
09-03 17:48:05.806 7072 7072 F DEBUG :
11-18 14:14:23.994 954 1066 W SEE : @ 34.561: readdir failed error=0
09-03 17:48:05.806 7072 7072 F DEBUG :
11-18 14:14:24.015 954 1066 W SEE : @ 34.582: readdir failed error=0
09-03 17:48:05.806 7072 7072 F DEBUG :
11-18 14:14:24.035 954 1066 W SEE : @ 34.602: readdir failed error=0
09-03 17:48:05.806 7072 7072 F DEBUG :
11-18 14:14:24.056 954 1066 W SEE : @ 34.623: readdir failed error=0
09-03 17:48:05.806 7072 7072 F DEBUG :
11-18 14:14:24.076 954 1066 W SEE : @ 34.643: readdir failed error=0
09-03 17:48:05.806 7072 7072 F DEBUG :
11-18 14:14:24.097 954 1066 W SEE : @ 34.663: readdir failed error=0
09-03 17:48:05.806 7072 7072 F DEBUG :
11-18 14:14:24.117 954 1066 W SEE : @ 34.684: readdir failed error=0
09-03 17:48:05.806 7072 7072 F DEBUG :
11-18 14:14:24.137 954 1066 W SEE : @ 34.704: readdir failed error=0
09-03 17:48:05.806 7072 7072 F DEBUG :
11-18 14:14:24.158 954 1066 W SEE : @ 34.725: readdir failed error=0
09-03 17:48:05.806 7072 7072 F DEBUG :
11-18 14:14:24.367 954 1066 W SEE : @ 34.934: readdir failed error=0
09-03 17:48:05.806 7072 7072 F DEBUG :
11-18 14:14:24.388 954 1066 W SEE : @ 34.955: readdir failed error=0
09-03 17:48:05.806 7072 7072 F DEBUG :
11-18 14:14:24.408 954 1066 W SEE : @ 34.975: readdir failed error=0
09-03 17:48:05.806 7072 7072 F DEBUG :
11-18 14:14:24.428 954 1066 W SEE : @ 34.995: readdir failed error=0
09-03 17:48:05.806 7072 7072 F DEBUG :
11-18 14:14:24.449 954 1066 W SEE : @ 35.015: readdir failed error=0
09-03 17:48:05.806 7072 7072 F DEBUG :
11-18 14:14:24.468 954 1066 W SEE : @ 35.036: readdir failed error=0
09-03 17:48:05.806 7072 7072 F DEBUG :
11-18 14:14:24.489 954 1066 W SEE : @ 35.056: readdir failed error=0
09-03 17:48:05.806 7072 7072 F DEBUG :
11-18 14:14:24.509 954 1066 W SEE : @ 35.077: readdir failed error=0
09-03 17:48:05.806 7072 7072 F DEBUG :
11-18 14:14:24.530 954 1066 W SEE : @ 35.097: readdir failed error=0
09-03 17:48:05.806 7072 7072 F DEBUG :
11-18 14:14:24.550 954 1066 W SEE : @ 35.117: readdir failed error=0
09-03 17:48:05.806 7072 7072 F DEBUG :
11-18 14:14:24.604 954 1066 W SEE : @ 35.171: reg_parser: Config file not applicable, hw_value = 720936
09-03 17:48:05.806 7072 7072 F DEBUG :
11-18 14:14:24.604 954 1066 W SEE : @ 35.171: reg_parser: r3_tcs3701_evt.json not applicable
09-03 17:48:05.806 7072 7072 F DEBUG :
11-18 14:14:24.702 954 1066 W SEE : @ 35.269: reg_parser: Config file not applicable, hw_value = 720936
09-03 17:48:05.806 7072 7072 F DEBUG :
11-18 14:14:24.702 954 1066 W SEE : @ 35.269: reg_parser: r3_lsm6dsr_evt_1_4.json not applicable
09-03 17:48:05.806 7072 7072 F DEBUG :
11-18 14:14:24.706 954 1066 W SEE : @ 35.273: reg_parser: Config file not applicable, hw_value = 720936
09-03 17:48:05.806 7072 7072 F DEBUG :
11-18 14:14:24.706 954 1066 W SEE : @ 35.273: reg_parser: r3_lsm6dsr_proto.json not applicable
09-03 17:48:05.806 7072 7072 F DEBUG :
11-18 14:14:24.737 954 1066 W SEE : @ 35.304: reg_parser: Config file not applicable, hw_value = 720936
09-03 17:48:05.806 7072 7072 F DEBUG :
11-18 14:14:24.737 954 1066 W SEE : @ 35.304: reg_parser: r3_lis2mdl_0_proto.json not applicable
09-03 17:48:05.806 7072 7072 F DEBUG :
11-18 14:14:24.748 954 1066 W SEE : @ 35.316: reg_parser: Config file not applicable, hw_value = 720936
09-03 17:48:05.806 7072 7072 F DEBUG :
11-18 14:14:24.748 954 1066 W SEE : @ 35.316: reg_parser: r3_lis2mdl_0_proto_1_1.json not applicable
09-03 17:48:05.806 7072 7072 F DEBUG :
11-18 14:14:24.797 954 1066 W SEE : @ 35.364: reg_parser: Config file not applicable, hw_value = 720936
09-03 17:48:05.806 7072 7072 F DEBUG :
11-18 14:14:24.797 954 1066 W SEE : @ 35.364: reg_parser: r3_lis2mdl_0_evt.json not applicable
09-03 17:48:05.806 7072 7072 F DEBUG :
11-18 14:14:24.801 954 1066 W SEE : @ 35.368: reg_parser: Config file not applicable, hw_value = 720936
09-03 17:48:05.806 7072 7072 F DEBUG :
11-18 14:14:24.801 954 1066 W SEE : @ 35.368: reg_parser: r3_tcs3701_proto.json not applicable
09-03 17:48:05.806 7072 7072 F DEBUG :
11-18 14:14:24.801 954 1066 W SEE : @ 35.368: readdir failed error=0
09-03 17:48:05.806 7072 7072 F DEBUG :
11-18 14:14:24.821 954 1066 W SEE : @ 35.389: readdir failed error=0
09-03 17:48:05.806 7072 7072 F DEBUG :
11-18 14:14:24.842 954 1066 W SEE : @ 35.409: readdir failed error=0
09-03 17:48:05.806 7072 7072 F DEBUG :
11-18 14:14:24.863 954 1066 W SEE : @ 35.430: readdir failed error=0
09-03 17:48:05.806 7072 7072 F DEBUG :
11-18 14:14:24.883 954 1066 W SEE : @ 35.450: readdir failed error=0
09-03 17:48:05.806 7072 7072 F DEBUG :
11-18 14:14:24.903 954 1066 W SEE : @ 35.470: readdir failed error=0
09-03 17:48:05.806 7072 7072 F DEBUG :
11-18 14:14:24.923 954 1066 W SEE : @ 35.491: readdir failed error=0
09-03 17:48:05.806 7072 7072 F DEBUG :
11-18 14:14:24.944 954 1066 W SEE : @ 35.511: readdir failed error=0
09-03 17:48:05.806 7072 7072 F DEBUG :
11-18 14:14:24.964 954 1066 W SEE : @ 35.531: readdir failed error=0
09-03 17:48:05.806 7072 7072 F DEBUG :
11-18 14:14:24.984 954 1066 W SEE : @ 35.551: readdir failed error=0
09-03 17:48:05.806 7072 7072 F DEBUG :
11-18 14:14:25.013 954 1066 W SEE : @ 35.580: Got an invalid proc type 1
09-03 17:48:05.806 7072 7072 F DEBUG :
11-18 14:14:25.020 954 1066 I ASH : @ 35.587: lis2mdl: is_report_current = 0
09-03 17:48:05.806 7072 7072 F DEBUG :
11-18 14:14:25.021 954 1066 D ASH : @ 35.589: tcs3701: update_rail_vote: 0->1
09-03 17:48:05.806 7072 7072 F DEBUG :
11-18 14:14:25.022 954 1066 D ASH : @ 35.589: tcs3701: start power rail timer, state:1
09-03 17:48:05.806 7072 7072 F DEBUG :
11-18 14:14:25.024 954 1066 I ASH : @ 35.591: touch gesture: tbn_init(): mode 0
09-03 17:48:05.806 7072 7072 F DEBUG :
11-18 14:14:25.024 954 1066 W SEE : @ 35.592: Got a registry read event
09-03 17:48:05.806 7072 7072 F DEBUG :
11-18 14:14:25.032 954 1066 D ASH : @ 35.599: tcs3701: TCS3701_POWER_RAIL_PENDING_INIT
